{"id":1541,"date":"2023-02-27T14:36:03","date_gmt":"2023-02-27T13:36:03","guid":{"rendered":"https:\/\/us.edu.pl\/instytut\/idkm\/?page_id=1541"},"modified":"2023-09-07T09:41:12","modified_gmt":"2023-09-07T07:41:12","slug":"dr-waldemar-sobera","status":"publish","type":"page","link":"https:\/\/us.edu.pl\/instytut\/idkm\/11-2\/pracownicy\/dr-waldemar-sobera\/","title":{"rendered":"Dr Waldemar Sobera"},"content":{"rendered":"<p><\/p>\n<h3 style=\"text-align: center;\">Dr Waldemar Sobera<\/h3>\n<p style=\"text-align: center;\"><img class=\"alignnone wp-image-1543 size-full\" src=\"https:\/\/us.edu.pl\/instytut\/idkm\/wp-content\/uploads\/sites\/30\/Bez-kategorii\/waldemar_sobera.jpg\" alt=\"\" width=\"640\" height=\"640\" srcset=\"https:\/\/us.edu.pl\/instytut\/idkm\/wp-content\/uploads\/sites\/30\/Bez-kategorii\/waldemar_sobera.jpg 640w, https:\/\/us.edu.pl\/instytut\/idkm\/wp-content\/uploads\/sites\/30\/Bez-kategorii\/waldemar_sobera-300x300.jpg 300w, https:\/\/us.edu.pl\/instytut\/idkm\/wp-content\/uploads\/sites\/30\/Bez-kategorii\/waldemar_sobera-400x400.jpg 400w, https:\/\/us.edu.pl\/instytut\/idkm\/wp-content\/uploads\/sites\/30\/Bez-kategorii\/waldemar_sobera-575x575.jpg 575w\" sizes=\"(max-width: 640px) 100vw, 640px\" \/><\/p>\n<p style=\"padding-left: 40px;\"><span style=\"font-size: 14pt;\">Adres mailowy<\/span><br \/>\n<strong><a href=\"mailto:waldemar.sobera@us.edu.pl\"><span style=\"font-size: 14pt;\">waldemar.sobera@us.edu.pl<\/span><\/a><\/strong><br \/>\n<span style=\"font-size: 14pt;\">ORCID<\/span><br \/>\n<strong><a href=\"https:\/\/orcid.org\/0000-0003-0443-5653\"><span style=\"font-size: 14pt;\">https:\/\/orcid.org\/0000-0003-0443-5653<\/span><\/a><\/strong><br \/>\n<span style=\"font-size: 14pt;\">Research Gate<\/span><br \/>\n<strong><a href=\"https:\/\/www.researchgate.net\/profile\/Waldemar-Sobera\"><span style=\"font-size: 14pt;\">https:\/\/www.researchgate.net\/profile\/Waldemar-Sobera<\/span><\/a><\/strong><br \/>\n<span style=\"font-size: 14pt;\">Google Scholar<\/span><br \/>\n<strong><a href=\"https:\/\/scholar.google.com\/citations?hl=pl&amp;user=BvgCRd4AAAAJ\"><span style=\"font-size: 14pt;\">https:\/\/scholar.google.com\/citations?hl=pl&amp;user=BvgCRd4AAAAJ<\/span><\/a><\/strong><br \/>\n<span style=\"font-size: 14pt;\">Academia.edu<\/span><br \/>\n<strong><a href=\"https:\/\/silesian.academia.edu\/WaldemarSobera\"><span style=\"font-size: 14pt;\">https:\/\/silesian.academia.edu\/WaldemarSobera<\/span><\/a><\/strong><\/p>\n<p style=\"padding-left: 40px;\"><strong><span style=\"font-size: 14pt;\">Obszar zainteresowa\u0144 badawczych<\/span><\/strong><\/p>\n<ul>\n<li><span style=\"font-size: 14pt;\">Komunikowanie kryzysowe<\/span><\/li>\n<li><span style=\"font-size: 14pt;\">Komunikowanie polityczne<\/span><\/li>\n<li><span style=\"font-size: 14pt;\">Zarz\u0105dzanie kryzysowe<\/span><\/li>\n<li><span style=\"font-size: 14pt;\">Public relations<\/span><\/li>\n<li><span style=\"font-size: 14pt;\">Bezpiecze\u0144stwo wewn\u0119trzne<\/span><\/li>\n<\/ul>\n<p style=\"padding-left: 40px;\"><strong><span style=\"font-size: 14pt;\">Wybrane publikacje<\/span><\/strong><\/p>\n<p style=\"padding-left: 40px;\"><span style=\"font-size: 14pt;\">Sobera, W. (2023). Profesjonalizacja komunikowania w sytuacji kryzysowej. Perspektywa wojew\u00f3dztwa dolno\u015bl\u0105skiego w latach 1997-2018. Wydawnictwo Uniwersytetu \u015al\u0105skiego \u2013 <a href=\"https:\/\/wydawnictwo.us.edu.pl\/node\/27323\">https:\/\/wydawnictwo.us.edu.pl\/node\/27323<\/a><\/span><\/p>\n<p style=\"padding-left: 40px;\"><span style=\"font-size: 14pt;\">Sobera, W. (2022). Komunikowanie rz\u0105dowe w Polsce w pierwszym roku pandemii koronawirusa \u2013 wybrane aspekty. \u201eAnnales Universitatis Mariae Curie -\u2013 Sk\u0142odowska Sectio K\u201d, Vol. XXIX (1), s. 105-123.<br \/>\n<a href=\"https:\/\/journals.umcs.pl\/k\/article\/view\/13085\">https:\/\/journals.umcs.pl\/k\/article\/view\/13085<\/a><br \/>\n<\/span><\/p>\n<p style=\"padding-left: 40px;\"><span style=\"font-size: 14pt;\">Sobera, W. (2022). Sensacja czy realizm? Etyka komunikowania na przyk\u0142adzie wojny w Ukrainie. \u201eHoryzonty Polityki\u201d, 13 (44), s. 187\u2013201. <a href=\"https:\/\/doi.org\/10.35765\/HP.2280\">https:\/\/doi.org\/10.35765\/HP.2280<\/a>.<\/span><\/p>\n<p style=\"padding-left: 40px;\"><span style=\"font-size: 14pt;\">Sobera, W. (2022). Wykorzystanie mechanizmu newsjacking w real-time marketingu \u2013 plebiscyt \u201eM\u0142odzie\u017cowe S\u0142owo Roku\u201d. \u201eStudia Medioznawcze\u201d, 23 (4), s. 1342\u20131356. <a href=\"https:\/\/doi.org\/10.33077\/uw.24511617.sm.2022.4.713\">https:\/\/doi.org\/10.33077\/uw.24511617.sm.2022.4.713<\/a>.<\/span><\/p>\n<p style=\"padding-left: 40px;\"><span style=\"font-size: 14pt;\">Smolak, R., Sobera, W. (2018). Komunikowanie o zagro\u017ceniach terrorystycznych w Wielkiej Brytanii, Niemczech, Polsce i Rosji w wybranych dziennikach opinii. Nag\u0142o\u015bnienie atak\u00f3w w Pary\u017cu. Studia Medioznawcze, 1(72). Link: <a href=\"https:\/\/studiamedioznawcze.pl\/Numery\/2018_1_72\/sobera.pdf\" class=\"mtli_attachment mtli_pdf\">https:\/\/studiamedioznawcze.pl\/Numery\/2018_1_72\/sobera.pdf<\/a><\/span><\/p>\n<p style=\"padding-left: 40px;\"><span style=\"font-size: 14pt;\">Dobek \u2013 Ostrowska, B., Sobera, W. (red.) (2017). Badania ilo\u015bciowe i jako\u015bciowe w studiach nad komunikowaniem. Wroc\u0142aw: Wydawnictwo Uniwersytetu Wroc\u0142awskiego. ISBN: 978-83-229-3561-3<\/span><\/p>\n<p style=\"padding-left: 40px;\"><span style=\"font-size: 14pt;\">Sobera, W. (2016). Problem wielofunkcyjno\u015bci w zawodzie dziennikarskim. [w:] Zmiana w dziennikarstwie. Kultura dziennikarska w Polsce, Rosji i Szwecji. Analiza por\u00f3wnawcza. B. Dobek-Ostrowska, P. Barczyszyn (red.), Wroc\u0142aw: Wydawnictwo Uniwersytetu Wroc\u0142awskiego.<\/span><\/p>\n<p style=\"padding-left: 40px;\"><span style=\"font-size: 14pt;\">Sobera, W. (2016). Wizerunek organ\u00f3w administracji publicznej w sytuacjach kryzysowych. [W:] Komunikowanie o bezpiecze\u0144stwie. Medialny obraz zagro\u017ce\u0144. W. \u015awierczy\u0144ska \u2013 G\u0142ownia, T. S\u0142awi\u0144ska, M. Hodalska (red.). Krak\u00f3w: Wydawnictwo Uniwersytetu Jagiello\u0144skiego.<\/span><\/p>\n<p style=\"padding-left: 40px;\"><span style=\"font-size: 14pt;\">Smolak, R., Sobera, W. (2016). Communicating about the asymmetrical threats. The coverage of the terrorist attacks in Belgium by the online media in Poland. [w:] New media in popuworld \u2013 tools, threats and social phenomena. A.<\/span><span style=\"font-size: 14pt;\">W\u0119gli\u0144ska, B. W\u0119gli\u0144ski (red.). Wroc\u0142aw: Oficyna Wydawnicza ATUT<\/span><span style=\"font-size: 14pt;\">Sobera, W. (2015). Strategia Bezpiecze\u0144stwa Narodowego jako element polityki pa\u0144stwa, \u201eRocznik Europeistyczny\u201d, Tom 1, Wroc\u0142aw: Wydawnictwo Uniwersytetu Wroc\u0142awskiego. <\/span><br \/>\n<span style=\"font-size: 14pt;\">Link: <a href=\"https:\/\/wuwr.pl\/rewr\/article\/view\/11225\/10135\">https:\/\/wuwr.pl\/rewr\/article\/view\/11225\/10135<\/a><\/span><\/p>\n<p style=\"text-align: center;\">\n<p style=\"text-align: center;\"><img class=\"aligncenter wp-image-1624 size-full\" src=\"https:\/\/us.edu.pl\/instytut\/idkm\/wp-content\/uploads\/sites\/30\/Bez-kategorii\/17-sobera-01.jpg\" alt=\"\" width=\"400\" height=\"586\" srcset=\"https:\/\/us.edu.pl\/instytut\/idkm\/wp-content\/uploads\/sites\/30\/Bez-kategorii\/17-sobera-01.jpg 400w, https:\/\/us.edu.pl\/instytut\/idkm\/wp-content\/uploads\/sites\/30\/Bez-kategorii\/17-sobera-01-205x300.jpg 205w, https:\/\/us.edu.pl\/instytut\/idkm\/wp-content\/uploads\/sites\/30\/Bez-kategorii\/17-sobera-01-392x575.jpg 392w\" sizes=\"(max-width: 400px) 100vw, 400px\" \/><\/p>\n<p style=\"text-align: center;\">\n<p style=\"padding-left: 40px;\"><strong><span style=\"font-size: 14pt;\">Projekty badawcze<\/span><\/strong><\/p>\n<p style=\"padding-left: 40px;\"><span style=\"font-size: 14pt;\">2019 \u201cDiscovery Networks Inc. Project on Polish News, wykonawca, Uniwersytet Jerzego Waszyngtona w USA<\/span><\/p>\n<p style=\"padding-left: 40px;\"><span style=\"font-size: 14pt;\">2017-2018 \u201cTVN News Practices Assessment\u201d, wykonawca, Uniwersytet Jerzego Waszyngtona, USA<\/span><\/p>\n<p style=\"padding-left: 40px;\"><span style=\"font-size: 14pt;\">2015-2016 \u201cImplications of Social Media Use\u201d, wykonawca, IBM GSDC i Uniwersytet Ekonomiczny we Wroc\u0142awiu<\/span><\/p>\n<p style=\"padding-left: 40px;\"><span style=\"font-size: 14pt;\">2012-2014 \u201cJournalism in Change \u2013 Professional Journalistic Culture in Poland, Russia and Sweden\u201d, wykonawca, S\u00f6dert\u00f6rn University (Szwecja), Uniwersytet Wroc\u0142awski (Polska), Moskiewski Uniwersytet Pa\u0144stwowy im. M. W. \u0141omonosowa (Federacja Rosyjska)<\/span><\/p>\n<p><\/p>","protected":false},"excerpt":{"rendered":"<p>Dr Waldemar Sobera Adres mailowy waldemar.sobera@us.edu.pl ORCID https:\/\/orcid.org\/0000-0003-0443-5653 Research Gate https:\/\/www.researchgate.net\/profile\/Waldemar-Sobera Google Scholar https:\/\/scholar.google.com\/citations?hl=pl&amp;user=BvgCRd4AAAAJ Academia.edu https:\/\/silesian.academia.edu\/WaldemarSobera Obszar zainteresowa\u0144 badawczych Komunikowanie kryzysowe Komunikowanie polityczne Zarz\u0105dzanie kryzysowe Public relations Bezpiecze\u0144stwo wewn\u0119trzne Wybrane publikacje Sobera, W. (2023). Profesjonalizacja komunikowania w sytuacji kryzysowej. Perspektywa wojew\u00f3dztwa dolno\u015bl\u0105skiego w latach 1997-2018. Wydawnictwo Uniwersytetu \u015al\u0105skiego \u2013 https:\/\/wydawnictwo.us.edu.pl\/node\/27323 Sobera, W. (2022). Komunikowanie rz\u0105dowe [&#8230;]<\/p>\n<p><a class=\"btn btn-secondary understrap-read-more-link\" href=\"https:\/\/us.edu.pl\/instytut\/idkm\/11-2\/pracownicy\/dr-waldemar-sobera\/\">Read More&#8230;<\/a><\/p>\n","protected":false},"author":202,"featured_media":1543,"parent":150,"menu_order":0,"comment_status":"closed","ping_status":"closed","template":"","meta":{"_expiration-date-status":"","_expiration-date":0,"_expiration-date-type":"","_expiration-date-categories":[],"_expiration-date-options":[]},"acf":[],"_links":{"self":[{"href":"https:\/\/us.edu.pl\/instytut\/idkm\/wp-json\/wp\/v2\/pages\/1541"}],"collection":[{"href":"https:\/\/us.edu.pl\/instytut\/idkm\/wp-json\/wp\/v2\/pages"}],"about":[{"href":"https:\/\/us.edu.pl\/instytut\/idkm\/wp-json\/wp\/v2\/types\/page"}],"author":[{"embeddable":true,"href":"https:\/\/us.edu.pl\/instytut\/idkm\/wp-json\/wp\/v2\/users\/202"}],"replies":[{"embeddable":true,"href":"https:\/\/us.edu.pl\/instytut\/idkm\/wp-json\/wp\/v2\/comments?post=1541"}],"version-history":[{"count":6,"href":"https:\/\/us.edu.pl\/instytut\/idkm\/wp-json\/wp\/v2\/pages\/1541\/revisions"}],"predecessor-version":[{"id":1626,"href":"https:\/\/us.edu.pl\/instytut\/idkm\/wp-json\/wp\/v2\/pages\/1541\/revisions\/1626"}],"up":[{"embeddable":true,"href":"https:\/\/us.edu.pl\/instytut\/idkm\/wp-json\/wp\/v2\/pages\/150"}],"wp:featuredmedia":[{"embeddable":true,"href":"https:\/\/us.edu.pl\/instytut\/idkm\/wp-json\/wp\/v2\/media\/1543"}],"wp:attachment":[{"href":"https:\/\/us.edu.pl\/instytut\/idkm\/wp-json\/wp\/v2\/media?parent=1541"}],"curies":[{"name":"wp","href":"https:\/\/api.w.org\/{rel}","templated":true}]}}