{"id":1790,"date":"2023-12-05T19:52:26","date_gmt":"2023-12-05T18:52:26","guid":{"rendered":"https:\/\/us.edu.pl\/instytut\/idkm\/?page_id=1790"},"modified":"2025-12-05T15:56:24","modified_gmt":"2025-12-05T14:56:24","slug":"informacje-o-olimpiadzie-i-komunikaty-biezace","status":"publish","type":"page","link":"https:\/\/us.edu.pl\/instytut\/idkm\/informacje-o-olimpiadzie-i-komunikaty-biezace\/","title":{"rendered":"Informacje o Olimpiadzie: wyniki i komunikaty"},"content":{"rendered":"<p><\/p>\n<p style=\"padding-left: 40px;\"><span style=\"font-size: 14pt;\">Znamy ju\u017c Laureatki i Laureat\u00f3w okr\u0119gowego, \u015bl\u0105skiego, fina\u0142u Olimpiady Wiedzy o Mediach. W dzisiejszych zmaganiach, na Wydziale Nauk Spo\u0142ecznych Uniwersytetu \u015al\u0105skiego, 36 uczestniczek i uczestnik\u00f3w rozwi\u0105zywa\u0142o test przygotowany przez zesp\u00f3\u0142 z Uniwersytetu Warszawskiego. Do fina\u0142u centralnego zakwalifikowa\u0142a si\u0119 dziesi\u0105tka najlepszych:<\/span><\/p>\n<p style=\"padding-left: 40px;\"><span style=\"font-size: 14pt;\">\u2022 <strong>Hanna Matlik<\/strong> (Zesp\u00f3\u0142 Szk\u00f3\u0142 nr 1 im. A. Mickiewicza w Lubli\u0144cu) \u2013 30 pkt.<\/span><br \/>\n<span style=\"font-size: 14pt;\">\u2022 <strong>Micha\u0142 Konopka<\/strong> (IV LO im. S. Staszica w Sosnowcu) \u2013 30 pkt.<\/span><br \/>\n<span style=\"font-size: 14pt;\">\u2022 <strong>Natalia Franecka<\/strong> (I LO im. L. Kruczkowskiego w Tychach) \u2013 29 pkt.<\/span><br \/>\n<span style=\"font-size: 14pt;\">\u2022 <strong>Otylia Ziarnik<\/strong> (I LO im. 14 Pu\u0142ku Powsta\u0144c\u00f3w \u015al\u0105skich w Wodzis\u0142awiu \u015al\u0105skim) \u2013 27 pkt.<\/span><br \/>\n<span style=\"font-size: 14pt;\">\u2022 <strong>Arkadiusz Lejawa<\/strong> (I LO im. M. Kopernika w \u017bywcu) \u2013 27 pkt.<\/span><br \/>\n<span style=\"font-size: 14pt;\">\u2022 <strong>Julia Olsza\u0144ska<\/strong> (II LO im. W. Wr\u00f3blewskiego w Gliwicach) \u2013 26 pkt.<\/span><br \/>\n<span style=\"font-size: 14pt;\">\u2022<strong> Barbara Tyra\u0142a<\/strong> (I LO im. J. S\u0142owackiego w Cz\u0119stochowie) \u2013 25 pkt.<\/span><br \/>\n<span style=\"font-size: 14pt;\">\u2022<strong> Piotr Wyrazik<\/strong> (V LO im. A. Mickiewicza w Cz\u0119stochowie) \u2013 25 pkt.<\/span><br \/>\n<span style=\"font-size: 14pt;\">\u2022<strong> Julia Fo\u0142da<\/strong> (III LO im. A. Mickiewicza w Katowicach) \u2013 25 pkt.<\/span><br \/>\n<span style=\"font-size: 14pt;\">\u2022 <strong>Zofia Stolpa<\/strong> (IV LO im. S. Staszica w Sosnowcu) \u2013 25 pkt.<\/span><\/p>\n<p style=\"padding-left: 40px;\"><span style=\"font-size: 14pt;\">Gratulujemy Laureatkom i Laureatom! \u017byczymy sukces\u00f3w podczas fina\u0142u og\u00f3lnopolskiego.<\/span><\/p>\n<p style=\"padding-left: 40px;\"><strong><span style=\"font-size: 14pt;\">mgr Micha\u0142 Rams-\u0141ugowski<\/span><\/strong><br \/>\n<span style=\"font-size: 14pt;\">Sekretarz Komitetu Okr\u0119gowego<\/span><\/p>\n<p style=\"text-align: center;\"><img class=\"aligncenter wp-image-3060 size-large\" src=\"https:\/\/us.edu.pl\/instytut\/idkm\/wp-content\/uploads\/sites\/30\/Bez-kategorii\/zzzzzzzzzzzjkhkzzzzzz4-4-1024x768.jpg\" alt=\"\" width=\"640\" height=\"480\" srcset=\"https:\/\/us.edu.pl\/instytut\/idkm\/wp-content\/uploads\/sites\/30\/Bez-kategorii\/zzzzzzzzzzzjkhkzzzzzz4-4-1024x768.jpg 1024w, https:\/\/us.edu.pl\/instytut\/idkm\/wp-content\/uploads\/sites\/30\/Bez-kategorii\/zzzzzzzzzzzjkhkzzzzzz4-4-300x225.jpg 300w, https:\/\/us.edu.pl\/instytut\/idkm\/wp-content\/uploads\/sites\/30\/Bez-kategorii\/zzzzzzzzzzzjkhkzzzzzz4-4-768x576.jpg 768w, https:\/\/us.edu.pl\/instytut\/idkm\/wp-content\/uploads\/sites\/30\/Bez-kategorii\/zzzzzzzzzzzjkhkzzzzzz4-4-1536x1152.jpg 1536w, https:\/\/us.edu.pl\/instytut\/idkm\/wp-content\/uploads\/sites\/30\/Bez-kategorii\/zzzzzzzzzzzjkhkzzzzzz4-4-575x431.jpg 575w, https:\/\/us.edu.pl\/instytut\/idkm\/wp-content\/uploads\/sites\/30\/Bez-kategorii\/zzzzzzzzzzzjkhkzzzzzz4-4.jpg 2048w\" sizes=\"(max-width: 640px) 100vw, 640px\" \/><\/p>\n<p>&nbsp;<\/p>\n<hr \/>\n<h3 style=\"padding-left: 40px;\"><span style=\"font-size: 14pt;\"><br \/>\nPrzedstawiamy wyniki I etapu Olimpiady Wiedzy o Mediach w wojew\u00f3dztwie \u015bl\u0105skim \u2013 edycja 2025.<\/span><\/h3>\n<p style=\"padding-left: 40px;\"><span style=\"font-size: 14pt;\">W wojew\u00f3dztwie \u015bl\u0105skim, do etapu okr\u0119gowego zakwalifikowa\u0142o si\u0119 36 uczennic i uczni\u00f3w szk\u00f3\u0142 \u015brednich. Gratulujemy m\u0142odzie\u017cy i opiekunom merytorycznym.<\/span><br \/>\n<span style=\"font-size: 14pt;\">Lista uczni\u00f3w zakwalifikowanych do \u015bl\u0105skiego etapu regionalnego Olimpiady Wiedzy o Mediach:<\/span><\/p>\n<p style=\"padding-left: 40px;\"><span style=\"font-size: 14pt;\">III LO im. S. \u017beromskiego w Bielsku-Bia\u0142ej<\/span><br \/>\n<span style=\"font-size: 14pt;\"><strong>Malwina Konieczna<\/strong><\/span><br \/>\n<span style=\"font-size: 14pt;\"><strong>Natalia Gawlas<br \/>\nBarbara Wolna<\/strong><\/span><\/p>\n<p style=\"padding-left: 40px;\"><span style=\"font-size: 14pt;\">I LO im. J. S\u0142owackiego w Cz\u0119stochowie<\/span><br \/>\n<span style=\"font-size: 14pt;\"><strong>Barbara Tyra\u0142a<\/strong><\/span><\/p>\n<p style=\"padding-left: 40px;\"><span style=\"font-size: 14pt;\">V LO im. A. Mickiewicza w Cz\u0119stochowie<\/span><br \/>\n<span style=\"font-size: 14pt;\"><strong>Anna Ma\u0142ek<\/strong><\/span><br \/>\n<span style=\"font-size: 14pt;\"><strong>Oliwia Jo\u0144czyk<\/strong><\/span><br \/>\n<span style=\"font-size: 14pt;\"><strong>Justyna Cyran<\/strong><\/span><br \/>\n<span style=\"font-size: 14pt;\"><strong>Wiktoria Wojtasik<\/strong><\/span><br \/>\n<span style=\"font-size: 14pt;\"><strong>Piotr Wyrazik<\/strong><\/span><\/p>\n<p style=\"padding-left: 40px;\"><span style=\"font-size: 14pt;\">VIII LO Samorz\u0105dowe im. gen. J. Sowi\u0144skiego w Cz\u0119stochowie<\/span><br \/>\n<span style=\"font-size: 14pt;\"><strong>Amelia Bagi\u0144ska<br \/>\n<\/strong><\/span><br \/>\n<span style=\"font-size: 14pt;\">Zesp\u00f3\u0142 Szk\u00f3\u0142 im. gen. W. Andersa w Cz\u0119stochowie<\/span><br \/>\n<span style=\"font-size: 14pt;\"><strong>Oleksandra Derkach<\/strong><\/span><\/p>\n<p style=\"padding-left: 40px;\"><span style=\"font-size: 14pt;\">I LO Dwuj\u0119zyczne im. E. Dembowskiego w Gliwicach<\/span><br \/>\n<span style=\"font-size: 14pt;\"><strong>Maja Ekiert<\/strong><\/span><\/p>\n<p style=\"padding-left: 40px;\"><span style=\"font-size: 14pt;\">II LO im. W. Wr\u00f3blewskiego w Gliwicach<\/span><br \/>\n<span style=\"font-size: 14pt;\"><strong>Julia Olsza\u0144ska<\/strong><\/span><br \/>\n<span style=\"font-size: 14pt;\"><strong>Nadia Ko\u017aba<\/strong><\/span><\/p>\n<p style=\"padding-left: 40px;\"><span style=\"font-size: 14pt;\">VII LO w Gliwicach w ZSO nr 4 im. Piast\u00f3w \u015al\u0105skich w Gliwicach<\/span><br \/>\n<span style=\"font-size: 14pt;\"><strong>Maria Ha\u0142at<\/strong><\/span><\/p>\n<p style=\"padding-left: 40px;\"><span style=\"font-size: 14pt;\">II LO im. M. Konopnickiej w Katowicach<\/span><br \/>\n<span style=\"font-size: 14pt;\"><strong>Micha\u0142 Filipkiewicz<\/strong><\/span><br \/>\n<span style=\"font-size: 14pt;\"><strong>Monika Biega\u0144ska<\/strong><\/span><br \/>\n<span style=\"font-size: 14pt;\"><strong>Grzegorz Gzik<\/strong><\/span><\/p>\n<p style=\"padding-left: 40px;\"><span style=\"font-size: 14pt;\">III LO im. A. Mickiewicza w Katowicach<\/span><br \/>\n<span style=\"font-size: 14pt;\"><strong>Julia Fo\u0142da<\/strong><\/span><br \/>\n<span style=\"font-size: 14pt;\"><strong>Jakub Lipowicz<\/strong><\/span><\/p>\n<p style=\"padding-left: 40px;\"><span style=\"font-size: 14pt;\">Zesp\u00f3\u0142 Szk\u00f3\u0142 nr 1 im. A. Mickiewicza w Lubli\u0144cu<\/span><br \/>\n<span style=\"font-size: 14pt;\"><strong>Nikola Neliszer<\/strong><\/span><br \/>\n<span style=\"font-size: 14pt;\"><strong>Hanna Matlik<\/strong><\/span><br \/>\n<span style=\"font-size: 14pt;\"><strong>B\u0142a\u017cej Dylla<\/strong><\/span><\/p>\n<p style=\"padding-left: 40px;\"><span style=\"font-size: 14pt;\">IV LO im. S. Staszica w Sosnowcu<\/span><br \/>\n<span style=\"font-size: 14pt;\"><strong>Iwo Jurkiewicz<\/strong><\/span><br \/>\n<span style=\"font-size: 14pt;\"><strong>Micha\u0142 Konopka<\/strong><\/span><br \/>\n<span style=\"font-size: 14pt;\"><strong>Zofia Stolpa<\/strong><\/span><br \/>\n<span style=\"font-size: 14pt;\"><strong>Kuba Kotelski<\/strong><\/span><br \/>\n<span style=\"font-size: 14pt;\"><strong>Zuzanna Kita<\/strong><\/span><br \/>\n<span style=\"font-size: 14pt;\"><strong>Joanna Ro\u017cek<\/strong><\/span><\/p>\n<p style=\"padding-left: 40px;\"><span style=\"font-size: 14pt;\">I LO im. L. Kruczkowskiego w Tychach<\/span><br \/>\n<span style=\"font-size: 14pt;\"><strong>Natalia Franecka<\/strong><\/span><\/p>\n<p style=\"padding-left: 40px;\"><span style=\"font-size: 14pt;\">I LO im. 14 Pu\u0142ku Powsta\u0144c\u00f3w \u015al\u0105skich w Wodzis\u0142awiu \u015al\u0105skim<\/span><br \/>\n<span style=\"font-size: 14pt;\"><strong>Hanna Pil\u015bniak<\/strong><\/span><br \/>\n<span style=\"font-size: 14pt;\"><strong>Otylia Ziarnik<\/strong><\/span><\/p>\n<p style=\"padding-left: 40px;\"><span style=\"font-size: 14pt;\">II LO im. Heleny Malczewskiej w Zawierciu<\/span><br \/>\n<span style=\"font-size: 14pt;\"><strong>Elena Lusini<\/strong><\/span><\/p>\n<p style=\"padding-left: 40px;\"><span style=\"font-size: 14pt;\">I LO im. M. Kopernika w \u017bywcu<\/span><br \/>\n<span style=\"font-size: 14pt;\"><strong>Aleksandra Detko<\/strong><\/span><br \/>\n<span style=\"font-size: 14pt;\"><strong>Arkadiusz Lejawa<br \/>\n<\/strong><\/span><br \/>\n<span style=\"font-size: 14pt;\">Niepubliczne LO Cogito w \u017bywcu<\/span><br \/>\n<span style=\"font-size: 14pt;\"><strong>Miko\u0142aj Frycz<\/strong><\/span><\/p>\n<h1 class=\"html-h1 xdj266r x14z9mp xat24cr x1lziwak xexx8yu xyri2b x18d9i69 x1c1uobl x1vvkbs x1heor9g x1qlqyl8 x1pd3egz x1a2a7pz\" style=\"padding-left: 80px;\"><span style=\"font-size: 14pt;\">Sekretarz okr\u0119gowego komitetu mgr Micha\u0142 Rams-\u0141ugowski\u00a0<\/span><\/h1>\n<p style=\"padding-left: 40px;\"><strong>\u00a0<\/strong><\/p>\n<p style=\"padding-left: 80px;\"><span style=\"font-size: 14pt;\">\u00a0<\/span><\/p>\n<p><\/p>","protected":false},"excerpt":{"rendered":"<p>Znamy ju\u017c Laureatki i Laureat\u00f3w okr\u0119gowego, \u015bl\u0105skiego, fina\u0142u Olimpiady Wiedzy o Mediach. W dzisiejszych zmaganiach, na Wydziale Nauk Spo\u0142ecznych Uniwersytetu \u015al\u0105skiego, 36 uczestniczek i uczestnik\u00f3w rozwi\u0105zywa\u0142o test przygotowany przez zesp\u00f3\u0142 z Uniwersytetu Warszawskiego. Do fina\u0142u centralnego zakwalifikowa\u0142a si\u0119 dziesi\u0105tka najlepszych: \u2022 Hanna Matlik (Zesp\u00f3\u0142 Szk\u00f3\u0142 nr 1 im. A. Mickiewicza w Lubli\u0144cu) \u2013 30 pkt. [&#8230;]<\/p>\n<p><a class=\"btn btn-secondary understrap-read-more-link\" href=\"https:\/\/us.edu.pl\/instytut\/idkm\/informacje-o-olimpiadzie-i-komunikaty-biezace\/\">Read More&#8230;<\/a><\/p>\n","protected":false},"author":202,"featured_media":3022,"parent":0,"menu_order":0,"comment_status":"closed","ping_status":"closed","template":"","meta":{"_expiration-date-status":"","_expiration-date":0,"_expiration-date-type":"","_expiration-date-categories":[],"_expiration-date-options":[]},"acf":[],"_links":{"self":[{"href":"https:\/\/us.edu.pl\/instytut\/idkm\/wp-json\/wp\/v2\/pages\/1790"}],"collection":[{"href":"https:\/\/us.edu.pl\/instytut\/idkm\/wp-json\/wp\/v2\/pages"}],"about":[{"href":"https:\/\/us.edu.pl\/instytut\/idkm\/wp-json\/wp\/v2\/types\/page"}],"author":[{"embeddable":true,"href":"https:\/\/us.edu.pl\/instytut\/idkm\/wp-json\/wp\/v2\/users\/202"}],"replies":[{"embeddable":true,"href":"https:\/\/us.edu.pl\/instytut\/idkm\/wp-json\/wp\/v2\/comments?post=1790"}],"version-history":[{"count":10,"href":"https:\/\/us.edu.pl\/instytut\/idkm\/wp-json\/wp\/v2\/pages\/1790\/revisions"}],"predecessor-version":[{"id":3061,"href":"https:\/\/us.edu.pl\/instytut\/idkm\/wp-json\/wp\/v2\/pages\/1790\/revisions\/3061"}],"wp:featuredmedia":[{"embeddable":true,"href":"https:\/\/us.edu.pl\/instytut\/idkm\/wp-json\/wp\/v2\/media\/3022"}],"wp:attachment":[{"href":"https:\/\/us.edu.pl\/instytut\/idkm\/wp-json\/wp\/v2\/media?parent=1790"}],"curies":[{"name":"wp","href":"https:\/\/api.w.org\/{rel}","templated":true}]}}