{"id":1818,"date":"2024-01-03T11:24:23","date_gmt":"2024-01-03T10:24:23","guid":{"rendered":"https:\/\/us.edu.pl\/instytut\/idkm\/?page_id=1818"},"modified":"2024-01-03T11:32:47","modified_gmt":"2024-01-03T10:32:47","slug":"miedzynarodowa-konferencja-digital-media-democracy-and-civil-society-in-central-and-eastern-europe-8-i-9-stycznia-2024-r-katowice-program","status":"publish","type":"page","link":"https:\/\/us.edu.pl\/instytut\/idkm\/miedzynarodowa-konferencja-digital-media-democracy-and-civil-society-in-central-and-eastern-europe-8-i-9-stycznia-2024-r-katowice-program\/","title":{"rendered":"Mi\u0119dzynarodowa konferencja: Digital Media, Democracy and Civil Society in Central and Eastern Europe &#8211; 8 i 9 stycznia 2024 r. Katowice &#8211; program"},"content":{"rendered":"<p><\/p>\n<p style=\"padding-left: 40px;\"><span style=\"font-size: 14pt;\">Zapraszamy do udzia\u0142u w mi\u0119dzynarodowej konferencji medioznawczej organizowanej przez Instytut Dziennikarstwa i Komunikacji Medialnej U\u015a wraz z partnerami z Audencia Business School, Projektem Threatpie (Norface) Horizon 2020 i Uniwersytetem Adama Mickiewicza w Poznaniu oraz European New School of Digital European University Viadrina Frankfurt (Oder). Wydarzenie odbywa si\u0119 si\u0119 8 i 9 stycznia 2024 r. w Katowicach.<\/span><\/p>\n<h3 style=\"text-align: center;\"><a href=\"https:\/\/us.edu.pl\/instytut\/idkm\/wp-content\/uploads\/sites\/30\/Bez-kategorii\/Program_Digital-Media..pdf\" class=\"mtli_attachment mtli_pdf\" data-mtli=\"mtli_filesize934,16kB\">PROGRAM KONFERENCJI W FORMACIE PDF<\/a><\/p>\n<p><img class=\"alignnone wp-image-1824 size-full\" src=\"https:\/\/us.edu.pl\/instytut\/idkm\/wp-content\/uploads\/sites\/30\/Bez-kategorii\/konferencja_01-24-plakat.jpg\" alt=\"\" width=\"869\" height=\"1185\" srcset=\"https:\/\/us.edu.pl\/instytut\/idkm\/wp-content\/uploads\/sites\/30\/Bez-kategorii\/konferencja_01-24-plakat.jpg 869w, https:\/\/us.edu.pl\/instytut\/idkm\/wp-content\/uploads\/sites\/30\/Bez-kategorii\/konferencja_01-24-plakat-220x300.jpg 220w, https:\/\/us.edu.pl\/instytut\/idkm\/wp-content\/uploads\/sites\/30\/Bez-kategorii\/konferencja_01-24-plakat-751x1024.jpg 751w, https:\/\/us.edu.pl\/instytut\/idkm\/wp-content\/uploads\/sites\/30\/Bez-kategorii\/konferencja_01-24-plakat-768x1047.jpg 768w, https:\/\/us.edu.pl\/instytut\/idkm\/wp-content\/uploads\/sites\/30\/Bez-kategorii\/konferencja_01-24-plakat-422x575.jpg 422w\" sizes=\"(max-width: 869px) 100vw, 869px\" \/><\/h3>\n<p style=\"text-align: center;\"><img class=\"alignnone wp-image-1821 size-full\" src=\"https:\/\/us.edu.pl\/instytut\/idkm\/wp-content\/uploads\/sites\/30\/Bez-kategorii\/konferencja_01-24-program-1.jpg\" alt=\"\" width=\"983\" height=\"1181\" srcset=\"https:\/\/us.edu.pl\/instytut\/idkm\/wp-content\/uploads\/sites\/30\/Bez-kategorii\/konferencja_01-24-program-1.jpg 983w, https:\/\/us.edu.pl\/instytut\/idkm\/wp-content\/uploads\/sites\/30\/Bez-kategorii\/konferencja_01-24-program-1-250x300.jpg 250w, https:\/\/us.edu.pl\/instytut\/idkm\/wp-content\/uploads\/sites\/30\/Bez-kategorii\/konferencja_01-24-program-1-852x1024.jpg 852w, https:\/\/us.edu.pl\/instytut\/idkm\/wp-content\/uploads\/sites\/30\/Bez-kategorii\/konferencja_01-24-program-1-768x923.jpg 768w, https:\/\/us.edu.pl\/instytut\/idkm\/wp-content\/uploads\/sites\/30\/Bez-kategorii\/konferencja_01-24-program-1-479x575.jpg 479w\" sizes=\"(max-width: 983px) 100vw, 983px\" \/><\/p>\n<p style=\"text-align: center;\"><img class=\"alignnone wp-image-1822 size-full\" src=\"https:\/\/us.edu.pl\/instytut\/idkm\/wp-content\/uploads\/sites\/30\/Bez-kategorii\/konferencja_01-24-program-2.jpg\" alt=\"\" width=\"983\" height=\"1181\" srcset=\"https:\/\/us.edu.pl\/instytut\/idkm\/wp-content\/uploads\/sites\/30\/Bez-kategorii\/konferencja_01-24-program-2.jpg 983w, https:\/\/us.edu.pl\/instytut\/idkm\/wp-content\/uploads\/sites\/30\/Bez-kategorii\/konferencja_01-24-program-2-250x300.jpg 250w, https:\/\/us.edu.pl\/instytut\/idkm\/wp-content\/uploads\/sites\/30\/Bez-kategorii\/konferencja_01-24-program-2-852x1024.jpg 852w, https:\/\/us.edu.pl\/instytut\/idkm\/wp-content\/uploads\/sites\/30\/Bez-kategorii\/konferencja_01-24-program-2-768x923.jpg 768w, https:\/\/us.edu.pl\/instytut\/idkm\/wp-content\/uploads\/sites\/30\/Bez-kategorii\/konferencja_01-24-program-2-479x575.jpg 479w\" sizes=\"(max-width: 983px) 100vw, 983px\" \/><\/p>\n<p><\/p>\n<style type=\"text\/css\">a[data-mtli~=\"mtli_filesize934,16kB\"]:after {content:\" (934,16 kB)\"}<\/style>","protected":false},"excerpt":{"rendered":"<p>Zapraszamy do udzia\u0142u w mi\u0119dzynarodowej konferencji medioznawczej organizowanej przez Instytut Dziennikarstwa i Komunikacji Medialnej U\u015a wraz z partnerami z Audencia Business School, Projektem Threatpie (Norface) Horizon 2020 i Uniwersytetem Adama Mickiewicza w Poznaniu oraz European New School of Digital European University Viadrina Frankfurt (Oder). Wydarzenie odbywa si\u0119 si\u0119 8 i 9 stycznia 2024 r. w [&#8230;]<\/p>\n<p><a class=\"btn btn-secondary understrap-read-more-link\" href=\"https:\/\/us.edu.pl\/instytut\/idkm\/miedzynarodowa-konferencja-digital-media-democracy-and-civil-society-in-central-and-eastern-europe-8-i-9-stycznia-2024-r-katowice-program\/\">Read More&#8230;<\/a><\/p>\n","protected":false},"author":202,"featured_media":1823,"parent":0,"menu_order":0,"comment_status":"closed","ping_status":"closed","template":"","meta":{"_expiration-date-status":"","_expiration-date":0,"_expiration-date-type":"","_expiration-date-categories":[],"_expiration-date-options":[]},"acf":[],"_links":{"self":[{"href":"https:\/\/us.edu.pl\/instytut\/idkm\/wp-json\/wp\/v2\/pages\/1818"}],"collection":[{"href":"https:\/\/us.edu.pl\/instytut\/idkm\/wp-json\/wp\/v2\/pages"}],"about":[{"href":"https:\/\/us.edu.pl\/instytut\/idkm\/wp-json\/wp\/v2\/types\/page"}],"author":[{"embeddable":true,"href":"https:\/\/us.edu.pl\/instytut\/idkm\/wp-json\/wp\/v2\/users\/202"}],"replies":[{"embeddable":true,"href":"https:\/\/us.edu.pl\/instytut\/idkm\/wp-json\/wp\/v2\/comments?post=1818"}],"version-history":[{"count":4,"href":"https:\/\/us.edu.pl\/instytut\/idkm\/wp-json\/wp\/v2\/pages\/1818\/revisions"}],"predecessor-version":[{"id":1827,"href":"https:\/\/us.edu.pl\/instytut\/idkm\/wp-json\/wp\/v2\/pages\/1818\/revisions\/1827"}],"wp:featuredmedia":[{"embeddable":true,"href":"https:\/\/us.edu.pl\/instytut\/idkm\/wp-json\/wp\/v2\/media\/1823"}],"wp:attachment":[{"href":"https:\/\/us.edu.pl\/instytut\/idkm\/wp-json\/wp\/v2\/media?parent=1818"}],"curies":[{"name":"wp","href":"https:\/\/api.w.org\/{rel}","templated":true}]}}

Międzynarodowa konferencja: Digital Media, Democracy and Civil Society in Central and Eastern Europe &#8211; 8 i 9 stycznia 2024 r. Katowice &#8211; program

<p></p>
<p style="padding-left: 40px;"><span style="font-size: 14pt;">Zapraszamy do udziału w międzynarodowej konferencji medioznawczej organizowanej przez Instytut Dziennikarstwa i Komunikacji Medialnej UŚ wraz z partnerami z Audencia Business School, Projektem Threatpie (Norface) Horizon 2020 i Uniwersytetem Adama Mickiewicza w Poznaniu oraz European New School of Digital European University Viadrina Frankfurt (Oder). Wydarzenie odbywa się się 8 i 9 stycznia 2024 r. w Katowicach.</span></p>
<h3 style="text-align: center;"><a href="https://us.edu.pl/instytut/idkm/wp-content/uploads/sites/30/Bez-kategorii/Program_Digital-Media..pdf" class="mtli_attachment mtli_pdf" data-mtli="mtli_filesize934,16kB">PROGRAM KONFERENCJI W FORMACIE PDF</a></p>
<p><img class="alignnone wp-image-1824 size-full" src="https://us.edu.pl/instytut/idkm/wp-content/uploads/sites/30/Bez-kategorii/konferencja_01-24-plakat.jpg" alt="" width="869" height="1185" srcset="https://us.edu.pl/instytut/idkm/wp-content/uploads/sites/30/Bez-kategorii/konferencja_01-24-plakat.jpg 869w, https://us.edu.pl/instytut/idkm/wp-content/uploads/sites/30/Bez-kategorii/konferencja_01-24-plakat-220x300.jpg 220w, https://us.edu.pl/instytut/idkm/wp-content/uploads/sites/30/Bez-kategorii/konferencja_01-24-plakat-751x1024.jpg 751w, https://us.edu.pl/instytut/idkm/wp-content/uploads/sites/30/Bez-kategorii/konferencja_01-24-plakat-768x1047.jpg 768w, https://us.edu.pl/instytut/idkm/wp-content/uploads/sites/30/Bez-kategorii/konferencja_01-24-plakat-422x575.jpg 422w" sizes="(max-width: 869px) 100vw, 869px" /></h3>
<p style="text-align: center;"><img class="alignnone wp-image-1821 size-full" src="https://us.edu.pl/instytut/idkm/wp-content/uploads/sites/30/Bez-kategorii/konferencja_01-24-program-1.jpg" alt="" width="983" height="1181" srcset="https://us.edu.pl/instytut/idkm/wp-content/uploads/sites/30/Bez-kategorii/konferencja_01-24-program-1.jpg 983w, https://us.edu.pl/instytut/idkm/wp-content/uploads/sites/30/Bez-kategorii/konferencja_01-24-program-1-250x300.jpg 250w, https://us.edu.pl/instytut/idkm/wp-content/uploads/sites/30/Bez-kategorii/konferencja_01-24-program-1-852x1024.jpg 852w, https://us.edu.pl/instytut/idkm/wp-content/uploads/sites/30/Bez-kategorii/konferencja_01-24-program-1-768x923.jpg 768w, https://us.edu.pl/instytut/idkm/wp-content/uploads/sites/30/Bez-kategorii/konferencja_01-24-program-1-479x575.jpg 479w" sizes="(max-width: 983px) 100vw, 983px" /></p>
<p style="text-align: center;"><img class="alignnone wp-image-1822 size-full" src="https://us.edu.pl/instytut/idkm/wp-content/uploads/sites/30/Bez-kategorii/konferencja_01-24-program-2.jpg" alt="" width="983" height="1181" srcset="https://us.edu.pl/instytut/idkm/wp-content/uploads/sites/30/Bez-kategorii/konferencja_01-24-program-2.jpg 983w, https://us.edu.pl/instytut/idkm/wp-content/uploads/sites/30/Bez-kategorii/konferencja_01-24-program-2-250x300.jpg 250w, https://us.edu.pl/instytut/idkm/wp-content/uploads/sites/30/Bez-kategorii/konferencja_01-24-program-2-852x1024.jpg 852w, https://us.edu.pl/instytut/idkm/wp-content/uploads/sites/30/Bez-kategorii/konferencja_01-24-program-2-768x923.jpg 768w, https://us.edu.pl/instytut/idkm/wp-content/uploads/sites/30/Bez-kategorii/konferencja_01-24-program-2-479x575.jpg 479w" sizes="(max-width: 983px) 100vw, 983px" /></p>
<p></p>
<style type="text/css">a[data-mtli~="mtli_filesize934,16kB"]:after {content:" (934,16 kB)"}</style>

<p>Zapraszamy do udziału w międzynarodowej konferencji medioznawczej organizowanej przez Instytut Dziennikarstwa i Komunikacji Medialnej UŚ wraz z partnerami z Audencia Business School, Projektem Threatpie (Norface) Horizon 2020 i Uniwersytetem Adama Mickiewicza w Poznaniu oraz European New School of Digital European University Viadrina Frankfurt (Oder). Wydarzenie odbywa się się 8 i 9 stycznia 2024 r. w [&#8230;]</p>
<p><a class="btn btn-secondary understrap-read-more-link" href="https://us.edu.pl/instytut/idkm/miedzynarodowa-konferencja-digital-media-democracy-and-civil-society-in-central-and-eastern-europe-8-i-9-stycznia-2024-r-katowice-program/">Read More&#8230;</a></p>
