{"id":787,"date":"2020-11-14T11:30:07","date_gmt":"2020-11-14T10:30:07","guid":{"rendered":"https:\/\/us.edu.pl\/instytut\/idkm\/?page_id=787"},"modified":"2021-11-23T09:43:39","modified_gmt":"2021-11-23T08:43:39","slug":"damian-guzek","status":"publish","type":"page","link":"https:\/\/us.edu.pl\/instytut\/idkm\/damian-guzek\/","title":{"rendered":"Damian Guzek"},"content":{"rendered":"<p><\/p>\n<h3 style=\"text-align: center;\">dr hab. Damian Guzek, prof. U\u015a<\/h3>\n<h3 style=\"text-align: center;\"><img class=\"wp-image-788 size-full aligncenter\" src=\"https:\/\/us.edu.pl\/instytut\/idkm\/wp-content\/uploads\/sites\/30\/Nieprzypisane\/damian_guzek.jpg\" alt=\"\" width=\"640\" height=\"640\" srcset=\"https:\/\/us.edu.pl\/instytut\/idkm\/wp-content\/uploads\/sites\/30\/Nieprzypisane\/damian_guzek.jpg 640w, https:\/\/us.edu.pl\/instytut\/idkm\/wp-content\/uploads\/sites\/30\/Nieprzypisane\/damian_guzek-400x400.jpg 400w, https:\/\/us.edu.pl\/instytut\/idkm\/wp-content\/uploads\/sites\/30\/Nieprzypisane\/damian_guzek-300x300.jpg 300w, https:\/\/us.edu.pl\/instytut\/idkm\/wp-content\/uploads\/sites\/30\/Nieprzypisane\/damian_guzek-575x575.jpg 575w\" sizes=\"(max-width: 640px) 100vw, 640px\" \/><\/h3>\n<h3 style=\"text-align: center;\"><\/h3>\n<p style=\"padding-left: 40px;\"><span style=\"font-size: 14pt;\">Adres mailowy<\/span><br \/>\n<a href=\"mailto:damian.guzek@us.edu.pl\"><strong><span style=\"font-size: 14pt;\">damian.guzek@us.edu.pl<\/span><\/strong><\/a><br \/>\n<span style=\"font-size: 14pt;\">ORCID<\/span><br \/>\n<a href=\"https:\/\/orcid.org\/0000-0002-8138-8128\"><strong><span style=\"font-size: 14pt;\">https:\/\/orcid.org\/0000-0002-8138-8128<\/span><\/strong><\/a><br \/>\n<span style=\"font-size: 14pt;\">Research Gate<\/span><br \/>\n<a href=\"https:\/\/www.researchgate.net\/profile\/Damian_Guzek\"><strong><span style=\"font-size: 14pt;\">https:\/\/www.researchgate.net\/profile\/Damian_Guzek<\/span><\/strong><\/a><br \/>\n<span style=\"font-size: 14pt;\">Google Scholar<\/span><br \/>\n<a href=\"https:\/\/scholar.google.pl\/citations?user=9gn1s-IAAAAJ&amp;hl=pl\"><strong><span style=\"font-size: 14pt;\">https:\/\/scholar.google.pl\/citations?user=9gn1s-IAAAAJ&amp;hl=pl<\/span><\/strong><\/a><br \/>\n<span style=\"font-size: 14pt;\">Projekt Opus18<\/span><br \/>\n<strong><a href=\"https:\/\/papalauthority.us.edu.pl\"><span style=\"font-size: 14pt;\">https:\/\/papalauthority.us.edu.pl<\/span><\/a><br \/>\n<\/strong><span style=\"font-size: 14pt;\">Projekt Horyzont 2020<\/span><strong><br \/>\n<a href=\"https:\/\/us.edu.pl\/t4e\/t4eri-europejska-wspolpraca-naukowa\"><span style=\"font-size: 14pt;\">https:\/\/us.edu.pl\/t4e\/t4eri-europejska-wspolpraca-naukowa<\/span><\/a><br \/>\n<\/strong><\/p>\n<p style=\"padding-left: 40px;\"><strong><span style=\"font-size: 14pt;\">Obszar zainteresowa\u0144 badawczych<\/span><\/strong><\/p>\n<ul>\n<li><span style=\"font-size: 14pt;\">u\u017cytkowanie medi\u00f3w<\/span><\/li>\n<li><span style=\"font-size: 14pt;\">media i religia<\/span><\/li>\n<li><span style=\"font-size: 14pt;\">sfera cyfrowa<\/span><\/li>\n<li><span style=\"font-size: 14pt;\">kartografia nowych medi\u00f3w<\/span><\/li>\n<li><span style=\"font-size: 14pt;\">analiza sieciowa<\/span><\/li>\n<li><span style=\"font-size: 14pt;\">dyskurs skrajnej prawicy<\/span><\/li>\n<li><span style=\"font-size: 14pt;\">metodologia bada\u0144 medioznawczych<\/span><br \/>\n<span style=\"font-size: 14pt;\"><br \/>\n<strong>Wybrane publikacje<br \/>\n<\/strong><\/span><\/li>\n<\/ul>\n<p style=\"padding-left: 40px;\"><span style=\"font-size: 14pt;\">Guzek, D., Mihelj, S., \u0160tetka, V. (2022). &#8222;I don&#8217;t vote because i don&#8217;t want to get infected&#8221; : pandemic, polarization, and public trust during the 2020 presidential election in Poland. W P. Van Aelst, J.G. Blumler (Red.), Political Communication in the Time of Coronavirus (s. 192\u2013208). Routledge.<\/span><\/p>\n<p style=\"padding-left: 40px;\"><span style=\"font-size: 14pt;\">Guzek, D. (2021). When partisan groups get access to the digital society: re-voicing religion in Poland. Information, Communication &amp; Society, 1-16.<\/span><\/p>\n<p style=\"padding-left: 40px;\"><span style=\"font-size: 14pt;\">Guzek, D., Grzesiok-Horosz A. (2021). Political Will and Media Law: A Poland Case Analysis. East European Politics and Societies, 1\u201318.<\/span><\/p>\n<p style=\"padding-left: 40px;\"><span style=\"font-size: 14pt;\">Guzek, D. (2020). Radio, History, and Economics of. W D. L. Merskin (Red.), The SAGE International Encyclopedia of Mass Media and Society (s. 1447\u20131452). SAGE Publications.<\/span><\/p>\n<p style=\"padding-left: 40px;\"><span style=\"font-size: 14pt;\">Guzek, D. (2020). Religious Radio Programming. W D. L. Merskin (Red.), The SAGE International Encyclopedia of Mass Media and Society (s. 1471\u20131473). SAGE Publications.<\/span><\/p>\n<p style=\"padding-left: 40px;\"><span style=\"font-size: 14pt;\">Artero, J. P., Flynn, R., &amp; Guzek, D. (2019). Media Concentration and the Rise of Multinational Companies (K. Arnold, S. Kinnebrock, &amp; P. Preston, Red.; s. 299\u2013314). Wiley-Blackwell.<\/span><\/p>\n<p style=\"padding-left: 40px;\"><span style=\"font-size: 14pt;\"><span style=\"font-size: 14pt;\">Guzek, D. (2019). Mediatizing Secular State: Media, Religion and Politics in Contemporary Poland. Berlin: Peter Lang. <a href=\"http:\/\/hdl.handle.net\/20.500.12128\/15188\">http:\/\/hdl.handle.net\/20.500.12128\/15188<\/a><\/span><\/span><\/p>\n<p style=\"padding-left: 40px;\"><span style=\"font-size: 14pt;\"><span style=\"font-size: 14pt;\">Guzek, D. (2019). Religious Memory on Facebook in Times of Refugee Crisis. Social Compass, 66(1), 75\u201393.<\/span><\/span><\/p>\n<p style=\"padding-left: 40px;\"><span style=\"font-size: 14pt;\"><span style=\"font-size: 14pt;\">Guzek, D. (2019). Religious Motifs within Reporting of the 7\/7 London Bombings in the United Kingdom, the United States of America and Poland: A Transnational Agenda Setting Network Study. Journalism. 20(10), 1323\u20131342. <a href=\"http:\/\/hdl.handle.net\/20.500.12128\/10991\">http:\/\/hdl.handle.net\/20.500.12128\/10991<\/a><\/span><\/span><\/p>\n<p style=\"padding-left: 40px;\"><span style=\"font-size: 14pt;\"><span style=\"font-size: 14pt;\">Guzek, D. (2019). State-Church Relationship in Polish Media: Combining Grounded Theory and Intermedia Agenda-Setting at the Networked Level. Polish Sociological Review, 208(4), 439\u2013457. <a href=\"http:\/\/polish-sociological-review.eu\/Author-Damian-Guzek\/135212\">http:\/\/polish-sociological-review.eu\/Author-Damian-Guzek\/135212<\/a><\/span><\/span><\/p>\n<p style=\"padding-left: 40px;\"><span style=\"font-size: 14pt;\"><span style=\"font-size: 14pt;\">Guo, L., Chen, Y.-N. K., Vu, H., Wang, Q., Aksamit, R., Guzek, D., Jachimowski, M., &amp; McCombs, M. (2015). Coverage of the Iraq War in the United States, Mainland China, Taiwan and Poland: A transnational network agenda-setting study. Journalism Studies, 16(3), 343\u2013362.<\/span><\/span><\/p>\n<p style=\"padding-left: 40px;\"><span style=\"font-size: 14pt;\"><span style=\"font-size: 14pt;\"><br \/>\n<\/span><\/span><strong><span style=\"font-size: 14pt;\">Projekty badawcze\u00a0<\/span><\/strong><\/p>\n<p style=\"padding-left: 40px;\"><span style=\"font-size: 14pt;\">\u201eTransform 4 European Research and Innovation\u201d (T4ERI) Koordynator, Horyzont 2020 (H2020) projekt mi\u0119dzynarodowy realizowany w latach 2021-2024 na Uniwersytecie \u015al\u0105skim we wsp\u00f3\u0142pracy z Uniwersytetem Kraju Saary (Niemcy), Uniwersytetem w Alicante (Hiszpania), Uniwersytetem Witolda Wielkiego (Litwa), Uniwersytetem Sofijskiego im. \u015bw. Klemensa z Ochrydy (Bu\u0142garia), Uniwersytetem w Trie\u015bcie (W\u0142ochy), Esto\u0144sk\u0105 Akademi\u0105 Sztuki (Estonia).<\/span><\/p>\n<p style=\"padding-left: 40px;\"><span style=\"font-size: 14pt;\"><span style=\"font-size: 14pt;\">\u201eAutorytet papieski w przekszta\u0142ceniach komunikacji\u201d Kierownik, OPUS 18 (NCN) (2019\/35\/B\/HS2\/00016) realizowany w latach 2020-2023 na Uniwersytecie \u015al\u0105skim w Katowicach<\/span><\/span><\/p>\n<p style=\"padding-left: 40px;\"><span style=\"font-size: 14pt;\"><span style=\"font-size: 14pt;\">\u201eThe illiberal turn? News consumption, polarization and democracy in Central and Eastern Europe\u201d Wykonawca, projekt brytyjskiej Economic and Social Research Council (ESRC), realizowany na Loughborough University, udzia\u0142 w 2020 r.<\/span><\/span><\/p>\n<p style=\"padding-left: 40px;\"><span style=\"font-size: 14pt;\"><span style=\"font-size: 14pt;\">\u201ePRESP-8 Pandemic Emergency in Social Perspecitive\u201d Koordynator polskiego zespo\u0142u. Projekt pro-bono realizowany w 2020 na Uniwersytecie \u015al\u0105skim w Katowicach we wsp\u00f3\u0142pracy z Catholic University of Milan, University of Milan Biococca, Charles University, Uppsala University, Dalarna University, University of Birmingham, University of Huelva, University of the Littoral Opal Coast,CILD<\/span><\/span><\/p>\n<p style=\"padding-left: 40px;\"><span style=\"font-size: 14pt;\"><span style=\"font-size: 14pt;\">\u201eReligion, diversity and users responses \u2013 a Polish study\u201d, sta\u017c w ramach projektu Mobilno\u015b\u0107+ na University of Edinburgh w 2018<\/span><\/span><\/p>\n<p style=\"padding-left: 40px;\"><span style=\"font-size: 14pt;\"><span style=\"font-size: 14pt;\">\u201eDefining the religiosity in the social media from the perspective of the refugee crisis\u201d, Kierownik, Visby Postdoctoral Research, the Swedish Institute, projekt Realizowany w Uppsala University w 2017 r.<\/span><\/span><\/p>\n<p style=\"padding-left: 40px;\"><span style=\"font-size: 14pt;\">\u201eMedia wobec idei \u015bwieckiego pa\u0144stwa\u201d, Kierownik, Preludium 8 (NCN) (2014\/15\/N\/HS5\/00646) w latach 2015-2019 na Uniwersytecie \u015al\u0105skim w Katowicach<\/span><\/p>\n<p style=\"text-align: center;\"><img class=\"aligncenter wp-image-794 size-full\" src=\"https:\/\/us.edu.pl\/instytut\/idkm\/wp-content\/uploads\/sites\/30\/Nieprzypisane\/01_guzek_01.jpg\" alt=\"\" width=\"400\" height=\"567\" srcset=\"https:\/\/us.edu.pl\/instytut\/idkm\/wp-content\/uploads\/sites\/30\/Nieprzypisane\/01_guzek_01.jpg 400w, https:\/\/us.edu.pl\/instytut\/idkm\/wp-content\/uploads\/sites\/30\/Nieprzypisane\/01_guzek_01-212x300.jpg 212w\" sizes=\"(max-width: 400px) 100vw, 400px\" \/><\/p>\n<p style=\"text-align: center;\"><img class=\"aligncenter wp-image-795 size-full\" src=\"https:\/\/us.edu.pl\/instytut\/idkm\/wp-content\/uploads\/sites\/30\/Nieprzypisane\/01_guzek_02.jpg\" alt=\"\" width=\"400\" height=\"566\" srcset=\"https:\/\/us.edu.pl\/instytut\/idkm\/wp-content\/uploads\/sites\/30\/Nieprzypisane\/01_guzek_02.jpg 400w, https:\/\/us.edu.pl\/instytut\/idkm\/wp-content\/uploads\/sites\/30\/Nieprzypisane\/01_guzek_02-212x300.jpg 212w\" sizes=\"(max-width: 400px) 100vw, 400px\" \/><\/p>\n<p style=\"text-align: center;\"><img class=\"aligncenter wp-image-796 size-full\" src=\"https:\/\/us.edu.pl\/instytut\/idkm\/wp-content\/uploads\/sites\/30\/Nieprzypisane\/01_guzek_03.jpg\" alt=\"\" width=\"400\" height=\"589\" srcset=\"https:\/\/us.edu.pl\/instytut\/idkm\/wp-content\/uploads\/sites\/30\/Nieprzypisane\/01_guzek_03.jpg 400w, https:\/\/us.edu.pl\/instytut\/idkm\/wp-content\/uploads\/sites\/30\/Nieprzypisane\/01_guzek_03-204x300.jpg 204w, https:\/\/us.edu.pl\/instytut\/idkm\/wp-content\/uploads\/sites\/30\/Nieprzypisane\/01_guzek_03-390x575.jpg 390w\" sizes=\"(max-width: 400px) 100vw, 400px\" \/><\/p>\n<p>&nbsp;<\/p>","protected":false},"excerpt":{"rendered":"<p>dr hab. Damian Guzek, prof. U\u015a Adres mailowy damian.guzek@us.edu.pl ORCID https:\/\/orcid.org\/0000-0002-8138-8128 Research Gate https:\/\/www.researchgate.net\/profile\/Damian_Guzek Google Scholar https:\/\/scholar.google.pl\/citations?user=9gn1s-IAAAAJ&amp;hl=pl Projekt Opus18 https:\/\/papalauthority.us.edu.pl Projekt Horyzont 2020 https:\/\/us.edu.pl\/t4e\/t4eri-europejska-wspolpraca-naukowa Obszar zainteresowa\u0144 badawczych u\u017cytkowanie medi\u00f3w media i religia sfera cyfrowa kartografia nowych medi\u00f3w analiza sieciowa dyskurs skrajnej prawicy metodologia bada\u0144 medioznawczych Wybrane publikacje Guzek, D., Mihelj, S., \u0160tetka, V. (2022). &#8222;I [&#8230;]<\/p>\n<p><a class=\"btn btn-secondary understrap-read-more-link\" href=\"https:\/\/us.edu.pl\/instytut\/idkm\/damian-guzek\/\">Read More&#8230;<\/a><\/p>\n","protected":false},"author":202,"featured_media":843,"parent":0,"menu_order":0,"comment_status":"closed","ping_status":"closed","template":"","meta":{"_expiration-date-status":"saved","_expiration-date":0,"_expiration-date-type":"","_expiration-date-categories":[],"_expiration-date-options":[]},"acf":[],"_links":{"self":[{"href":"https:\/\/us.edu.pl\/instytut\/idkm\/wp-json\/wp\/v2\/pages\/787"}],"collection":[{"href":"https:\/\/us.edu.pl\/instytut\/idkm\/wp-json\/wp\/v2\/pages"}],"about":[{"href":"https:\/\/us.edu.pl\/instytut\/idkm\/wp-json\/wp\/v2\/types\/page"}],"author":[{"embeddable":true,"href":"https:\/\/us.edu.pl\/instytut\/idkm\/wp-json\/wp\/v2\/users\/202"}],"replies":[{"embeddable":true,"href":"https:\/\/us.edu.pl\/instytut\/idkm\/wp-json\/wp\/v2\/comments?post=787"}],"version-history":[{"count":23,"href":"https:\/\/us.edu.pl\/instytut\/idkm\/wp-json\/wp\/v2\/pages\/787\/revisions"}],"predecessor-version":[{"id":1278,"href":"https:\/\/us.edu.pl\/instytut\/idkm\/wp-json\/wp\/v2\/pages\/787\/revisions\/1278"}],"wp:featuredmedia":[{"embeddable":true,"href":"https:\/\/us.edu.pl\/instytut\/idkm\/wp-json\/wp\/v2\/media\/843"}],"wp:attachment":[{"href":"https:\/\/us.edu.pl\/instytut\/idkm\/wp-json\/wp\/v2\/media?parent=787"}],"curies":[{"name":"wp","href":"https:\/\/api.w.org\/{rel}","templated":true}]}}

<p></p>
<h3 style="text-align: center;">dr hab. Damian Guzek, prof. UŚ</h3>
<h3 style="text-align: center;"><img class="wp-image-788 size-full aligncenter" src="https://us.edu.pl/instytut/idkm/wp-content/uploads/sites/30/Nieprzypisane/damian_guzek.jpg" alt="" width="640" height="640" srcset="https://us.edu.pl/instytut/idkm/wp-content/uploads/sites/30/Nieprzypisane/damian_guzek.jpg 640w, https://us.edu.pl/instytut/idkm/wp-content/uploads/sites/30/Nieprzypisane/damian_guzek-400x400.jpg 400w, https://us.edu.pl/instytut/idkm/wp-content/uploads/sites/30/Nieprzypisane/damian_guzek-300x300.jpg 300w, https://us.edu.pl/instytut/idkm/wp-content/uploads/sites/30/Nieprzypisane/damian_guzek-575x575.jpg 575w" sizes="(max-width: 640px) 100vw, 640px" /></h3>
<h3 style="text-align: center;"></h3>
<p style="padding-left: 40px;"><span style="font-size: 14pt;">Adres mailowy</span><br />
<a href="mailto:damian.guzek@us.edu.pl"><strong><span style="font-size: 14pt;">damian.guzek@us.edu.pl</span></strong></a><br />
<span style="font-size: 14pt;">ORCID</span><br />
<a href="https://orcid.org/0000-0002-8138-8128"><strong><span style="font-size: 14pt;">https://orcid.org/0000-0002-8138-8128</span></strong></a><br />
<span style="font-size: 14pt;">Research Gate</span><br />
<a href="https://www.researchgate.net/profile/Damian_Guzek"><strong><span style="font-size: 14pt;">https://www.researchgate.net/profile/Damian_Guzek</span></strong></a><br />
<span style="font-size: 14pt;">Google Scholar</span><br />
<a href="https://scholar.google.pl/citations?user=9gn1s-IAAAAJ&amp;hl=pl"><strong><span style="font-size: 14pt;">https://scholar.google.pl/citations?user=9gn1s-IAAAAJ&amp;hl=pl</span></strong></a><br />
<span style="font-size: 14pt;">Projekt Opus18</span><br />
<strong><a href="https://papalauthority.us.edu.pl"><span style="font-size: 14pt;">https://papalauthority.us.edu.pl</span></a><br />
</strong><span style="font-size: 14pt;">Projekt Horyzont 2020</span><strong><br />
<a href="https://us.edu.pl/t4e/t4eri-europejska-wspolpraca-naukowa"><span style="font-size: 14pt;">https://us.edu.pl/t4e/t4eri-europejska-wspolpraca-naukowa</span></a><br />
</strong></p>
<p style="padding-left: 40px;"><strong><span style="font-size: 14pt;">Obszar zainteresowań badawczych</span></strong></p>
<ul>
<li><span style="font-size: 14pt;">użytkowanie mediów</span></li>
<li><span style="font-size: 14pt;">media i religia</span></li>
<li><span style="font-size: 14pt;">sfera cyfrowa</span></li>
<li><span style="font-size: 14pt;">kartografia nowych mediów</span></li>
<li><span style="font-size: 14pt;">analiza sieciowa</span></li>
<li><span style="font-size: 14pt;">dyskurs skrajnej prawicy</span></li>
<li><span style="font-size: 14pt;">metodologia badań medioznawczych</span><br />
<span style="font-size: 14pt;"><br />
<strong>Wybrane publikacje<br />
</strong></span></li>
</ul>
<p style="padding-left: 40px;"><span style="font-size: 14pt;">Guzek, D., Mihelj, S., Štetka, V. (2022). &#8222;I don&#8217;t vote because i don&#8217;t want to get infected&#8221; : pandemic, polarization, and public trust during the 2020 presidential election in Poland. W P. Van Aelst, J.G. Blumler (Red.), Political Communication in the Time of Coronavirus (s. 192–208). Routledge.</span></p>
<p style="padding-left: 40px;"><span style="font-size: 14pt;">Guzek, D. (2021). When partisan groups get access to the digital society: re-voicing religion in Poland. Information, Communication &amp; Society, 1-16.</span></p>
<p style="padding-left: 40px;"><span style="font-size: 14pt;">Guzek, D., Grzesiok-Horosz A. (2021). Political Will and Media Law: A Poland Case Analysis. East European Politics and Societies, 1–18.</span></p>
<p style="padding-left: 40px;"><span style="font-size: 14pt;">Guzek, D. (2020). Radio, History, and Economics of. W D. L. Merskin (Red.), The SAGE International Encyclopedia of Mass Media and Society (s. 1447–1452). SAGE Publications.</span></p>
<p style="padding-left: 40px;"><span style="font-size: 14pt;">Guzek, D. (2020). Religious Radio Programming. W D. L. Merskin (Red.), The SAGE International Encyclopedia of Mass Media and Society (s. 1471–1473). SAGE Publications.</span></p>
<p style="padding-left: 40px;"><span style="font-size: 14pt;">Artero, J. P., Flynn, R., &amp; Guzek, D. (2019). Media Concentration and the Rise of Multinational Companies (K. Arnold, S. Kinnebrock, &amp; P. Preston, Red.; s. 299–314). Wiley-Blackwell.</span></p>
<p style="padding-left: 40px;"><span style="font-size: 14pt;"><span style="font-size: 14pt;">Guzek, D. (2019). Mediatizing Secular State: Media, Religion and Politics in Contemporary Poland. Berlin: Peter Lang. <a href="http://hdl.handle.net/20.500.12128/15188">http://hdl.handle.net/20.500.12128/15188</a></span></span></p>
<p style="padding-left: 40px;"><span style="font-size: 14pt;"><span style="font-size: 14pt;">Guzek, D. (2019). Religious Memory on Facebook in Times of Refugee Crisis. Social Compass, 66(1), 75–93.</span></span></p>
<p style="padding-left: 40px;"><span style="font-size: 14pt;"><span style="font-size: 14pt;">Guzek, D. (2019). Religious Motifs within Reporting of the 7/7 London Bombings in the United Kingdom, the United States of America and Poland: A Transnational Agenda Setting Network Study. Journalism. 20(10), 1323–1342. <a href="http://hdl.handle.net/20.500.12128/10991">http://hdl.handle.net/20.500.12128/10991</a></span></span></p>
<p style="padding-left: 40px;"><span style="font-size: 14pt;"><span style="font-size: 14pt;">Guzek, D. (2019). State-Church Relationship in Polish Media: Combining Grounded Theory and Intermedia Agenda-Setting at the Networked Level. Polish Sociological Review, 208(4), 439–457. <a href="http://polish-sociological-review.eu/Author-Damian-Guzek/135212">http://polish-sociological-review.eu/Author-Damian-Guzek/135212</a></span></span></p>
<p style="padding-left: 40px;"><span style="font-size: 14pt;"><span style="font-size: 14pt;">Guo, L., Chen, Y.-N. K., Vu, H., Wang, Q., Aksamit, R., Guzek, D., Jachimowski, M., &amp; McCombs, M. (2015). Coverage of the Iraq War in the United States, Mainland China, Taiwan and Poland: A transnational network agenda-setting study. Journalism Studies, 16(3), 343–362.</span></span></p>
<p style="padding-left: 40px;"><span style="font-size: 14pt;"><span style="font-size: 14pt;"><br />
</span></span><strong><span style="font-size: 14pt;">Projekty badawcze </span></strong></p>
<p style="padding-left: 40px;"><span style="font-size: 14pt;">„Transform 4 European Research and Innovation” (T4ERI) Koordynator, Horyzont 2020 (H2020) projekt międzynarodowy realizowany w latach 2021-2024 na Uniwersytecie Śląskim we współpracy z Uniwersytetem Kraju Saary (Niemcy), Uniwersytetem w Alicante (Hiszpania), Uniwersytetem Witolda Wielkiego (Litwa), Uniwersytetem Sofijskiego im. św. Klemensa z Ochrydy (Bułgaria), Uniwersytetem w Trieście (Włochy), Estońską Akademią Sztuki (Estonia).</span></p>
<p style="padding-left: 40px;"><span style="font-size: 14pt;"><span style="font-size: 14pt;">„Autorytet papieski w przekształceniach komunikacji” Kierownik, OPUS 18 (NCN) (2019/35/B/HS2/00016) realizowany w latach 2020-2023 na Uniwersytecie Śląskim w Katowicach</span></span></p>
<p style="padding-left: 40px;"><span style="font-size: 14pt;"><span style="font-size: 14pt;">„The illiberal turn? News consumption, polarization and democracy in Central and Eastern Europe” Wykonawca, projekt brytyjskiej Economic and Social Research Council (ESRC), realizowany na Loughborough University, udział w 2020 r.</span></span></p>
<p style="padding-left: 40px;"><span style="font-size: 14pt;"><span style="font-size: 14pt;">„PRESP-8 Pandemic Emergency in Social Perspecitive” Koordynator polskiego zespołu. Projekt pro-bono realizowany w 2020 na Uniwersytecie Śląskim w Katowicach we współpracy z Catholic University of Milan, University of Milan Biococca, Charles University, Uppsala University, Dalarna University, University of Birmingham, University of Huelva, University of the Littoral Opal Coast,CILD</span></span></p>
<p style="padding-left: 40px;"><span style="font-size: 14pt;"><span style="font-size: 14pt;">„Religion, diversity and users responses – a Polish study”, staż w ramach projektu Mobilność+ na University of Edinburgh w 2018</span></span></p>
<p style="padding-left: 40px;"><span style="font-size: 14pt;"><span style="font-size: 14pt;">„Defining the religiosity in the social media from the perspective of the refugee crisis”, Kierownik, Visby Postdoctoral Research, the Swedish Institute, projekt Realizowany w Uppsala University w 2017 r.</span></span></p>
<p style="padding-left: 40px;"><span style="font-size: 14pt;">„Media wobec idei świeckiego państwa”, Kierownik, Preludium 8 (NCN) (2014/15/N/HS5/00646) w latach 2015-2019 na Uniwersytecie Śląskim w Katowicach</span></p>
<p style="text-align: center;"><img class="aligncenter wp-image-794 size-full" src="https://us.edu.pl/instytut/idkm/wp-content/uploads/sites/30/Nieprzypisane/01_guzek_01.jpg" alt="" width="400" height="567" srcset="https://us.edu.pl/instytut/idkm/wp-content/uploads/sites/30/Nieprzypisane/01_guzek_01.jpg 400w, https://us.edu.pl/instytut/idkm/wp-content/uploads/sites/30/Nieprzypisane/01_guzek_01-212x300.jpg 212w" sizes="(max-width: 400px) 100vw, 400px" /></p>
<p style="text-align: center;"><img class="aligncenter wp-image-795 size-full" src="https://us.edu.pl/instytut/idkm/wp-content/uploads/sites/30/Nieprzypisane/01_guzek_02.jpg" alt="" width="400" height="566" srcset="https://us.edu.pl/instytut/idkm/wp-content/uploads/sites/30/Nieprzypisane/01_guzek_02.jpg 400w, https://us.edu.pl/instytut/idkm/wp-content/uploads/sites/30/Nieprzypisane/01_guzek_02-212x300.jpg 212w" sizes="(max-width: 400px) 100vw, 400px" /></p>
<p style="text-align: center;"><img class="aligncenter wp-image-796 size-full" src="https://us.edu.pl/instytut/idkm/wp-content/uploads/sites/30/Nieprzypisane/01_guzek_03.jpg" alt="" width="400" height="589" srcset="https://us.edu.pl/instytut/idkm/wp-content/uploads/sites/30/Nieprzypisane/01_guzek_03.jpg 400w, https://us.edu.pl/instytut/idkm/wp-content/uploads/sites/30/Nieprzypisane/01_guzek_03-204x300.jpg 204w, https://us.edu.pl/instytut/idkm/wp-content/uploads/sites/30/Nieprzypisane/01_guzek_03-390x575.jpg 390w" sizes="(max-width: 400px) 100vw, 400px" /></p>
<p>&nbsp;</p>

<p>dr hab. Damian Guzek, prof. UŚ Adres mailowy damian.guzek@us.edu.pl ORCID https://orcid.org/0000-0002-8138-8128 Research Gate https://www.researchgate.net/profile/Damian_Guzek Google Scholar https://scholar.google.pl/citations?user=9gn1s-IAAAAJ&amp;hl=pl Projekt Opus18 https://papalauthority.us.edu.pl Projekt Horyzont 2020 https://us.edu.pl/t4e/t4eri-europejska-wspolpraca-naukowa Obszar zainteresowań badawczych użytkowanie mediów media i religia sfera cyfrowa kartografia nowych mediów analiza sieciowa dyskurs skrajnej prawicy metodologia badań medioznawczych Wybrane publikacje Guzek, D., Mihelj, S., Štetka, V. (2022). &#8222;I [&#8230;]</p>
<p><a class="btn btn-secondary understrap-read-more-link" href="https://us.edu.pl/instytut/idkm/damian-guzek/">Read More&#8230;</a></p>
