{"id":809,"date":"2020-11-14T15:31:03","date_gmt":"2020-11-14T14:31:03","guid":{"rendered":"https:\/\/us.edu.pl\/instytut\/idkm\/?page_id=809"},"modified":"2020-12-01T19:08:17","modified_gmt":"2020-12-01T18:08:17","slug":"monika-kornacka-grzonka","status":"publish","type":"page","link":"https:\/\/us.edu.pl\/instytut\/idkm\/monika-kornacka-grzonka\/","title":{"rendered":"Monika Kornacka-Grzonka"},"content":{"rendered":"<p><\/p>\n<h3 style=\"text-align: center\">dr Monika Kornacka-Grzonka<\/h3>\n<p style=\"text-align: center\"><img class=\"alignnone wp-image-810 size-full\" src=\"https:\/\/us.edu.pl\/instytut\/idkm\/wp-content\/uploads\/sites\/30\/Nieprzypisane\/monika-kornacka-grzonka.jpg\" alt=\"\" width=\"640\" height=\"640\" srcset=\"https:\/\/us.edu.pl\/instytut\/idkm\/wp-content\/uploads\/sites\/30\/Nieprzypisane\/monika-kornacka-grzonka.jpg 640w, https:\/\/us.edu.pl\/instytut\/idkm\/wp-content\/uploads\/sites\/30\/Nieprzypisane\/monika-kornacka-grzonka-400x400.jpg 400w, https:\/\/us.edu.pl\/instytut\/idkm\/wp-content\/uploads\/sites\/30\/Nieprzypisane\/monika-kornacka-grzonka-300x300.jpg 300w, https:\/\/us.edu.pl\/instytut\/idkm\/wp-content\/uploads\/sites\/30\/Nieprzypisane\/monika-kornacka-grzonka-575x575.jpg 575w\" sizes=\"(max-width: 640px) 100vw, 640px\" \/><\/p>\n<p style=\"padding-left: 40px\"><strong><span style=\"font-size: 14pt\">Adres mailowy<\/span><\/strong><br \/>\n<a href=\"mailto:monika.kornacka-grzonka@us.edu.pl\"><span style=\"font-size: 14pt\">monika.kornacka-grzonka@us.edu.pl<\/span><\/a><br \/>\n<strong><span style=\"font-size: 14pt\">ORCID<\/span><\/strong><br \/>\n<a href=\"https:\/\/orcid.org\/0000-0003-1287-1519\"><span style=\"font-size: 14pt\">https:\/\/orcid.org\/0000-0003-1287-1519<\/span><\/a><br \/>\n<strong><span style=\"font-size: 14pt\">Research Gate<\/span><\/strong><br \/>\n<a href=\"https:\/\/www.researchgate.net\/profile\/Monika_Kornacka-Grzonka\"><span style=\"font-size: 14pt\">https:\/\/www.researchgate.net\/profile\/Monika_Kornacka-Grzonka<\/span><\/a><br \/>\n<strong><span style=\"font-size: 14pt\">Academia.edu\u00a0<\/span><\/strong><br \/>\n<a href=\"http:\/\/silesian.academia.edu\/MonikaKornackaGrzonka\"><span style=\"font-size: 14pt\">http:\/\/silesian.academia.edu\/MonikaKornackaGrzonka<\/span><\/a><\/p>\n<p style=\"padding-left: 40px\"><strong><span style=\"font-size: 14pt\">Obszar zainteresowa\u0144 badawczych<\/span><\/strong><\/p>\n<ul>\n<li><span style=\"font-size: 14pt\">komunikowanie i media lokalne <\/span><\/li>\n<li><span style=\"font-size: 14pt\">nowe media<\/span><\/li>\n<li><span style=\"font-size: 14pt\">historia medi\u00f3w<\/span><\/li>\n<li><span style=\"font-size: 14pt\"><span style=\"font-size: 14pt\">to\u017csamo\u015b\u0107 lokalna<\/span><\/span><\/li>\n<\/ul>\n<p>&nbsp;<\/p>\n<p style=\"padding-left: 40px\"><strong><span style=\"font-size: 14pt\">Wybrane publikacje<\/span><\/strong><\/p>\n<p>&nbsp;<\/p>\n<p style=\"padding-left: 40px\"><span style=\"font-size: 14pt\">Professional Autonomy of Local and National Journalists \/ Monika Kornacka-Grzonka.\/\/ W: The Elites of the Media versus the Elites of Politics in Poland. &#8211; Berlin : Peter Lang, 2020. &#8211; S. 63-79. &#8211; ISBN 978-3-631-80067-6<br \/>\n<\/span><br \/>\n<span style=\"font-size: 14pt\">Media lokalne \u015al\u0105ska Cieszy\u0144skiego : historia i wsp\u00f3\u0142czesno\u015b\u0107 \/ Monika Kornacka-Grzonka. &#8211; Katowice : Wydawnictwo Uniwersytetu \u015al\u0105skiego, 2019. &#8211; 266 s. &#8211; (Prace Naukowe Uniwersytetu \u015al\u0105skiego w Katowicach ; 3891) &#8211; ISBN 978-83-226-3592-6 <a href=\"https:\/\/rebus.us.edu.pl\/handle\/20.500.12128\/15579\">https:\/\/rebus.us.edu.pl\/handle\/20.500.12128\/15579<\/a><br \/>\n<\/span><br \/>\n<span style=\"font-size: 14pt\">Lokalne portale internetowe &#8211; przysz\u0142o\u015b\u0107 komunikowania medialnego na poziomie lokalnym \/ Monika Kornacka-Grzonka.\/\/ Stud. Politicae Univ. Sil. &#8211; 2017, t. 18, s. 275-293 <a href=\"https:\/\/rebus.us.edu.pl\/handle\/20.500.12128\/432\">https:\/\/rebus.us.edu.pl\/handle\/20.500.12128\/432<\/a><br \/>\n<\/span><br \/>\n<span style=\"font-size: 14pt\">Narracja medialna wyra\u017cona na ok\u0142adkach wybranych tygodnik\u00f3w opinii podczas parlamentarnej kampanii wyborczej 2015 roku \/ Katarzyna Brzoza, Monika Kornacka-Grzonka.\/\/ Polit. Spo\u0142ecz. &#8211; 2017, nr 4, s. 100-116 <a href=\"https:\/\/rebus.us.edu.pl\/handle\/20.500.12128\/4406\">https:\/\/rebus.us.edu.pl\/handle\/20.500.12128\/4406<\/a><br \/>\n<\/span><br \/>\n<span style=\"font-size: 14pt\">Rola mikroregionalnych portali internetowych w samorz\u0105dowych kampaniach wyborczych 2010-2014 \/ Monika Kornacka-Grzonka.\/\/ Polit. Spo\u0142ecz. &#8211; 2017, nr 1, s. 117-130 <a href=\"https:\/\/rebus.us.edu.pl\/handle\/20.500.12128\/12743\">https:\/\/rebus.us.edu.pl\/handle\/20.500.12128\/12743<\/a><br \/>\n<\/span><br \/>\n<strong><span style=\"font-size: 14pt\">Projekty badawcze\u00a0<\/span><\/strong><\/p>\n<p style=\"padding-left: 40px\"><span style=\"font-size: 14pt\">Powi\u0105zania pomi\u0119dzy elitami sfery medi\u00f3w i polityki w Polsce w perspektywie do\u015bwiadcze\u0144 niemieckich<\/span><br \/>\n<span style=\"font-size: 14pt\">Uczestnik, grant NCN \u2013 OPUS 10, nr 2015\/19\/B\/HS5\/00429<\/span><br \/>\n<span style=\"font-size: 14pt\">Lata 2016-2019<\/span><\/p>\n<p style=\"text-align: center\"><img class=\"alignnone wp-image-991 size-full\" src=\"https:\/\/us.edu.pl\/instytut\/idkm\/wp-content\/uploads\/sites\/30\/Nieprzypisane\/10-marek-mazur.jpg\" alt=\"\" width=\"400\" height=\"570\" srcset=\"https:\/\/us.edu.pl\/instytut\/idkm\/wp-content\/uploads\/sites\/30\/Nieprzypisane\/10-marek-mazur.jpg 400w, https:\/\/us.edu.pl\/instytut\/idkm\/wp-content\/uploads\/sites\/30\/Nieprzypisane\/10-marek-mazur-211x300.jpg 211w\" sizes=\"(max-width: 400px) 100vw, 400px\" \/><\/p>\n<p style=\"text-align: center\"><img class=\"alignnone wp-image-1050 size-full\" src=\"https:\/\/us.edu.pl\/instytut\/idkm\/wp-content\/uploads\/sites\/30\/Nieprzypisane\/14-kornacka-grzonka-01.jpg\" alt=\"\" width=\"400\" height=\"561\" srcset=\"https:\/\/us.edu.pl\/instytut\/idkm\/wp-content\/uploads\/sites\/30\/Nieprzypisane\/14-kornacka-grzonka-01.jpg 400w, https:\/\/us.edu.pl\/instytut\/idkm\/wp-content\/uploads\/sites\/30\/Nieprzypisane\/14-kornacka-grzonka-01-214x300.jpg 214w\" sizes=\"(max-width: 400px) 100vw, 400px\" \/><\/p>\n<p><\/p>","protected":false},"excerpt":{"rendered":"<p>dr Monika Kornacka-Grzonka Adres mailowy monika.kornacka-grzonka@us.edu.pl ORCID https:\/\/orcid.org\/0000-0003-1287-1519 Research Gate https:\/\/www.researchgate.net\/profile\/Monika_Kornacka-Grzonka Academia.edu\u00a0 http:\/\/silesian.academia.edu\/MonikaKornackaGrzonka Obszar zainteresowa\u0144 badawczych komunikowanie i media lokalne nowe media historia medi\u00f3w to\u017csamo\u015b\u0107 lokalna &nbsp; Wybrane publikacje &nbsp; Professional Autonomy of Local and National Journalists \/ Monika Kornacka-Grzonka.\/\/ W: The Elites of the Media versus the Elites of Politics in Poland. &#8211; Berlin [&#8230;]<\/p>\n<p><a class=\"btn btn-secondary understrap-read-more-link\" href=\"https:\/\/us.edu.pl\/instytut\/idkm\/monika-kornacka-grzonka\/\">Read More&#8230;<\/a><\/p>\n","protected":false},"author":202,"featured_media":839,"parent":0,"menu_order":0,"comment_status":"closed","ping_status":"closed","template":"","meta":{"_expiration-date-status":"saved","_expiration-date":0,"_expiration-date-type":"","_expiration-date-categories":[],"_expiration-date-options":[]},"acf":[],"_links":{"self":[{"href":"https:\/\/us.edu.pl\/instytut\/idkm\/wp-json\/wp\/v2\/pages\/809"}],"collection":[{"href":"https:\/\/us.edu.pl\/instytut\/idkm\/wp-json\/wp\/v2\/pages"}],"about":[{"href":"https:\/\/us.edu.pl\/instytut\/idkm\/wp-json\/wp\/v2\/types\/page"}],"author":[{"embeddable":true,"href":"https:\/\/us.edu.pl\/instytut\/idkm\/wp-json\/wp\/v2\/users\/202"}],"replies":[{"embeddable":true,"href":"https:\/\/us.edu.pl\/instytut\/idkm\/wp-json\/wp\/v2\/comments?post=809"}],"version-history":[{"count":8,"href":"https:\/\/us.edu.pl\/instytut\/idkm\/wp-json\/wp\/v2\/pages\/809\/revisions"}],"predecessor-version":[{"id":1051,"href":"https:\/\/us.edu.pl\/instytut\/idkm\/wp-json\/wp\/v2\/pages\/809\/revisions\/1051"}],"wp:featuredmedia":[{"embeddable":true,"href":"https:\/\/us.edu.pl\/instytut\/idkm\/wp-json\/wp\/v2\/media\/839"}],"wp:attachment":[{"href":"https:\/\/us.edu.pl\/instytut\/idkm\/wp-json\/wp\/v2\/media?parent=809"}],"curies":[{"name":"wp","href":"https:\/\/api.w.org\/{rel}","templated":true}]}}