{"id":831,"date":"2020-11-15T11:19:39","date_gmt":"2020-11-15T10:19:39","guid":{"rendered":"https:\/\/us.edu.pl\/instytut\/idkm\/?page_id=831"},"modified":"2020-11-15T16:51:47","modified_gmt":"2020-11-15T15:51:47","slug":"dr-hab-magdalena-slawska","status":"publish","type":"page","link":"https:\/\/us.edu.pl\/instytut\/idkm\/dr-hab-magdalena-slawska\/","title":{"rendered":"dr hab. Magdalena \u015alawska, prof. U\u015a"},"content":{"rendered":"<p><\/p>\n<h3 style=\"text-align: center\">dr hab. Magdalena \u015alawska, prof. U\u015a<\/h3>\n<p style=\"text-align: center\"><img class=\"alignnone wp-image-832 size-full\" src=\"https:\/\/us.edu.pl\/instytut\/idkm\/wp-content\/uploads\/sites\/30\/Nieprzypisane\/magdalena-slawska.jpg\" alt=\"\" width=\"640\" height=\"640\" srcset=\"https:\/\/us.edu.pl\/instytut\/idkm\/wp-content\/uploads\/sites\/30\/Nieprzypisane\/magdalena-slawska.jpg 640w, https:\/\/us.edu.pl\/instytut\/idkm\/wp-content\/uploads\/sites\/30\/Nieprzypisane\/magdalena-slawska-400x400.jpg 400w, https:\/\/us.edu.pl\/instytut\/idkm\/wp-content\/uploads\/sites\/30\/Nieprzypisane\/magdalena-slawska-300x300.jpg 300w, https:\/\/us.edu.pl\/instytut\/idkm\/wp-content\/uploads\/sites\/30\/Nieprzypisane\/magdalena-slawska-575x575.jpg 575w\" sizes=\"(max-width: 640px) 100vw, 640px\" \/><\/p>\n<p style=\"padding-left: 40px\"><span style=\"font-size: 14pt\">Adres mailowy<\/span><br \/>\n<a href=\"mailto:magdalena.slawska@us.edu.pl\"><strong><span style=\"font-size: 14pt\">magdalena.slawska@us.edu.pl<\/span><\/strong><\/a><br \/>\n<span style=\"font-size: 14pt\">ORCID<\/span><br \/>\n<a href=\"https:\/\/orcid.org\/0000-0002-4265-6708\"><strong><span style=\"font-size: 14pt\">https:\/\/orcid.org\/0000-0002-4265-6708<\/span><\/strong><\/a><br \/>\n<span style=\"font-size: 14pt\">Research Gate<\/span><br \/>\n<strong><span style=\"font-size: 14pt\"><a href=\"https:\/\/www.researchgate.net\/profile\/Magdalena_Slawska\">https:\/\/www.researchgate.net\/profile\/Magdalena_Slawska<\/a><br \/>\n<\/span><\/strong><span style=\"font-size: 14pt\">Google Scholar<\/span><br \/>\n<a href=\"https:\/\/scholar.google.pl\/citations?user=Wj5RrrQAAAAJ&amp;hl=pl\"><strong><span style=\"font-size: 14pt\">https:\/\/scholar.google.pl\/citations?user=Wj5RrrQAAAAJ&amp;hl=pl<\/span><\/strong><\/a><\/p>\n<p style=\"padding-left: 40px\"><strong><span style=\"font-size: 14pt\">Obszar zainteresowa\u0144 badawczych<\/span><\/strong><\/p>\n<ul>\n<li><span style=\"font-size: 14pt\">Badania z zakresu mediolingwistyki i genologii medialnej:<\/span><\/li>\n<\/ul>\n<p style=\"padding-left: 80px\"><span style=\"font-size: 14pt\">1. badania nad gatunkami medialnymi;<\/span><br \/>\n<span style=\"font-size: 14pt\">2. badania wok\u00f3\u0142 \u015bwiadomo\u015bci gatunkowej nadawc\u00f3w i odbiorc\u00f3w medi\u00f3w;<\/span><br \/>\n<span style=\"font-size: 14pt\">3. badania dyskursu prasowego i internetowego, ze szczeg\u00f3lnym uwzgl\u0119dnieniem pragmatyki i stylistyki tekst\u00f3w;<\/span><br \/>\n<span style=\"font-size: 14pt\">4. badania nad wizualno\u015bci\u0105 komunikacji, grafizacj\u0105 dyskurs\u00f3w medialnych.<\/span><\/p>\n<p style=\"padding-left: 40px\"><strong><span style=\"font-size: 14pt\">Wybrane publikacje<\/span><\/strong><\/p>\n<p style=\"padding-left: 40px\"><span style=\"font-size: 14pt\">Sztuka medi\u00f3w. O \u015bwiadomo\u015bci gatunkowej dziennikarzy prasowych, Wydawnictwo Uniwersytetu \u015al\u0105skiego, Katowice 2019.<br \/>\n<\/span><br \/>\n<span style=\"font-size: 14pt\">Formy dialogu w gatunkach prasowych, Wydawnictwo Uniwersytetu \u015al\u0105skiego, Katowice 2014.<\/span><br \/>\n<span style=\"font-size: 14pt\"><a href=\"https:\/\/rebus.us.edu.pl\/bitstream\/20.500.12128\/3632\/1\/Slawska_Formy_dialogu_w_gatunkach_prasowych.pdf\" class=\"mtli_attachment mtli_pdf\">https:\/\/rebus.us.edu.pl\/bitstream\/20.500.12128\/3632\/1\/Slawska_Formy_dialogu_w_gatunkach_prasowych.pdf<\/a><br \/>\n<\/span><br \/>\n<span style=\"font-size: 14pt\">Perspektywa genologiczna w badaniu tekst\u00f3w prasowych\/ medialnych, [w:] Wsp\u00f3\u0142czesne media. Problemy i metody bada\u0144 nad mediami, t. II, red. I. Hofman, D. K\u0119pa-Figura, Lublin 2019.<br \/>\n<\/span><br \/>\n<span style=\"font-size: 14pt\">Perspektywa multimodalna w badaniu tekst\u00f3w prasowych, [w:] Wsp\u00f3\u0142czesne media \u2013 media multimodalne, t. I, Zagadnienia og\u00f3lne i teoretyczne. Multimodalno\u015b\u0107 medi\u00f3w drukowanych, red. I. Hofman, D. K\u0119pa-Figura, Lublin 2018.<\/span><br \/>\n<span style=\"font-size: 14pt\"><a href=\"https:\/\/rebus.us.edu.pl\/bitstream\/20.500.12128\/13542\/1\/Slawska_Perspektywa_multimodalna_w_badaniu_tekstow_prasowych.pdf\" class=\"mtli_attachment mtli_pdf\">https:\/\/rebus.us.edu.pl\/bitstream\/20.500.12128\/13542\/1\/Slawska_Perspektywa_multimodalna_w_badaniu_tekstow_prasowych.pdf<\/a><br \/>\n<\/span><br \/>\n<span style=\"font-size: 14pt\">Typologie gatunk\u00f3w medialnych \u2013 przegl\u0105d stanowisk, \u201eForum Lingwistyczne\u201d 2017, nr 4.<\/span><br \/>\n<span style=\"font-size: 14pt\"><a href=\"https:\/\/journals.us.edu.pl\/index.php\/FL\/issue\/view\/659\">https:\/\/journals.us.edu.pl\/index.php\/FL\/issue\/view\/659<\/a><br \/>\n<\/span><br \/>\n<span style=\"font-size: 14pt\">Grafizacja w prasie, czyli o kilku przyk\u0142adach organizacji przestrzennej tekst\u00f3w prasowych, \u201eActa Universitatis Lodziensis. Folia Litteraria Polonica\u201d 2016, nr 2(32): Stylistyka medi\u00f3w, red. Rafa\u0142 Siekiera, Monika Worsowicz.<\/span><br \/>\n<span style=\"font-size: 14pt\"><a href=\"https:\/\/www.researchgate.net\/publication\/317127018_Grafizacja_w_prasie_czyli_o_kilku_przykladach_organizacji_przestrzennej_tekstow_prasowych\">https:\/\/www.researchgate.net\/publication\/317127018_Grafizacja_w_prasie_czyli_o_kilku_przykladach_organizacji_przestrzennej_tekstow_prasowych<\/a><br \/>\n<\/span><span style=\"font-size: 14pt\"><br \/>\nNa przek\u00f3r wyznacznikom gatunkowym \u2013 o antygatunkowo\u015bci, [w:] Wsp\u00f3\u0142czesne media. Media informacyjne, red. I. Hofman, D. K\u0119pa-Figura, t.1, Lublin 2016.<\/span><br \/>\n<a href=\"https:\/\/rebus.us.edu.pl\/bitstream\/20.500.12128\/13541\/1\/Slawska_Na_przekor_wyznacznikom_gatunkowym_o_antygatunkowosci.pdf\" class=\"mtli_attachment mtli_pdf\"><span style=\"font-size: 14pt\">https:\/\/rebus.us.edu.pl\/bitstream\/20.500.12128\/13541\/1\/Slawska_Na_przekor_wyznacznikom_gatunkowym_o_antygatunkowosci.pdf<\/span><\/a><\/p>\n<p style=\"text-align: center\"><img class=\"alignnone wp-image-836 size-full\" src=\"https:\/\/us.edu.pl\/instytut\/idkm\/wp-content\/uploads\/sites\/30\/Nieprzypisane\/03-slawska-02.jpg\" alt=\"\" width=\"400\" height=\"662\" srcset=\"https:\/\/us.edu.pl\/instytut\/idkm\/wp-content\/uploads\/sites\/30\/Nieprzypisane\/03-slawska-02.jpg 400w, https:\/\/us.edu.pl\/instytut\/idkm\/wp-content\/uploads\/sites\/30\/Nieprzypisane\/03-slawska-02-181x300.jpg 181w, https:\/\/us.edu.pl\/instytut\/idkm\/wp-content\/uploads\/sites\/30\/Nieprzypisane\/03-slawska-02-347x575.jpg 347w\" sizes=\"(max-width: 400px) 100vw, 400px\" \/><\/p>\n<p style=\"text-align: center\"><img class=\"alignnone wp-image-835 size-full\" src=\"https:\/\/us.edu.pl\/instytut\/idkm\/wp-content\/uploads\/sites\/30\/Nieprzypisane\/03-slawska-01.jpg\" alt=\"\" width=\"400\" height=\"662\" srcset=\"https:\/\/us.edu.pl\/instytut\/idkm\/wp-content\/uploads\/sites\/30\/Nieprzypisane\/03-slawska-01.jpg 400w, https:\/\/us.edu.pl\/instytut\/idkm\/wp-content\/uploads\/sites\/30\/Nieprzypisane\/03-slawska-01-181x300.jpg 181w, https:\/\/us.edu.pl\/instytut\/idkm\/wp-content\/uploads\/sites\/30\/Nieprzypisane\/03-slawska-01-347x575.jpg 347w\" sizes=\"(max-width: 400px) 100vw, 400px\" \/><\/p>\n<p><\/p>","protected":false},"excerpt":{"rendered":"<p>dr hab. Magdalena \u015alawska, prof. U\u015a Adres mailowy magdalena.slawska@us.edu.pl ORCID https:\/\/orcid.org\/0000-0002-4265-6708 Research Gate https:\/\/www.researchgate.net\/profile\/Magdalena_Slawska Google Scholar https:\/\/scholar.google.pl\/citations?user=Wj5RrrQAAAAJ&amp;hl=pl Obszar zainteresowa\u0144 badawczych Badania z zakresu mediolingwistyki i genologii medialnej: 1. badania nad gatunkami medialnymi; 2. badania wok\u00f3\u0142 \u015bwiadomo\u015bci gatunkowej nadawc\u00f3w i odbiorc\u00f3w medi\u00f3w; 3. badania dyskursu prasowego i internetowego, ze szczeg\u00f3lnym uwzgl\u0119dnieniem pragmatyki i stylistyki tekst\u00f3w; 4. [&#8230;]<\/p>\n<p><a class=\"btn btn-secondary understrap-read-more-link\" href=\"https:\/\/us.edu.pl\/instytut\/idkm\/dr-hab-magdalena-slawska\/\">Read More&#8230;<\/a><\/p>\n","protected":false},"author":202,"featured_media":832,"parent":0,"menu_order":0,"comment_status":"closed","ping_status":"closed","template":"","meta":{"_expiration-date-status":"saved","_expiration-date":0,"_expiration-date-type":"","_expiration-date-categories":[],"_expiration-date-options":[]},"acf":[],"_links":{"self":[{"href":"https:\/\/us.edu.pl\/instytut\/idkm\/wp-json\/wp\/v2\/pages\/831"}],"collection":[{"href":"https:\/\/us.edu.pl\/instytut\/idkm\/wp-json\/wp\/v2\/pages"}],"about":[{"href":"https:\/\/us.edu.pl\/instytut\/idkm\/wp-json\/wp\/v2\/types\/page"}],"author":[{"embeddable":true,"href":"https:\/\/us.edu.pl\/instytut\/idkm\/wp-json\/wp\/v2\/users\/202"}],"replies":[{"embeddable":true,"href":"https:\/\/us.edu.pl\/instytut\/idkm\/wp-json\/wp\/v2\/comments?post=831"}],"version-history":[{"count":7,"href":"https:\/\/us.edu.pl\/instytut\/idkm\/wp-json\/wp\/v2\/pages\/831\/revisions"}],"predecessor-version":[{"id":930,"href":"https:\/\/us.edu.pl\/instytut\/idkm\/wp-json\/wp\/v2\/pages\/831\/revisions\/930"}],"wp:featuredmedia":[{"embeddable":true,"href":"https:\/\/us.edu.pl\/instytut\/idkm\/wp-json\/wp\/v2\/media\/832"}],"wp:attachment":[{"href":"https:\/\/us.edu.pl\/instytut\/idkm\/wp-json\/wp\/v2\/media?parent=831"}],"curies":[{"name":"wp","href":"https:\/\/api.w.org\/{rel}","templated":true}]}}