{"id":989,"date":"2020-11-23T16:02:04","date_gmt":"2020-11-23T15:02:04","guid":{"rendered":"https:\/\/us.edu.pl\/instytut\/idkm\/?page_id=989"},"modified":"2020-12-01T19:04:43","modified_gmt":"2020-12-01T18:04:43","slug":"dr-hab-marek-mazur-prof-us","status":"publish","type":"page","link":"https:\/\/us.edu.pl\/instytut\/idkm\/dr-hab-marek-mazur-prof-us\/","title":{"rendered":"dr hab. Marek Mazur, prof. U\u015a"},"content":{"rendered":"<p><\/p>\n<h3 style=\"text-align: center\">dr hab. Marek Mazur, prof. U\u015a<\/h3>\n<h3 style=\"text-align: center\"><span style=\"font-size: 14pt\"><img class=\"alignnone wp-image-1046 size-full\" src=\"https:\/\/us.edu.pl\/instytut\/idkm\/wp-content\/uploads\/sites\/30\/Nieprzypisane\/marek-mazur.jpg\" alt=\"\" width=\"635\" height=\"630\" srcset=\"https:\/\/us.edu.pl\/instytut\/idkm\/wp-content\/uploads\/sites\/30\/Nieprzypisane\/marek-mazur.jpg 635w, https:\/\/us.edu.pl\/instytut\/idkm\/wp-content\/uploads\/sites\/30\/Nieprzypisane\/marek-mazur-300x298.jpg 300w, https:\/\/us.edu.pl\/instytut\/idkm\/wp-content\/uploads\/sites\/30\/Nieprzypisane\/marek-mazur-575x570.jpg 575w\" sizes=\"(max-width: 635px) 100vw, 635px\" \/><\/span><\/h3>\n<p style=\"padding-left: 40px\"><span style=\"font-size: 14pt\">Adres mailowy<\/span><br \/>\n<a href=\"mailto:marek.mazur@us.edu.pl\"><strong><span style=\"font-size: 14pt\">marek.mazur@us.edu.pl<\/span><\/strong><\/a><br \/>\n<span style=\"font-size: 14pt\">ORCID<\/span><br \/>\n<a href=\"https:\/\/orcid.org\/0000-0002-6684-9790\"><strong><span style=\"font-size: 14pt\">https:\/\/orcid.org\/0000-0002-6684-9790<\/span><\/strong><\/a><br \/>\n<span style=\"font-size: 14pt\">Research Gate<\/span><br \/>\n<a href=\"https:\/\/www.researchgate.net\/profile\/Marek_Mazur2\"><strong><span style=\"font-size: 14pt\">https:\/\/www.researchgate.net\/profile\/Marek_Mazur2<\/span><\/strong><\/a><\/p>\n<p style=\"padding-left: 40px\"><strong><span style=\"font-size: 14pt\">Obszar zainteresowa\u0144 badawczych<\/span><\/strong><\/p>\n<ul>\n<li><span style=\"font-size: 14pt\">profesjonalizacja komunikowania publicznego i politycznego (w tym: marketing polityczny)<\/span><\/li>\n<li><span style=\"font-size: 14pt\">mediatyzacja komunikowania publicznego i politycznego (w tym: relacje medi\u00f3w i polityki, relacjonowanie polityki w mediach) <\/span><\/li>\n<\/ul>\n<p style=\"padding-left: 40px\"><strong><span style=\"font-size: 18.6667px\">Wybrane publikacje<\/span><\/strong><\/p>\n<p style=\"padding-left: 40px\"><span style=\"font-size: 14pt\">M. Mazur, Relacjonowanie wybor\u00f3w samorz\u0105dowych w 2018 roku w publicznej telewizji regionalnej w \u015bwietle za\u0142o\u017ce\u0144 misji publicznej (na przyk\u0142adzie programu informacyjnego \u201eAktualno\u015bci\u201d TVP3 Katowice), Zeszyty Prasoznawcze 2019, t. 62, nr 1, s. 12-30 <\/span><\/p>\n<p style=\"padding-left: 40px\"><span style=\"font-size: 14pt\">M. Mazur, M. Kornacka-Grzonka (red.), Komunikowanie lokalno-regionalne w dobie spo\u0142ecze\u0144stwa medialnego T. 2, Aspekty polityczne, spo\u0142eczne i technologiczne, Wydawnictwo Uniwersytetu \u015al\u0105skiego, Katowice 2018, s. 218 <\/span><\/p>\n<p style=\"padding-left: 40px\"><span style=\"font-size: 14pt\">M. Mazur, Od reprezentanta partii do dominanty wizerunku marki partii &#8211; przegl\u0105d typ\u00f3w personalizacji strategicznej w polskich kampaniach parlamentarnych, Studia Politologiczne Vol. 45 (2017), s. 71-90 <\/span><\/p>\n<p style=\"padding-left: 40px\"><span style=\"font-size: 14pt\">M. Mazur, Partia Razem w prasie opiniotw\u00f3rczej przed wyborami parlamentarnymi w 2015 roku, Polityka Spo\u0142eczna 2017, nr 1, s. 59-72 <\/span><\/p>\n<p style=\"padding-left: 40px\"><span style=\"font-size: 14pt\">M. Mazur, Personalizacja kampanii wyborczej. Przypadek polskich wybor\u00f3w parlamentarnych w 2015 roku, w: Kolczy\u0144ski M. (red.), Polskie wybory 2014-2015: kontekst krajowy i mi\u0119dzynarodowy &#8211; przebieg rywalizacji &#8211; konsekwencje polityczne. T. 1., Wydawnictwo Uniwersytetu \u015al\u0105skiego, Katowice 2017, s. 201-223 <\/span><\/p>\n<p style=\"padding-left: 40px\"><span style=\"font-size: 14pt\">M. Mazur, K. Stelmach, Social media in an electoral campaign: the case of Polish parliamentary campaign in 2015, w: M. Kolczy\u0144ski, M. My\u015bliwiec, M. Jos\u00e9 P\u00e9rez del Pozo (red.), Elections in Poland and Spain and their consequences, Silesian University, Faculty of Public Policies in Opava, Opava 2017, s. 80-95 <\/span><\/p>\n<p style=\"padding-left: 40px\"><span style=\"font-size: 14pt\">M. Mazur Polityka z twarz\u0105. Personalizacja parlamentarnych kampanii wyborczych w Polsce w latach 1993-2011, Uniwersytet \u015al\u0105ski, Katowice 2014, s. 224<\/span><\/p>\n<p style=\"text-align: center\"><img class=\"alignnone wp-image-991 size-full\" src=\"https:\/\/us.edu.pl\/instytut\/idkm\/wp-content\/uploads\/sites\/30\/Nieprzypisane\/10-marek-mazur.jpg\" alt=\"\" width=\"400\" height=\"570\" srcset=\"https:\/\/us.edu.pl\/instytut\/idkm\/wp-content\/uploads\/sites\/30\/Nieprzypisane\/10-marek-mazur.jpg 400w, https:\/\/us.edu.pl\/instytut\/idkm\/wp-content\/uploads\/sites\/30\/Nieprzypisane\/10-marek-mazur-211x300.jpg 211w\" sizes=\"(max-width: 400px) 100vw, 400px\" \/><\/p>\n<p style=\"text-align: center\"><img class=\"alignnone wp-image-1037 size-full\" src=\"https:\/\/us.edu.pl\/instytut\/idkm\/wp-content\/uploads\/sites\/30\/Nieprzypisane\/12-kolczynski-05.jpg\" alt=\"\" width=\"400\" height=\"555\" srcset=\"https:\/\/us.edu.pl\/instytut\/idkm\/wp-content\/uploads\/sites\/30\/Nieprzypisane\/12-kolczynski-05.jpg 400w, https:\/\/us.edu.pl\/instytut\/idkm\/wp-content\/uploads\/sites\/30\/Nieprzypisane\/12-kolczynski-05-216x300.jpg 216w\" sizes=\"(max-width: 400px) 100vw, 400px\" \/><\/p>\n<p style=\"text-align: center\"><img class=\"alignnone wp-image-1048 size-full\" src=\"https:\/\/us.edu.pl\/instytut\/idkm\/wp-content\/uploads\/sites\/30\/Nieprzypisane\/13-marek-mazyr-01.jpg\" alt=\"\" width=\"400\" height=\"554\" srcset=\"https:\/\/us.edu.pl\/instytut\/idkm\/wp-content\/uploads\/sites\/30\/Nieprzypisane\/13-marek-mazyr-01.jpg 400w, https:\/\/us.edu.pl\/instytut\/idkm\/wp-content\/uploads\/sites\/30\/Nieprzypisane\/13-marek-mazyr-01-217x300.jpg 217w\" sizes=\"(max-width: 400px) 100vw, 400px\" \/><\/p>\n<p><\/p>","protected":false},"excerpt":{"rendered":"<p>dr hab. Marek Mazur, prof. U\u015a Adres mailowy marek.mazur@us.edu.pl ORCID https:\/\/orcid.org\/0000-0002-6684-9790 Research Gate https:\/\/www.researchgate.net\/profile\/Marek_Mazur2 Obszar zainteresowa\u0144 badawczych profesjonalizacja komunikowania publicznego i politycznego (w tym: marketing polityczny) mediatyzacja komunikowania publicznego i politycznego (w tym: relacje medi\u00f3w i polityki, relacjonowanie polityki w mediach) Wybrane publikacje M. Mazur, Relacjonowanie wybor\u00f3w samorz\u0105dowych w 2018 roku w publicznej telewizji regionalnej [&#8230;]<\/p>\n<p><a class=\"btn btn-secondary understrap-read-more-link\" href=\"https:\/\/us.edu.pl\/instytut\/idkm\/dr-hab-marek-mazur-prof-us\/\">Read More&#8230;<\/a><\/p>\n","protected":false},"author":202,"featured_media":1046,"parent":0,"menu_order":0,"comment_status":"closed","ping_status":"closed","template":"","meta":{"_expiration-date-status":"saved","_expiration-date":0,"_expiration-date-type":"","_expiration-date-categories":[],"_expiration-date-options":[]},"acf":[],"_links":{"self":[{"href":"https:\/\/us.edu.pl\/instytut\/idkm\/wp-json\/wp\/v2\/pages\/989"}],"collection":[{"href":"https:\/\/us.edu.pl\/instytut\/idkm\/wp-json\/wp\/v2\/pages"}],"about":[{"href":"https:\/\/us.edu.pl\/instytut\/idkm\/wp-json\/wp\/v2\/types\/page"}],"author":[{"embeddable":true,"href":"https:\/\/us.edu.pl\/instytut\/idkm\/wp-json\/wp\/v2\/users\/202"}],"replies":[{"embeddable":true,"href":"https:\/\/us.edu.pl\/instytut\/idkm\/wp-json\/wp\/v2\/comments?post=989"}],"version-history":[{"count":4,"href":"https:\/\/us.edu.pl\/instytut\/idkm\/wp-json\/wp\/v2\/pages\/989\/revisions"}],"predecessor-version":[{"id":1049,"href":"https:\/\/us.edu.pl\/instytut\/idkm\/wp-json\/wp\/v2\/pages\/989\/revisions\/1049"}],"wp:featuredmedia":[{"embeddable":true,"href":"https:\/\/us.edu.pl\/instytut\/idkm\/wp-json\/wp\/v2\/media\/1046"}],"wp:attachment":[{"href":"https:\/\/us.edu.pl\/instytut\/idkm\/wp-json\/wp\/v2\/media?parent=989"}],"curies":[{"name":"wp","href":"https:\/\/api.w.org\/{rel}","templated":true}]}}