{"id":233,"date":"2019-10-30T09:50:36","date_gmt":"2019-10-30T08:50:36","guid":{"rendered":"http:\/\/us.edu.pl\/instytut\/ifil\/?page_id=233"},"modified":"2019-11-08T08:31:34","modified_gmt":"2019-11-08T07:31:34","slug":"instytut-filozofii","status":"publish","type":"page","link":"https:\/\/us.edu.pl\/instytut\/ifil\/instytut-filozofii\/","title":{"rendered":"Instytut Filozofii"},"content":{"rendered":"<p>[vc_row][vc_column]\r\n                <div class=\"text-modules\">\r\n                    <div class=\"container\">\r\n                        \r\n                        <div class=\"text-modules__content\"><p>Wydzia\u0142 Humanistyczny Uniwersytetu \u015al\u0105skiego<\/p>\n<p><strong>W\u0142adze:<\/strong><br \/>\ndyrektor instytutu dr hab. Dariusz Kubok<br \/>\nzast\u0119pca dyrektora instytutu dr hab. Tomasz Kubalica<\/p>\n<p><strong>Dane kontaktowe:<\/strong><br \/>\nul. Bankowa 11, 40-007 Katowice<br \/>\n<a href=\"https:\/\/www.google.pl\/maps\/place\/Wydzia%C5%82+Nauk+Spo%C5%82ecznych+Uniwersytetu+%C5%9Al%C4%85skiego+w+Katowicach\/@50.2604204,19.0301442,17z\/data=!3m1!4b1!4m5!3m4!1s0x4716ce369c6850e9:0xff9e906312a1440e!8m2!3d50.260417!4d19.0323329\">Lokalizacja na mapie Google<\/a><\/p>\n<p>Nowa strona internetowa instytutu jest obecnie w budowie.<\/p>\n<\/div>\r\n                    <\/div>\r\n                <\/div>[\/vc_column][\/vc_row]<\/p>","protected":false},"excerpt":{"rendered":"<p>[vc_row][vc_column][\/vc_column][\/vc_row] [&#8230;]<\/p>\n<p><a class=\"btn btn-secondary understrap-read-more-link\" href=\"https:\/\/us.edu.pl\/instytut\/ifil\/instytut-filozofii\/\">Read More&#8230;<\/a><\/p>\n","protected":false},"author":24,"featured_media":0,"parent":0,"menu_order":0,"comment_status":"closed","ping_status":"closed","template":"","meta":{"_expiration-date-status":"saved","_expiration-date":0,"_expiration-date-type":"","_expiration-date-categories":[],"_expiration-date-options":[]},"acf":[],"_links":{"self":[{"href":"https:\/\/us.edu.pl\/instytut\/ifil\/wp-json\/wp\/v2\/pages\/233"}],"collection":[{"href":"https:\/\/us.edu.pl\/instytut\/ifil\/wp-json\/wp\/v2\/pages"}],"about":[{"href":"https:\/\/us.edu.pl\/instytut\/ifil\/wp-json\/wp\/v2\/types\/page"}],"author":[{"embeddable":true,"href":"https:\/\/us.edu.pl\/instytut\/ifil\/wp-json\/wp\/v2\/users\/24"}],"replies":[{"embeddable":true,"href":"https:\/\/us.edu.pl\/instytut\/ifil\/wp-json\/wp\/v2\/comments?post=233"}],"version-history":[{"count":12,"href":"https:\/\/us.edu.pl\/instytut\/ifil\/wp-json\/wp\/v2\/pages\/233\/revisions"}],"predecessor-version":[{"id":319,"href":"https:\/\/us.edu.pl\/instytut\/ifil\/wp-json\/wp\/v2\/pages\/233\/revisions\/319"}],"wp:attachment":[{"href":"https:\/\/us.edu.pl\/instytut\/ifil\/wp-json\/wp\/v2\/media?parent=233"}],"curies":[{"name":"wp","href":"https:\/\/api.w.org\/{rel}","templated":true}]}}

<p>[vc_row][vc_column]
                <div class="text-modules">
                    <div class="container">
                        
                        <div class="text-modules__content"><p>Wydział Humanistyczny Uniwersytetu Śląskiego</p>
<p><strong>Władze:</strong><br />
dyrektor instytutu dr hab. Dariusz Kubok<br />
zastępca dyrektora instytutu dr hab. Tomasz Kubalica</p>
<p><strong>Dane kontaktowe:</strong><br />
ul. Bankowa 11, 40-007 Katowice<br />
<a href="https://www.google.pl/maps/place/Wydzia%C5%82+Nauk+Spo%C5%82ecznych+Uniwersytetu+%C5%9Al%C4%85skiego+w+Katowicach/@50.2604204,19.0301442,17z/data=!3m1!4b1!4m5!3m4!1s0x4716ce369c6850e9:0xff9e906312a1440e!8m2!3d50.260417!4d19.0323329">Lokalizacja na mapie Google</a></p>
<p>Nowa strona internetowa instytutu jest obecnie w budowie.</p>
</div>
                    </div>
                </div>[/vc_column][/vc_row]</p>
