{"id":6594,"date":"2025-03-24T15:14:35","date_gmt":"2025-03-24T14:14:35","guid":{"rendered":"https:\/\/us.edu.pl\/instytut\/ifiz\/?post_type=event&#038;p=6594"},"modified":"2025-03-24T15:14:35","modified_gmt":"2025-03-24T14:14:35","slug":"mosty-do-przyszlosci-wspolpraca-nauczycieli-i-uczelni-w-promowaniu-nauk-scislych-i-przyrodniczych","status":"publish","type":"event","link":"https:\/\/us.edu.pl\/instytut\/ifiz\/event\/mosty-do-przyszlosci-wspolpraca-nauczycieli-i-uczelni-w-promowaniu-nauk-scislych-i-przyrodniczych\/","title":{"rendered":"Mosty do przysz\u0142o\u015bci: Wsp\u00f3\u0142praca nauczycieli i uczelni w promowaniu nauk \u015bcis\u0142ych i przyrodniczych"},"content":{"rendered":"<p><\/p>\n<div class=\"mainContent\">\n<div class=\"col2\">\n<div class=\"conference-page\">\n<div class=\"page-content\">\n<div class=\"conferenceDetails\">\n<div class=\"description js-mathjax editor-output\">\n<p><span style=\"font-size: 14pt;\">Celem konferencji jest stworzenie platformy wymiany do\u015bwiadcze\u0144 pomi\u0119dzy nauczycielami fizyki i biologii a przedstawicielami Instytutu Fizyki im. Augusta Che\u0142kowskiego Uniwersytetu \u015al\u0105skiego. Wsp\u00f3lnie opracujemy efektywn\u0105 strategi\u0119 promocji kierunk\u00f3w nauk \u015bcis\u0142ych i przyrodniczych, szczeg\u00f3lnie tych oferowanych przez Instytut Fizyki. W trakcie wydarzenia om\u00f3wimy najnowsze metody anga\u017cowania m\u0142odzie\u017cy, podzielimy si\u0119 najlepszymi praktykami i zaplanujemy dzia\u0142ania na rzecz popularyzacji kierunk\u00f3w oferowanych przez IF w latach 2025\u20132027. W programie znajd\u0105 si\u0119 wyk\u0142ady oraz panele dyskusyjne. Konferencja jest okazj\u0105 do nawi\u0105zania bli\u017cszej wsp\u00f3\u0142pracy mi\u0119dzy \u015brodowiskiem akademickim a szko\u0142ami, wspieraj\u0105c rozw\u00f3j m\u0142odych talent\u00f3w w naukach \u015bcis\u0142ych.\u00a0<\/span><\/p>\n<\/div>\n<\/div>\n<\/div>\n<\/div>\n<\/div>\n<\/div>\n<p><\/p>","protected":false},"excerpt":{"rendered":"<p>Celem konferencji jest stworzenie platformy wymiany do\u015bwiadcze\u0144 pomi\u0119dzy nauczycielami fizyki i biologii a przedstawicielami Instytutu Fizyki im. Augusta Che\u0142kowskiego Uniwersytetu \u015al\u0105skiego. Wsp\u00f3lnie opracujemy efektywn\u0105 strategi\u0119 promocji kierunk\u00f3w nauk \u015bcis\u0142ych i przyrodniczych, szczeg\u00f3lnie tych oferowanych przez Instytut Fizyki. W trakcie wydarzenia om\u00f3wimy najnowsze metody anga\u017cowania m\u0142odzie\u017cy, podzielimy si\u0119 najlepszymi praktykami i zaplanujemy dzia\u0142ania na rzecz popularyzacji [&#8230;]<\/p>\n<p><a class=\"btn btn-secondary understrap-read-more-link\" href=\"https:\/\/us.edu.pl\/instytut\/ifiz\/event\/mosty-do-przyszlosci-wspolpraca-nauczycieli-i-uczelni-w-promowaniu-nauk-scislych-i-przyrodniczych\/\">Read More&#8230;<\/a><\/p>\n","protected":false},"author":6706,"featured_media":6606,"template":"","meta":{"_expiration-date-status":"","_expiration-date":0,"_expiration-date-type":"","_expiration-date-categories":[],"_expiration-date-options":[]},"acf":[],"_links":{"self":[{"href":"https:\/\/us.edu.pl\/instytut\/ifiz\/wp-json\/wp\/v2\/event\/6594"}],"collection":[{"href":"https:\/\/us.edu.pl\/instytut\/ifiz\/wp-json\/wp\/v2\/event"}],"about":[{"href":"https:\/\/us.edu.pl\/instytut\/ifiz\/wp-json\/wp\/v2\/types\/event"}],"author":[{"embeddable":true,"href":"https:\/\/us.edu.pl\/instytut\/ifiz\/wp-json\/wp\/v2\/users\/6706"}],"version-history":[{"count":0,"href":"https:\/\/us.edu.pl\/instytut\/ifiz\/wp-json\/wp\/v2\/event\/6594\/revisions"}],"wp:featuredmedia":[{"embeddable":true,"href":"https:\/\/us.edu.pl\/instytut\/ifiz\/wp-json\/wp\/v2\/media\/6606"}],"wp:attachment":[{"href":"https:\/\/us.edu.pl\/instytut\/ifiz\/wp-json\/wp\/v2\/media?parent=6594"}],"curies":[{"name":"wp","href":"https:\/\/api.w.org\/{rel}","templated":true}]}}

Mosty do przyszłości: Współpraca nauczycieli i uczelni w promowaniu nauk ścisłych i przyrodniczych

<p></p>
<div class="mainContent">
<div class="col2">
<div class="conference-page">
<div class="page-content">
<div class="conferenceDetails">
<div class="description js-mathjax editor-output">
<p><span style="font-size: 14pt;">Celem konferencji jest stworzenie platformy wymiany doświadczeń pomiędzy nauczycielami fizyki i biologii a przedstawicielami Instytutu Fizyki im. Augusta Chełkowskiego Uniwersytetu Śląskiego. Wspólnie opracujemy efektywną strategię promocji kierunków nauk ścisłych i przyrodniczych, szczególnie tych oferowanych przez Instytut Fizyki. W trakcie wydarzenia omówimy najnowsze metody angażowania młodzieży, podzielimy się najlepszymi praktykami i zaplanujemy działania na rzecz popularyzacji kierunków oferowanych przez IF w latach 2025–2027. W programie znajdą się wykłady oraz panele dyskusyjne. Konferencja jest okazją do nawiązania bliższej współpracy między środowiskiem akademickim a szkołami, wspierając rozwój młodych talentów w naukach ścisłych. </span></p>
</div>
</div>
</div>
</div>
</div>
</div>
<p></p>

<p>Celem konferencji jest stworzenie platformy wymiany doświadczeń pomiędzy nauczycielami fizyki i biologii a przedstawicielami Instytutu Fizyki im. Augusta Chełkowskiego Uniwersytetu Śląskiego. Wspólnie opracujemy efektywną strategię promocji kierunków nauk ścisłych i przyrodniczych, szczególnie tych oferowanych przez Instytut Fizyki. W trakcie wydarzenia omówimy najnowsze metody angażowania młodzieży, podzielimy się najlepszymi praktykami i zaplanujemy działania na rzecz popularyzacji [&#8230;]</p>
<p><a class="btn btn-secondary understrap-read-more-link" href="https://us.edu.pl/instytut/ifiz/event/mosty-do-przyszlosci-wspolpraca-nauczycieli-i-uczelni-w-promowaniu-nauk-scislych-i-przyrodniczych/">Read More&#8230;</a></p>
