{"id":7666,"date":"2025-08-26T12:06:37","date_gmt":"2025-08-26T10:06:37","guid":{"rendered":"https:\/\/us.edu.pl\/instytut\/ifiz\/?post_type=event&#038;p=7666"},"modified":"2025-08-26T12:10:33","modified_gmt":"2025-08-26T10:10:33","slug":"the-future-of-particle-physics-prof-dr-sven-olaf-moch-wyklada","status":"publish","type":"event","link":"https:\/\/us.edu.pl\/instytut\/ifiz\/event\/the-future-of-particle-physics-prof-dr-sven-olaf-moch-wyklada\/","title":{"rendered":"The future of particle physics &#8211; Prof. Dr. Sven-Olaf Moch &#8211; wyk\u0142ad"},"content":{"rendered":"<p>[vc_row][vc_column]\r\n                <div class=\"text-modules\">\r\n                    <div class=\"container\">\r\n                        \r\n                        <div class=\"text-modules__content\"><p><span style=\"font-size: 12.0pt; font-family: 'Verdana',sans-serif;\">Szanowni Pa\u0144stwo,<\/span><\/p>\n<p><span style=\"font-size: 12.0pt; font-family: 'Verdana',sans-serif;\">w dniu 18 wrze\u015bnia o godz. 18.00 w ramach konferencji fizyki &#8222;Matter to the Deepest&#8221; organizowanej przez grup\u0119 Teorii i Fenomenologii Fizyki Cz\u0105stek (<a href=\"https:\/\/czastki.us.edu.pl\/\" target=\"_blank\" rel=\"noopener\">https:\/\/czastki.us.edu.pl\/<\/a>) w Instytucie Fizyki na Wydziale Nauk \u015acis\u0142ych i Technicznych Uniwersytetu \u015al\u0105skiego w Katowicach\u00a0 odb\u0119dzie si\u0119 wyk\u0142ad popularnonaukowy<\/span><\/p>\n<p><span style=\"font-size: 12.0pt; font-family: 'Verdana',sans-serif;\">&#8222;The future of particle physics&#8221;<\/span><\/p>\n<p><span style=\"font-size: 12.0pt; font-family: 'Verdana',sans-serif;\">kt\u00f3ry wyg\u0142osi Prof. Dr. Sven-Olaf Moch z\u00a0 Universitetu w Hamburgu (miejsce: Spinplace, Bankowa 5, Katowice).<\/span><\/p>\n<p><span style=\"font-size: 12.0pt; font-family: 'Verdana',sans-serif;\">Szczeg\u00f3\u0142y wydarzenia znajduj\u0105 si\u0119 na stronie:<\/span><\/p>\n<p><span style=\"font-size: 12.0pt; font-family: 'Verdana',sans-serif;\"><a href=\"https:\/\/indico.if.us.edu.pl\/event\/21\/page\/139-public-talk-by-prof-dr-sven-olaf-moch\" target=\"_blank\" rel=\"noopener\">https:\/\/indico.if.us.edu.pl\/event\/21\/page\/139-public-talk-by-prof-dr-sven-olaf-moch<\/a><\/span><\/p>\n<p><span style=\"font-size: 12.0pt; font-family: 'Verdana',sans-serif;\">Na powy\u017cszej stronie znajduje si\u0119 bogate CV profesora Mocha, kt\u00f3ry prowadzi grant ERC dotycz\u0105cy teorii dla EIC (zatwierdzony w USA projekt zderzacza elektronowo-jonowego).\u00a0<\/span><\/p>\n<p><span class=\"v1v1v1v1gmail-rynqvb\"><span style=\"font-size: 12.0pt; font-family: 'Verdana',sans-serif;\">Podczas wyk\u0142adu zostan\u0105 om\u00f3wione prze\u0142omowe odkrycia w fizyce cz\u0105stek elementarnych, wiod\u0105ce aktualne eksperymenty takie jak LHC w CERN-ie i plany dotycz\u0105ce przysz\u0142ych akcelerator\u00f3w. Planujemy 40 minutowy wyk\u0142ad oraz do 20 minut dyskusji i pyta\u0144, w\u0142\u0105czaj\u0105c w to pytania s\u0142uchaczy.<\/span><\/span><\/p>\n<p><span class=\"v1v1v1v1gmail-rynqvb\"><span style=\"font-size: 12.0pt; font-family: 'Verdana',sans-serif;\">Serdecznie zapraszamy nauczycieli, uczni\u00f3w oraz wszystkich interesuj\u0105cych si\u0119 \u015bwiatem fizyki w mikroskali i jej pograniczem &#8211; astrofizyk\u0105, kosmologi\u0105 i zwi\u0105zkiem fizyki wysokich energii z rozwojem fizyki nadprzewodnik\u00f3w, silnych p\u00f3l magnetycznych, kriofizyki, analizy danych, kt\u00f3re s\u0105 niezb\u0119dne w eksperymentach fizyki cz\u0105stek elementarnych.\u00a0 \u00a0 <\/span><\/span><\/p>\n<p><span style=\"font-size: 12.0pt; font-family: 'Verdana',sans-serif;\">Zapraszamy!<\/span><\/p>\n<p><span style=\"font-size: 12.0pt; font-family: 'Verdana',sans-serif;\">prof. dr. hab. Janusz Gluza<\/span><\/p>\n<p><span style=\"font-size: 12.0pt; font-family: 'Verdana',sans-serif;\">w imieniu organizator\u00f3w MTTD 2025<\/span><\/p>\n<\/div>\r\n                    <\/div>\r\n                <\/div>[\/vc_column][\/vc_row]<\/p>","protected":false},"excerpt":{"rendered":"<p>[vc_row][vc_column][\/vc_column][\/vc_row] [&#8230;]<\/p>\n<p><a class=\"btn btn-secondary understrap-read-more-link\" href=\"https:\/\/us.edu.pl\/instytut\/ifiz\/event\/the-future-of-particle-physics-prof-dr-sven-olaf-moch-wyklada\/\">Read More&#8230;<\/a><\/p>\n","protected":false},"author":104,"featured_media":0,"template":"","meta":{"_expiration-date-status":"","_expiration-date":0,"_expiration-date-type":"","_expiration-date-categories":[],"_expiration-date-options":[]},"acf":[],"_links":{"self":[{"href":"https:\/\/us.edu.pl\/instytut\/ifiz\/wp-json\/wp\/v2\/event\/7666"}],"collection":[{"href":"https:\/\/us.edu.pl\/instytut\/ifiz\/wp-json\/wp\/v2\/event"}],"about":[{"href":"https:\/\/us.edu.pl\/instytut\/ifiz\/wp-json\/wp\/v2\/types\/event"}],"author":[{"embeddable":true,"href":"https:\/\/us.edu.pl\/instytut\/ifiz\/wp-json\/wp\/v2\/users\/104"}],"version-history":[{"count":0,"href":"https:\/\/us.edu.pl\/instytut\/ifiz\/wp-json\/wp\/v2\/event\/7666\/revisions"}],"wp:attachment":[{"href":"https:\/\/us.edu.pl\/instytut\/ifiz\/wp-json\/wp\/v2\/media?parent=7666"}],"curies":[{"name":"wp","href":"https:\/\/api.w.org\/{rel}","templated":true}]}}

The future of particle physics &#8211; Prof. Dr. Sven-Olaf Moch &#8211; wykład

<p>[vc_row][vc_column]
                <div class="text-modules">
                    <div class="container">
                        
                        <div class="text-modules__content"><p><span style="font-size: 12.0pt; font-family: 'Verdana',sans-serif;">Szanowni Państwo,</span></p>
<p><span style="font-size: 12.0pt; font-family: 'Verdana',sans-serif;">w dniu 18 września o godz. 18.00 w ramach konferencji fizyki &#8222;Matter to the Deepest&#8221; organizowanej przez grupę Teorii i Fenomenologii Fizyki Cząstek (<a href="https://czastki.us.edu.pl/" target="_blank" rel="noopener">https://czastki.us.edu.pl/</a>) w Instytucie Fizyki na Wydziale Nauk Ścisłych i Technicznych Uniwersytetu Śląskiego w Katowicach  odbędzie się wykład popularnonaukowy</span></p>
<p><span style="font-size: 12.0pt; font-family: 'Verdana',sans-serif;">&#8222;The future of particle physics&#8221;</span></p>
<p><span style="font-size: 12.0pt; font-family: 'Verdana',sans-serif;">który wygłosi Prof. Dr. Sven-Olaf Moch z  Universitetu w Hamburgu (miejsce: Spinplace, Bankowa 5, Katowice).</span></p>
<p><span style="font-size: 12.0pt; font-family: 'Verdana',sans-serif;">Szczegóły wydarzenia znajdują się na stronie:</span></p>
<p><span style="font-size: 12.0pt; font-family: 'Verdana',sans-serif;"><a href="https://indico.if.us.edu.pl/event/21/page/139-public-talk-by-prof-dr-sven-olaf-moch" target="_blank" rel="noopener">https://indico.if.us.edu.pl/event/21/page/139-public-talk-by-prof-dr-sven-olaf-moch</a></span></p>
<p><span style="font-size: 12.0pt; font-family: 'Verdana',sans-serif;">Na powyższej stronie znajduje się bogate CV profesora Mocha, który prowadzi grant ERC dotyczący teorii dla EIC (zatwierdzony w USA projekt zderzacza elektronowo-jonowego). </span></p>
<p><span class="v1v1v1v1gmail-rynqvb"><span style="font-size: 12.0pt; font-family: 'Verdana',sans-serif;">Podczas wykładu zostaną omówione przełomowe odkrycia w fizyce cząstek elementarnych, wiodące aktualne eksperymenty takie jak LHC w CERN-ie i plany dotyczące przyszłych akceleratorów. Planujemy 40 minutowy wykład oraz do 20 minut dyskusji i pytań, włączając w to pytania słuchaczy.</span></span></p>
<p><span class="v1v1v1v1gmail-rynqvb"><span style="font-size: 12.0pt; font-family: 'Verdana',sans-serif;">Serdecznie zapraszamy nauczycieli, uczniów oraz wszystkich interesujących się światem fizyki w mikroskali i jej pograniczem &#8211; astrofizyką, kosmologią i związkiem fizyki wysokich energii z rozwojem fizyki nadprzewodników, silnych pól magnetycznych, kriofizyki, analizy danych, które są niezbędne w eksperymentach fizyki cząstek elementarnych.    </span></span></p>
<p><span style="font-size: 12.0pt; font-family: 'Verdana',sans-serif;">Zapraszamy!</span></p>
<p><span style="font-size: 12.0pt; font-family: 'Verdana',sans-serif;">prof. dr. hab. Janusz Gluza</span></p>
<p><span style="font-size: 12.0pt; font-family: 'Verdana',sans-serif;">w imieniu organizatorów MTTD 2025</span></p>
</div>
                    </div>
                </div>[/vc_column][/vc_row]</p>
