{"id":5689,"date":"2023-12-18T21:23:14","date_gmt":"2023-12-18T20:23:14","guid":{"rendered":"https:\/\/us.edu.pl\/instytut\/ifiz\/?post_type=multimedia&#038;p=5689"},"modified":"2024-11-19T14:04:48","modified_gmt":"2024-11-19T13:04:48","slug":"rok-kopernika-kosmos-i-my-dr-waldemar-ogloza-wstrzymal-ruszyl-i-co-dalej-czyli-skad-wiemy-ze-kopernik-mial-racje","status":"publish","type":"multimedia","link":"https:\/\/us.edu.pl\/instytut\/ifiz\/multimedia\/rok-kopernika-kosmos-i-my-dr-waldemar-ogloza-wstrzymal-ruszyl-i-co-dalej-czyli-skad-wiemy-ze-kopernik-mial-racje\/","title":{"rendered":"Rok Kopernika: Kosmos i My | Dr Waldemar Og\u0142oza, Wstrzyma\u0142 \u2026, ruszy\u0142 \u2026, . i co dalej \u2026? czyli sk\u0105d wiemy, \u017ce Kopernik mia\u0142 racj\u0119"},"content":{"rendered":"<p>https:\/\/youtu.be\/dxPFDjahrCs?start=15294&amp;end=17944<\/p>","protected":false},"excerpt":{"rendered":"<p>https:\/\/youtu.be\/dxPFDjahrCs?start=15294&amp;end=17944 [&#8230;]<\/p>\n<p><a class=\"btn btn-secondary understrap-read-more-link\" href=\"https:\/\/us.edu.pl\/instytut\/ifiz\/multimedia\/rok-kopernika-kosmos-i-my-dr-waldemar-ogloza-wstrzymal-ruszyl-i-co-dalej-czyli-skad-wiemy-ze-kopernik-mial-racje\/\">Read More&#8230;<\/a><\/p>\n","protected":false},"author":6706,"featured_media":5690,"template":"","meta":{"_expiration-date-status":"","_expiration-date":0,"_expiration-date-type":"","_expiration-date-categories":[],"_expiration-date-options":[]},"acf":[],"_links":{"self":[{"href":"https:\/\/us.edu.pl\/instytut\/ifiz\/wp-json\/wp\/v2\/multimedia\/5689"}],"collection":[{"href":"https:\/\/us.edu.pl\/instytut\/ifiz\/wp-json\/wp\/v2\/multimedia"}],"about":[{"href":"https:\/\/us.edu.pl\/instytut\/ifiz\/wp-json\/wp\/v2\/types\/multimedia"}],"author":[{"embeddable":true,"href":"https:\/\/us.edu.pl\/instytut\/ifiz\/wp-json\/wp\/v2\/users\/6706"}],"version-history":[{"count":0,"href":"https:\/\/us.edu.pl\/instytut\/ifiz\/wp-json\/wp\/v2\/multimedia\/5689\/revisions"}],"wp:featuredmedia":[{"embeddable":true,"href":"https:\/\/us.edu.pl\/instytut\/ifiz\/wp-json\/wp\/v2\/media\/5690"}],"wp:attachment":[{"href":"https:\/\/us.edu.pl\/instytut\/ifiz\/wp-json\/wp\/v2\/media?parent=5689"}],"curies":[{"name":"wp","href":"https:\/\/api.w.org\/{rel}","templated":true}]}}

Rok Kopernika: Kosmos i My | Dr Waldemar Ogłoza, Wstrzymał …, ruszył …, . i co dalej …? czyli skąd wiemy, że Kopernik miał rację
