{"id":6411,"date":"2025-02-11T13:37:03","date_gmt":"2025-02-11T12:37:03","guid":{"rendered":"https:\/\/us.edu.pl\/instytut\/ifiz\/?post_type=multimedia&#038;p=6411"},"modified":"2025-02-25T17:06:33","modified_gmt":"2025-02-25T16:06:33","slug":"ucz-sie-poprzez-dzialanie-studiuj-biofizyke-u-nas","status":"publish","type":"multimedia","link":"https:\/\/us.edu.pl\/instytut\/ifiz\/multimedia\/ucz-sie-poprzez-dzialanie-studiuj-biofizyke-u-nas\/","title":{"rendered":"Ucz si\u0119 poprzez dzia\u0142anie &#8211; studiuj biofizyk\u0119 u nas!"},"content":{"rendered":"<p>[vc_row][vc_column width=&#8221;1\/2&#8243;][vc_column_text]<\/p>\n<div style=\"width: 640px;\" class=\"wp-video\"><!--[if lt IE 9]><script>document.createElement('video');<\/script><![endif]-->\n<video class=\"wp-video-shortcode\" id=\"video-6411-1\" width=\"640\" height=\"1138\" preload=\"metadata\" controls=\"controls\"><source type=\"video\/mp4\" src=\"https:\/\/us.edu.pl\/instytut\/ifiz\/wp-content\/uploads\/sites\/39\/2019\/11\/1filmik_laboratoria.mp4?_=1\" \/><a href=\"https:\/\/us.edu.pl\/instytut\/ifiz\/wp-content\/uploads\/sites\/39\/2019\/11\/1filmik_laboratoria.mp4\">https:\/\/us.edu.pl\/instytut\/ifiz\/wp-content\/uploads\/sites\/39\/2019\/11\/1filmik_laboratoria.mp4<\/a><\/video><\/div>\n<p>[\/vc_column_text][\/vc_column][vc_column width=&#8221;1\/2&#8243;]\r\n                <div class=\"text-modules\">\r\n                    <div class=\"container\">\r\n                        <h3 class=\"page-title text__title\">Ucz si\u0119 poprzez dzia\u0142anie \u2013 praktyczne zaj\u0119cia laboratoryjne w programie kierunku Biofizyka!<\/h3>\r\n                        <div class=\"text-modules__content\"><p><span style=\"font-size: 14pt;\">Posiadamy wyspecjalizowane, \u015bwietnie wyposa\u017cone laboratoria dydaktyczne i naukowe pozwalaj\u0105ce studentom rozpocz\u0105\u0107 swoj\u0105 przygod\u0119 z najnowocze\u015bniejsz\u0105 technologi\u0105 i aktualnymi trendami w nauce.<\/span><\/p>\n<p><span style=\"font-size: 14pt;\">Wi\u0119cej informacji o kierunku i rekrutacji znajdziesz na stronie:<\/span><\/p>\n<p><span style=\"font-size: 14pt;\"><a id=\"menurb1\" class=\"fui-Link ___1q1shib f2hkw1w f3rmtva f1ewtqcl fyind8e f1k6fduh f1w7gpdv fk6fouc fjoy568 figsok6 f1s184ao f1mk8lai fnbmjn9 f1o700av f13mvf36 f1cmlufx f9n3di6 f1ids18y f1tx3yz7 f1deo86v f1eh06m1 f1iescvh fhgqx19 f1olyrje f1p93eir f1nev41a f1h8hb77 f1lqvz6u f10aw75t fsle3fq f17ae5zn\" title=\"https:\/\/us.edu.pl\/wydzial\/wnst\/studia\/kandydat\/oferta-dydaktyczna\/biofizyka\/\" href=\"https:\/\/us.edu.pl\/wydzial\/wnst\/studia\/kandydat\/oferta-dydaktyczna\/biofizyka\/\" target=\"_blank\" rel=\"noreferrer noopener\" aria-label=\"Link https:\/\/us.edu.pl\/wydzial\/wnst\/studia\/kandydat\/oferta-dydaktyczna\/biofizyka\/\">https:\/\/us.edu.pl\/wydzial\/wnst\/studia\/kandydat\/oferta-dydaktyczna\/biofizyka\/<\/a><\/span><\/p>\n<p><span style=\"font-size: 14pt;\"><strong>I TURA REKRUTACJI OD 2 CZERWCA DO 11 LIPCA!<\/strong><\/span><\/p>\n<p><span style=\"font-size: 14pt;\">#biofizyka, #biofizykafarmaceutyczna, #rekrutacja, #zosta\u0144naukowcem, #WNSiT, #zosta\u0144studentem, #pasjonacinauki<\/span><\/p>\n<\/div>\r\n                    <\/div>\r\n                <\/div>[\/vc_column][\/vc_row]<\/p>","protected":false},"excerpt":{"rendered":"<p>[vc_row][vc_column width=&#8221;1\/2&#8243;][vc_column_text] [\/vc_column_text][\/vc_column][vc_column width=&#8221;1\/2&#8243;][\/vc_column][\/vc_row] [&#8230;]<\/p>\n<p><a class=\"btn btn-secondary understrap-read-more-link\" href=\"https:\/\/us.edu.pl\/instytut\/ifiz\/multimedia\/ucz-sie-poprzez-dzialanie-studiuj-biofizyke-u-nas\/\">Read More&#8230;<\/a><\/p>\n","protected":false},"author":6706,"featured_media":6439,"template":"","meta":{"_expiration-date-status":"","_expiration-date":0,"_expiration-date-type":"","_expiration-date-categories":[],"_expiration-date-options":[]},"acf":[],"_links":{"self":[{"href":"https:\/\/us.edu.pl\/instytut\/ifiz\/wp-json\/wp\/v2\/multimedia\/6411"}],"collection":[{"href":"https:\/\/us.edu.pl\/instytut\/ifiz\/wp-json\/wp\/v2\/multimedia"}],"about":[{"href":"https:\/\/us.edu.pl\/instytut\/ifiz\/wp-json\/wp\/v2\/types\/multimedia"}],"author":[{"embeddable":true,"href":"https:\/\/us.edu.pl\/instytut\/ifiz\/wp-json\/wp\/v2\/users\/6706"}],"version-history":[{"count":0,"href":"https:\/\/us.edu.pl\/instytut\/ifiz\/wp-json\/wp\/v2\/multimedia\/6411\/revisions"}],"wp:featuredmedia":[{"embeddable":true,"href":"https:\/\/us.edu.pl\/instytut\/ifiz\/wp-json\/wp\/v2\/media\/6439"}],"wp:attachment":[{"href":"https:\/\/us.edu.pl\/instytut\/ifiz\/wp-json\/wp\/v2\/media?parent=6411"}],"curies":[{"name":"wp","href":"https:\/\/api.w.org\/{rel}","templated":true}]}}

Ucz się poprzez działanie &#8211; studiuj biofizykę u nas!

<p>[vc_row][vc_column width=&#8221;1/2&#8243;][vc_column_text]</p>
<div style="width: 640px;" class="wp-video"><!--[if lt IE 9]><script>document.createElement('video');</script><![endif]-->
<video class="wp-video-shortcode" id="video-6411-1" width="640" height="1138" preload="metadata" controls="controls"><source type="video/mp4" src="https://us.edu.pl/instytut/ifiz/wp-content/uploads/sites/39/2019/11/1filmik_laboratoria.mp4?_=1" /><a href="https://us.edu.pl/instytut/ifiz/wp-content/uploads/sites/39/2019/11/1filmik_laboratoria.mp4">https://us.edu.pl/instytut/ifiz/wp-content/uploads/sites/39/2019/11/1filmik_laboratoria.mp4</a></video></div>
<p>[/vc_column_text][/vc_column][vc_column width=&#8221;1/2&#8243;]
                <div class="text-modules">
                    <div class="container">
                        <h3 class="page-title text__title">Ucz się poprzez działanie – praktyczne zajęcia laboratoryjne w programie kierunku Biofizyka!</h3>
                        <div class="text-modules__content"><p><span style="font-size: 14pt;">Posiadamy wyspecjalizowane, świetnie wyposażone laboratoria dydaktyczne i naukowe pozwalające studentom rozpocząć swoją przygodę z najnowocześniejszą technologią i aktualnymi trendami w nauce.</span></p>
<p><span style="font-size: 14pt;">Więcej informacji o kierunku i rekrutacji znajdziesz na stronie:</span></p>
<p><span style="font-size: 14pt;"><a id="menurb1" class="fui-Link ___1q1shib f2hkw1w f3rmtva f1ewtqcl fyind8e f1k6fduh f1w7gpdv fk6fouc fjoy568 figsok6 f1s184ao f1mk8lai fnbmjn9 f1o700av f13mvf36 f1cmlufx f9n3di6 f1ids18y f1tx3yz7 f1deo86v f1eh06m1 f1iescvh fhgqx19 f1olyrje f1p93eir f1nev41a f1h8hb77 f1lqvz6u f10aw75t fsle3fq f17ae5zn" title="https://us.edu.pl/wydzial/wnst/studia/kandydat/oferta-dydaktyczna/biofizyka/" href="https://us.edu.pl/wydzial/wnst/studia/kandydat/oferta-dydaktyczna/biofizyka/" target="_blank" rel="noreferrer noopener" aria-label="Link https://us.edu.pl/wydzial/wnst/studia/kandydat/oferta-dydaktyczna/biofizyka/">https://us.edu.pl/wydzial/wnst/studia/kandydat/oferta-dydaktyczna/biofizyka/</a></span></p>
<p><span style="font-size: 14pt;"><strong>I TURA REKRUTACJI OD 2 CZERWCA DO 11 LIPCA!</strong></span></p>
<p><span style="font-size: 14pt;">#biofizyka, #biofizykafarmaceutyczna, #rekrutacja, #zostańnaukowcem, #WNSiT, #zostaństudentem, #pasjonacinauki</span></p>
</div>
                    </div>
                </div>[/vc_column][/vc_row]</p>
