{"id":1214,"date":"2020-04-15T16:13:01","date_gmt":"2020-04-15T14:13:01","guid":{"rendered":"http:\/\/us.edu.pl\/instytut\/ifiz\/?page_id=1214"},"modified":"2026-03-06T14:02:54","modified_gmt":"2026-03-06T13:02:54","slug":"laboratorium-detektorowe","status":"publish","type":"page","link":"https:\/\/us.edu.pl\/instytut\/ifiz\/nauka\/laboratoria\/laboratorium-detektorowe\/","title":{"rendered":"Laboratorium detektorowe"},"content":{"rendered":"<p>[vc_row][vc_column]\r\n                <div class=\"text-modules\">\r\n                    <div class=\"container\">\r\n                        <h3 class=\"page-title text__title\">Laboratorium Detektrowe<\/h3>\r\n                        <div class=\"text-modules__content\"><p><strong>Kierownik:<\/strong> dr hab. El\u017cbieta Stephan, <a href=\"mailto:elzbieta.stephan@us.edu.pl\">elzbieta.stephan@us.edu.pl<\/a><br \/>\n<strong>Opiekun: <\/strong>dr Andrzej Wilczek, <a href=\"mailto:andrzej.wilczek@us.edu.pl\">andrzej.wilczek@us.edu.pl<\/a><\/p>\n<p><strong>Lokalizacja:<\/strong> H\/-1\/10<\/p>\n<h3>O NAS<\/h3>\n<p>Eksperymenty z fizyki j\u0105drowej, w tym projekty badania uk\u0142ad\u00f3w kilku nukleon\u00f3w prowadzone obecnie z wykorzystaniem\u00a0 detektora BINA w Centrum Cyklotronowym Bronowice IFJ PAN w Krakowie, wymagaj\u0105 odpowiedniego zaplecza do przygotowania i test\u00f3w nowych element\u00f3w uk\u0142adu pomiarowego.<\/p>\n<h3>NASZA APARATURA<\/h3>\n<ul>\n<li>Zestaw elektroniki do testowania detektor\u00f3w (kaseta NIM, zasilacz HV, system odczytu i analizy sygna\u0142\u00f3w DRS, oscyloskop cyfrowy, dedykowany komputer),<\/li>\n<li>Urz\u0105dzenie do klejenia okien pr\u00f3\u017cniowych,<\/li>\n<li>Urz\u0105dzenie do test\u00f3w pr\u00f3\u017cniowych okna.<\/li>\n<\/ul>\n<h3><u>Aktualnie laboratorium jest wyposa\u017cone i wykorzystywane do dw\u00f3ch cel\u00f3w:<\/u><\/h3>\n<ol>\n<li>przygotowania i testowania detektor\u00f3w promieniowania jonizuj\u0105cego, przede wszystkim scyntylator\u00f3w plastikowych,<\/li>\n<li>przygotowywania i testowania okien pr\u00f3\u017cniowych o du\u017cych powierzchniach i specjalnej geometrii, dopasowanych do potrzeb komory rozprosze\u0144 uk\u0142adu BINA.<\/li>\n<\/ol>\n<p>Przygotowywane w laboratorium okna z folii\u00a0 kaptonowej o grubo\u015bci 50um s\u0105 klejone pod odpowiednim napr\u0119\u017ceniem i wzmocnione konstrukcyjnie przez warstw\u0119 tkaniny kevlarowej. Po odpompowaniu komory rozprosze\u0144 si\u0142a poprzeczna dzia\u0142aj\u0105ca na okna odpowiada sile grawitacyjnej dzia\u0142aj\u0105cej na obiekt o masie 2 ton. Jeszcze wi\u0119kszym wyzwaniem dla odporno\u015bci mechanicznej okna s\u0105 zmienne napr\u0119\u017cenia poprzeczne i wzd\u0142u\u017cne w trakcie<br \/>\nwielokrotnego odpompowywania i zapowietrzania komory. Projekt okien i systemu ich klejenia powsta\u0142 w KVI Groningen (Holandia) i zosta\u0142 odpowiednio zaadaptowany w tym laboratorium. Nowe okna by\u0142y ju\u017c wykorzystane w eksperymencie w 2019 roku.<\/p>\n<\/div>\r\n                    <\/div>\r\n                <\/div>[\/vc_column][\/vc_row]<\/p>","protected":false},"excerpt":{"rendered":"<p>[vc_row][vc_column][\/vc_column][\/vc_row] [&#8230;]<\/p>\n<p><a class=\"btn btn-secondary understrap-read-more-link\" href=\"https:\/\/us.edu.pl\/instytut\/ifiz\/nauka\/laboratoria\/laboratorium-detektorowe\/\">Read More&#8230;<\/a><\/p>\n","protected":false},"author":104,"featured_media":0,"parent":1177,"menu_order":20,"comment_status":"closed","ping_status":"closed","template":"","meta":{"_expiration-date-status":"","_expiration-date":0,"_expiration-date-type":"","_expiration-date-categories":[],"_expiration-date-options":[]},"acf":[],"_links":{"self":[{"href":"https:\/\/us.edu.pl\/instytut\/ifiz\/wp-json\/wp\/v2\/pages\/1214"}],"collection":[{"href":"https:\/\/us.edu.pl\/instytut\/ifiz\/wp-json\/wp\/v2\/pages"}],"about":[{"href":"https:\/\/us.edu.pl\/instytut\/ifiz\/wp-json\/wp\/v2\/types\/page"}],"author":[{"embeddable":true,"href":"https:\/\/us.edu.pl\/instytut\/ifiz\/wp-json\/wp\/v2\/users\/104"}],"replies":[{"embeddable":true,"href":"https:\/\/us.edu.pl\/instytut\/ifiz\/wp-json\/wp\/v2\/comments?post=1214"}],"version-history":[{"count":0,"href":"https:\/\/us.edu.pl\/instytut\/ifiz\/wp-json\/wp\/v2\/pages\/1214\/revisions"}],"up":[{"embeddable":true,"href":"https:\/\/us.edu.pl\/instytut\/ifiz\/wp-json\/wp\/v2\/pages\/1177"}],"wp:attachment":[{"href":"https:\/\/us.edu.pl\/instytut\/ifiz\/wp-json\/wp\/v2\/media?parent=1214"}],"curies":[{"name":"wp","href":"https:\/\/api.w.org\/{rel}","templated":true}]}}

<p>[vc_row][vc_column]
                <div class="text-modules">
                    <div class="container">
                        <h3 class="page-title text__title">Laboratorium Detektrowe</h3>
                        <div class="text-modules__content"><p><strong>Kierownik:</strong> dr hab. Elżbieta Stephan, <a href="mailto:elzbieta.stephan@us.edu.pl">elzbieta.stephan@us.edu.pl</a><br />
<strong>Opiekun: </strong>dr Andrzej Wilczek, <a href="mailto:andrzej.wilczek@us.edu.pl">andrzej.wilczek@us.edu.pl</a></p>
<p><strong>Lokalizacja:</strong> H/-1/10</p>
<h3>O NAS</h3>
<p>Eksperymenty z fizyki jądrowej, w tym projekty badania układów kilku nukleonów prowadzone obecnie z wykorzystaniem  detektora BINA w Centrum Cyklotronowym Bronowice IFJ PAN w Krakowie, wymagają odpowiedniego zaplecza do przygotowania i testów nowych elementów układu pomiarowego.</p>
<h3>NASZA APARATURA</h3>
<ul>
<li>Zestaw elektroniki do testowania detektorów (kaseta NIM, zasilacz HV, system odczytu i analizy sygnałów DRS, oscyloskop cyfrowy, dedykowany komputer),</li>
<li>Urządzenie do klejenia okien próżniowych,</li>
<li>Urządzenie do testów próżniowych okna.</li>
</ul>
<h3><u>Aktualnie laboratorium jest wyposażone i wykorzystywane do dwóch celów:</u></h3>
<ol>
<li>przygotowania i testowania detektorów promieniowania jonizującego, przede wszystkim scyntylatorów plastikowych,</li>
<li>przygotowywania i testowania okien próżniowych o dużych powierzchniach i specjalnej geometrii, dopasowanych do potrzeb komory rozproszeń układu BINA.</li>
</ol>
<p>Przygotowywane w laboratorium okna z folii  kaptonowej o grubości 50um są klejone pod odpowiednim naprężeniem i wzmocnione konstrukcyjnie przez warstwę tkaniny kevlarowej. Po odpompowaniu komory rozproszeń siła poprzeczna działająca na okna odpowiada sile grawitacyjnej działającej na obiekt o masie 2 ton. Jeszcze większym wyzwaniem dla odporności mechanicznej okna są zmienne naprężenia poprzeczne i wzdłużne w trakcie<br />
wielokrotnego odpompowywania i zapowietrzania komory. Projekt okien i systemu ich klejenia powstał w KVI Groningen (Holandia) i został odpowiednio zaadaptowany w tym laboratorium. Nowe okna były już wykorzystane w eksperymencie w 2019 roku.</p>
</div>
                    </div>
                </div>[/vc_column][/vc_row]</p>
