{"id":1222,"date":"2020-04-15T16:29:00","date_gmt":"2020-04-15T14:29:00","guid":{"rendered":"http:\/\/us.edu.pl\/instytut\/ifiz\/?page_id=1222"},"modified":"2026-03-06T13:53:16","modified_gmt":"2026-03-06T12:53:16","slug":"laboratorium-analizy-termicznej","status":"publish","type":"page","link":"https:\/\/us.edu.pl\/instytut\/ifiz\/nauka\/laboratoria\/laboratorium-analizy-termicznej\/","title":{"rendered":"Laboratorium Analizy Termicznej"},"content":{"rendered":"<p>[vc_row][vc_column]\r\n                <div class=\"text-modules\">\r\n                    <div class=\"container\">\r\n                        <h3 class=\"page-title text__title\">Laboratorium Analizy Termicznej<\/h3>\r\n                        <div class=\"text-modules__content\"><p><strong>Kierownik: <\/strong>dr Katarzyna Grzybowska, <a href=\"mailto:katarzyna.grzybowska@us.edu.pl\">katarzyna.grzybowska@us.edu.pl<\/a><\/p>\n<h3>O NAS<\/h3>\n<p>Laboratorium specjalizuje si\u0119 w badaniach dynamiki molekularnej materia\u0142\u00f3w, w tym amorficznych farmaceutyk\u00f3w, polimer\u00f3w oraz cieczy jonowych. Dzi\u0119ki zaawansowanej aparaturze mo\u017cliwe jest prowadzenie precyzyjnych analiz termicznych i bada\u0144 stabilno\u015bci fizykochemicznej materia\u0142\u00f3w. Poznaj szczeg\u00f3\u0142y dotycz\u0105ce wyposa\u017cenia oraz prowadzonych bada\u0144.<\/p>\n<h3>NASZA APARATURA:<\/h3>\n<ul>\n<li>Skaningowy kalorymetr r\u00f3\u017cnicowy Mettler-Toledo DSC1 z systemem ch\u0142odzenia ciek\u0142ym azotem, umo\u017cliwiaj\u0105cym pomiary przep\u0142ywu ciep\u0142a w zakresie temperatur od -140\u00b0C do 700\u00b0C,<\/li>\n<li>Skaningowy kalorymetr r\u00f3\u017cnicowy Mettler-Toledo DSC1 z intracoolerem, umo\u017cliwiaj\u0105cym pomiary przep\u0142ywu ciep\u0142a w zakresie temperatur od -100\u00b0C do 500\u00b0C,<\/li>\n<li>Skaningowy kalorymetr r\u00f3\u017cnicowy Mettler-Toledo DSC3+ z systemem ch\u0142odzenia ciek\u0142ym azotem, umo\u017cliwiaj\u0105cym pomiary przep\u0142ywu ciep\u0142a w zakresie temperatur od -140\u00b0C do 700\u00b0C,<\/li>\n<li>Termograwimetr Mettler-Toledo TGA2 wraz z komputerem i oprogramowaniem rejestruj\u0105co-steruj\u0105cym,<\/li>\n<li>Waga analityczna Mettler-Toledo XS105DU\/M,<\/li>\n<li>Refraktometr laboratoryjny Mettler-Toledo RM40 wraz z komputerem i oprogramowaniem rejestruj\u0105co-steruj\u0105cym,<\/li>\n<li>Anaerobowa komora r\u0119kawicowa Plas Labs Inc. U.S.A. 890-THC\/DT\/EXP\/.<\/li>\n<\/ul>\n<h3>TEMATYKA BADAWCZA<\/h3>\n<ol>\n<li>Badanie dynamiki molekularnej amorficznych farmaceutyk\u00f3w (Lider: prof. dr hab. Marian Paluch);<\/li>\n<li>Badanie fizycznej stabilno\u015bci \/ tendencji do re-krystalizacji amorficznych farmaceutyk\u00f3w (Lider: prof. dr hab. Marian Paluch);<\/li>\n<li>Badanie tautomeryzacji oraz mutarotacji w materia\u0142ach amorficznych (Lider: prof. dr hab. Marian Paluch);<\/li>\n<li>Badanie granicy rozpuszczalno\u015bci lek\u00f3w w matrycach polimerowych (Lider: prof. dr hab. Marian Paluch);<\/li>\n<li>Badanie wp\u0142ywu dodatk\u00f3w polimerowych na dynamik\u0119 molekularna oraz tendencj\u0119 do re-krystalizacji amorficznych substancji leczniczych (Lider: prof. dr hab. Marian Paluch);<\/li>\n<li>Badanie wp\u0142ywu nisko-molekularnych substancji pomocniczych na dynamik\u0119 molekularn\u0105 oraz fizyczn\u0105 stabilno\u015bci amorficznych lek\u00f3w (Lider: prof. dr hab. Marian Paluch);<\/li>\n<li>Badanie wp\u0142ywu nanoporowatych materia\u0142\u00f3w krzemionkowych na fizyczn\u0105 stabilno\u015b\u0107 amorficznych farmaceutyk\u00f3w (Lider: prof. dr hab. Marian Paluch);<\/li>\n<li>Badanie dynamiki molekularnej polimer\u00f3w (Lider: prof. dr hab. Marian Paluch);<\/li>\n<li>Badanie dynamiki molekularnej materia\u0142\u00f3w ciek\u0142okrystalicznych (Lider: prof. dr hab. Marian Paluch);<\/li>\n<li>Badanie dynamiki molekularnej alkoholi (Lider: prof.\u00a0dr hab. Marian Paluch);<\/li>\n<li>Badania w\u0142asno\u015bci przewodz\u0105cych materia\u0142\u00f3w jonowych (Lider: prof. dr hab. Marian Paluch);<\/li>\n<li>Badania mechanizmu transportu \u0142adunku protonowych i aprotonowych cieczy jonowych oraz ich odpowiednik\u00f3w makromolekularnych (Lider: prof. dr hab. Marian Paluch);<\/li>\n<li>Badania proces\u00f3w relaksacyjnych w fazach cieczy przech\u0142odzonej i szklistej substancji jonowych (Lider: prof. dr hab. Marian Paluch);<\/li>\n<li>Badanie wp\u0142ywu ograniczonej przestrzeni na dynamik\u0119 molekularn\u0105 nisko-molekularnych cieczy (Lider: prof. dr hab. Marian Paluch);<\/li>\n<li>Badanie wp\u0142ywu ograniczonej przestrzeni na dynamik\u0119 molekularn\u0105 polimer\u00f3w (Lider: (Lider: prof. dr hab. Marian Paluch);<\/li>\n<li>Badanie wp\u0142ywu ograniczenia przestrzennego na konformacj\u0119 moleku\u0142 (Lider: prof. dr hab. Marian Paluch);<\/li>\n<li>Badanie wp\u0142ywu ograniczonej przestrzeni na schemat wi\u0105za\u0144 wodorowych i architektur\u0119 sub-molekularnych struktur (Lider: prof. dr hab. Marian Paluch);<\/li>\n<li>Wp\u0142yw wygrzewania na w\u0142a\u015bciwo\u015bci dynamiczne materia\u0142\u00f3w ograniczonych przestrzennie (Lider: prof. dr hab. Marian Paluch);<\/li>\n<li>Badanie kinetyki polimeryzacji jonowych z otwarciem pier\u015bcienia w r\u00f3\u017cnych warunkach termodynamicznych (Lider: prof. dr hab. Marian Paluch);<\/li>\n<li>Badanie kinetyki polimeryzacji dla reakcji wolno-rodnikowych w r\u00f3\u017cnych warunkach termodynamicznych (Lider: prof. dr hab. Marian Paluch);<\/li>\n<li>Charakterystyka cieczy jonowych (Lider: dr hab. Marzena Dzida).<\/li>\n<\/ol>\n<p>\n<\/div>\r\n                    <\/div>\r\n                <\/div>[\/vc_column][\/vc_row]<\/p>","protected":false},"excerpt":{"rendered":"<p>[vc_row][vc_column][\/vc_column][\/vc_row] [&#8230;]<\/p>\n<p><a class=\"btn btn-secondary understrap-read-more-link\" href=\"https:\/\/us.edu.pl\/instytut\/ifiz\/nauka\/laboratoria\/laboratorium-analizy-termicznej\/\">Read More&#8230;<\/a><\/p>\n","protected":false},"author":104,"featured_media":0,"parent":1177,"menu_order":5,"comment_status":"closed","ping_status":"closed","template":"","meta":{"_expiration-date-status":"","_expiration-date":0,"_expiration-date-type":"","_expiration-date-categories":[],"_expiration-date-options":[]},"acf":[],"_links":{"self":[{"href":"https:\/\/us.edu.pl\/instytut\/ifiz\/wp-json\/wp\/v2\/pages\/1222"}],"collection":[{"href":"https:\/\/us.edu.pl\/instytut\/ifiz\/wp-json\/wp\/v2\/pages"}],"about":[{"href":"https:\/\/us.edu.pl\/instytut\/ifiz\/wp-json\/wp\/v2\/types\/page"}],"author":[{"embeddable":true,"href":"https:\/\/us.edu.pl\/instytut\/ifiz\/wp-json\/wp\/v2\/users\/104"}],"replies":[{"embeddable":true,"href":"https:\/\/us.edu.pl\/instytut\/ifiz\/wp-json\/wp\/v2\/comments?post=1222"}],"version-history":[{"count":0,"href":"https:\/\/us.edu.pl\/instytut\/ifiz\/wp-json\/wp\/v2\/pages\/1222\/revisions"}],"up":[{"embeddable":true,"href":"https:\/\/us.edu.pl\/instytut\/ifiz\/wp-json\/wp\/v2\/pages\/1177"}],"wp:attachment":[{"href":"https:\/\/us.edu.pl\/instytut\/ifiz\/wp-json\/wp\/v2\/media?parent=1222"}],"curies":[{"name":"wp","href":"https:\/\/api.w.org\/{rel}","templated":true}]}}