{"id":1272,"date":"2020-04-16T13:03:33","date_gmt":"2020-04-16T11:03:33","guid":{"rendered":"http:\/\/us.edu.pl\/instytut\/ifiz\/?page_id=1272"},"modified":"2026-03-06T14:34:22","modified_gmt":"2026-03-06T13:34:22","slug":"pracownia-czterokolowego-dyfraktometru-rentgenowskiego-supernova-z-kamera-ccd-atlas","status":"publish","type":"page","link":"https:\/\/us.edu.pl\/instytut\/ifiz\/nauka\/laboratoria\/pracownia-czterokolowego-dyfraktometru-rentgenowskiego-supernova-z-kamera-ccd-atlas\/","title":{"rendered":"Pracownia czteroko\u0142owego dyfraktometru rentgenowskiego SuperNova z kamer\u0105 CCD Atlas"},"content":{"rendered":"<p>[vc_row][vc_column]\r\n                <div class=\"text-modules\">\r\n                    <div class=\"container\">\r\n                        <h3 class=\"page-title text__title\">Pracownia czteroko\u0142owego dyfraktometru rentgenowskiego SuperNova z kamer\u0105 CCD Atlas<\/h3>\r\n                        <div class=\"text-modules__content\"><p><strong>Opiekunowie:<\/strong><\/p>\n<ul>\n<li>dr Joanna Klimontko, <a href=\"mailto:joanna.klimontko@us.edu.pl\">joanna.klimontko@us.edu.pl<\/a> tel. 32 349 75 66<\/li>\n<li>dr Maria Ksi\u0105\u017cek, <a href=\"mailto:maria.ksiazek@us.edu.pl\">maria.ksiazek@us.edu.pl<\/a> tel. 32 349 38 34<\/li>\n<\/ul>\n<p><strong>Tel\/Phone:<\/strong> + 48 349 38 40<\/p>\n<p><strong>Lokalizacja: <\/strong>P6, budynek H<\/p>\n<p>&nbsp;<\/p>\n<h3>O NAS<\/h3>\n<p>W laboratorium prowadzone s\u0105 badania interdyscyplinarne na pograniczu fizyki, chemii, farmacji, in\u017cynierii materia\u0142owej i nauk o Ziemi, wykorzystuj\u0105ce metody dyfrakcji rentgenowskiej.<\/p>\n<p>Dyfraktometr SuperNova s\u0142u\u017cy do badania struktury krystalicznej metod\u0105 dyfrakcji rentgenowskiej. Urz\u0105dzenie to pozwala na bezpo\u015brednie wyznaczanie rozmieszczenia atom\u00f3w w kom\u00f3rce elementarnej kryszta\u0142u. Aby przeprowadzi\u0107 takie badania nale\u017cy dysponowa\u0107 monokryszta\u0142ami o rozmiarach ok. 0.3 mm.<\/p>\n<h3>NASZA APARATURA<\/h3>\n<ul>\n<li>czteroko\u0142owy dyfraktometr rentgenowski SuperNova z kamer\u0105 CCD Atlas<\/li>\n<li>przystawka temperaturowa Oxford Cryosystem (80K-500K)<\/li>\n<\/ul>\n<h3>TEMATYKA BADAWCZA<\/h3>\n<ul>\n<li>wyznaczanie struktury zwi\u0105zk\u00f3w nieorganicznych i organicznych;<\/li>\n<li>wyznaczanie struktury zwi\u0105zk\u00f3w kompleksowych \u017celaza (II) wykazuj\u0105cych; przej\u015bcia spinowe;<\/li>\n<li>badanie przej\u015b\u0107 fazowych \u2013 korelacje w\u0142asno\u015bci fizycznych krystalicznej fazy skondensowanej z jej struktur\u0105;<\/li>\n<li>badania krystalicznych struktur periodycznych oraz aperiodycznych (struktury modulowane, quasi-kryszta\u0142y, rozpraszania dyfuzyjne etc.);<\/li>\n<li>badania temperaturowe anomalii parametr\u00f3w sieciowych.<\/li>\n<\/ul>\n<h3>ZAKRES US\u0141UG<\/h3>\n<ul>\n<li>temperaturowe pomiary rentgenowskiej dyfrakcji monokryszta\u0142\u00f3w;<\/li>\n<li>wyznaczanie struktury krystalicznej;<\/li>\n<li>realizacja grant\u00f3w.<\/li>\n<\/ul>\n<p>\n<\/div>\r\n                    <\/div>\r\n                <\/div>            \r\n                    <div class=\"container\">\r\n                        <div class=\"gallery gallery_3\" data-images-in-row=\"3\">\r\n                            \r\n                            <div class=\"row m-0\">\r\n                                <a data-fancybox-group=\"button\" title=\"\" data-fancybox=\"6571\" href=\"https:\/\/us.edu.pl\/instytut\/ifiz\/wp-content\/uploads\/sites\/39\/Laboratoria\/SuperNova.jpg\" class=\"gallery__item thumbnail\"\r\n                                    style=\"background-image: url(https:\/\/us.edu.pl\/instytut\/ifiz\/wp-content\/uploads\/sites\/39\/Laboratoria\/SuperNova.jpg)\"> <span class=\"d-none\">https:\/\/us.edu.pl\/instytut\/ifiz\/wp-content\/uploads\/sites\/39\/Laboratoria\/SuperNova.jpg<\/span> <\/a>\r\n                            <\/div>\r\n                    <\/div>\r\n                <\/div>\r\n                <div class=\"text-modules\">\r\n                    <div class=\"container\">\r\n                        \r\n                        <div class=\"text-modules__content\"><p>Fot. Dyfraktometr rentgenowski SuperNova.<\/p>\n<\/div>\r\n                    <\/div>\r\n                <\/div>[\/vc_column][\/vc_row]<\/p>","protected":false},"excerpt":{"rendered":"<p>[vc_row][vc_column][\/vc_column][\/vc_row] [&#8230;]<\/p>\n<p><a class=\"btn btn-secondary understrap-read-more-link\" href=\"https:\/\/us.edu.pl\/instytut\/ifiz\/nauka\/laboratoria\/pracownia-czterokolowego-dyfraktometru-rentgenowskiego-supernova-z-kamera-ccd-atlas\/\">Read More&#8230;<\/a><\/p>\n","protected":false},"author":104,"featured_media":0,"parent":1177,"menu_order":200,"comment_status":"closed","ping_status":"closed","template":"","meta":{"_expiration-date-status":"","_expiration-date":0,"_expiration-date-type":"","_expiration-date-categories":[],"_expiration-date-options":[]},"acf":[],"_links":{"self":[{"href":"https:\/\/us.edu.pl\/instytut\/ifiz\/wp-json\/wp\/v2\/pages\/1272"}],"collection":[{"href":"https:\/\/us.edu.pl\/instytut\/ifiz\/wp-json\/wp\/v2\/pages"}],"about":[{"href":"https:\/\/us.edu.pl\/instytut\/ifiz\/wp-json\/wp\/v2\/types\/page"}],"author":[{"embeddable":true,"href":"https:\/\/us.edu.pl\/instytut\/ifiz\/wp-json\/wp\/v2\/users\/104"}],"replies":[{"embeddable":true,"href":"https:\/\/us.edu.pl\/instytut\/ifiz\/wp-json\/wp\/v2\/comments?post=1272"}],"version-history":[{"count":0,"href":"https:\/\/us.edu.pl\/instytut\/ifiz\/wp-json\/wp\/v2\/pages\/1272\/revisions"}],"up":[{"embeddable":true,"href":"https:\/\/us.edu.pl\/instytut\/ifiz\/wp-json\/wp\/v2\/pages\/1177"}],"wp:attachment":[{"href":"https:\/\/us.edu.pl\/instytut\/ifiz\/wp-json\/wp\/v2\/media?parent=1272"}],"curies":[{"name":"wp","href":"https:\/\/api.w.org\/{rel}","templated":true}]}}