{"id":2542,"date":"2021-01-18T14:47:02","date_gmt":"2021-01-18T13:47:02","guid":{"rendered":"https:\/\/us.edu.pl\/instytut\/ifiz\/?page_id=2542"},"modified":"2021-01-24T17:07:43","modified_gmt":"2021-01-24T16:07:43","slug":"badania-struktury-materialow-nieuporzadkowanych-i-nanokrystalicznych","status":"publish","type":"page","link":"https:\/\/us.edu.pl\/instytut\/ifiz\/nauka\/zespoly-badawcze\/badanie-struktury-dynamiki-i-przejsc-fazowych-zlozonych-ukladow-molekularnych-i-nanoukladow\/badania-struktury-materialow-nieuporzadkowanych-i-nanokrystalicznych\/","title":{"rendered":"Badania struktury materia\u0142\u00f3w nieuporz\u0105dkowanych i nanokrystalicznych"},"content":{"rendered":"<p>[vc_row el_class=&#8221;container&#8221;][vc_column][vc_row_inner][vc_column_inner width=&#8221;1\/4&#8243;]\r\n                <div class=\"text-modules\">\r\n                    <div class=\"container\">\r\n                        \r\n                        <div class=\"text-modules__content\"><p>Grupa badawcza:<\/p>\n<ul>\n<li><a href=\"https:\/\/ab.us.edu.pl\/emp?id=2522\">prof dr hab. Andrzej Burian<\/a><\/li>\n<li><a href=\"https:\/\/ab.us.edu.pl\/emp?id=63213\">dr in\u017c. Karolina Jurkiewicz<\/a><\/li>\n<li>mgr Joanna Grelska (doktorantka)<\/li>\n<\/ul>\n<p>\n<\/div>\r\n                    <\/div>\r\n                <\/div>[\/vc_column_inner][vc_column_inner width=&#8221;3\/4&#8243;]\r\n                <div class=\"text-modules\">\r\n                    <div class=\"container\">\r\n                        \r\n                        <div class=\"text-modules__content\"><\/p>\n<header class=\"entry-header\">\n<h4 class=\"entry-title\" style=\"text-align: left\">Badania struktury materia\u0142\u00f3w nieuporz\u0105dkowanych i nanokrystalicznych metodami szerokok\u0105towej dyfrakcji promieniowania X, funkcji rozk\u0142adu par i modelowania komputerowego<\/h4>\n<\/header>\n<div class=\"entry-content\" style=\"text-align: justify\">\n<p>Zesp\u00f3\u0142 zajmuje si\u0119 charakterystyk\u0105 struktury atomowej i molekularnej materia\u0142\u00f3w, w szczeg\u00f3lno\u015bci materia\u0142\u00f3w niekrystalicznych o r\u00f3\u017cnym stopniu nieuporz\u0105dkowania: nanomateria\u0142\u00f3w w\u0119glowych, nanocz\u0105stek metali, amorficznych farmaceutyk\u00f3w, szkie\u0142 i cieczy, metodami dyfrakcji promieniowania X, a tak\u017ce dyfrakcji neutron\u00f3w. Stosujemy metod\u0119 funkcji rozk\u0142adu par do analizy lokalnej struktury oraz modelowanie komputerowe. Cz\u0119\u015b\u0107 eksperyment\u00f3w przeprowadzana jest z u\u017cyciem \u017ar\u00f3de\u0142 synchrotronowych. Laboratoryjne badania szerokok\u0105towej dyfrakcji promieniowania X wykonujemy przy u\u017cyciu dyfraktometru Rigaku Denki D\/Max II z rotuj\u0105c\u0105 srebrn\u0105 anod\u0105.<\/p>\n<\/div>\n<p>\n<\/div>\r\n                    <\/div>\r\n                <\/div>            \r\n                    <div class=\"container\">\r\n                        <div class=\"gallery gallery_2\" data-images-in-row=\"2\">\r\n                            \r\n                            <div class=\"row m-0\">\r\n                                <a data-fancybox-group=\"button\" title=\"\" data-fancybox=\"8138\" href=\"https:\/\/us.edu.pl\/instytut\/ifiz\/wp-content\/uploads\/sites\/39\/Zespoly-badawcze\/Badania-struktury-materia\u0142\u00f3w-nieuporz\u0105dkowanych-.jpg\" class=\"gallery__item thumbnail\"\r\n                                    style=\"background-image: url(https:\/\/us.edu.pl\/instytut\/ifiz\/wp-content\/uploads\/sites\/39\/Zespoly-badawcze\/Badania-struktury-materia\u0142\u00f3w-nieuporz\u0105dkowanych--1024x664.jpg)\"> <span class=\"d-none\">https:\/\/us.edu.pl\/instytut\/ifiz\/wp-content\/uploads\/sites\/39\/Zespoly-badawcze\/Badania-struktury-materia\u0142\u00f3w-nieuporz\u0105dkowanych-.jpg<\/span> <\/a>\r\n                            <\/div>\r\n                    <\/div>\r\n                <\/div>[\/vc_column_inner][\/vc_row_inner][\/vc_column][\/vc_row]<\/p>","protected":false},"excerpt":{"rendered":"<p>[vc_row el_class=&#8221;container&#8221;][vc_column][vc_row_inner][vc_column_inner width=&#8221;1\/4&#8243;][\/vc_column_inner][vc_column_inner width=&#8221;3\/4&#8243;][\/vc_column_inner][\/vc_row_inner][\/vc_column][\/vc_row] [&#8230;]<\/p>\n<p><a class=\"btn btn-secondary understrap-read-more-link\" href=\"https:\/\/us.edu.pl\/instytut\/ifiz\/nauka\/zespoly-badawcze\/badanie-struktury-dynamiki-i-przejsc-fazowych-zlozonych-ukladow-molekularnych-i-nanoukladow\/badania-struktury-materialow-nieuporzadkowanych-i-nanokrystalicznych\/\">Read More&#8230;<\/a><\/p>\n","protected":false},"author":104,"featured_media":0,"parent":1412,"menu_order":10,"comment_status":"closed","ping_status":"closed","template":"","meta":{"_expiration-date-status":"saved","_expiration-date":0,"_expiration-date-type":"","_expiration-date-categories":[],"_expiration-date-options":[]},"acf":[],"_links":{"self":[{"href":"https:\/\/us.edu.pl\/instytut\/ifiz\/wp-json\/wp\/v2\/pages\/2542"}],"collection":[{"href":"https:\/\/us.edu.pl\/instytut\/ifiz\/wp-json\/wp\/v2\/pages"}],"about":[{"href":"https:\/\/us.edu.pl\/instytut\/ifiz\/wp-json\/wp\/v2\/types\/page"}],"author":[{"embeddable":true,"href":"https:\/\/us.edu.pl\/instytut\/ifiz\/wp-json\/wp\/v2\/users\/104"}],"replies":[{"embeddable":true,"href":"https:\/\/us.edu.pl\/instytut\/ifiz\/wp-json\/wp\/v2\/comments?post=2542"}],"version-history":[{"count":0,"href":"https:\/\/us.edu.pl\/instytut\/ifiz\/wp-json\/wp\/v2\/pages\/2542\/revisions"}],"up":[{"embeddable":true,"href":"https:\/\/us.edu.pl\/instytut\/ifiz\/wp-json\/wp\/v2\/pages\/1412"}],"wp:attachment":[{"href":"https:\/\/us.edu.pl\/instytut\/ifiz\/wp-json\/wp\/v2\/media?parent=2542"}],"curies":[{"name":"wp","href":"https:\/\/api.w.org\/{rel}","templated":true}]}}