{"id":2601,"date":"2021-01-24T17:14:46","date_gmt":"2021-01-24T16:14:46","guid":{"rendered":"https:\/\/us.edu.pl\/instytut\/ifiz\/?page_id=2601"},"modified":"2021-01-24T17:27:44","modified_gmt":"2021-01-24T16:27:44","slug":"badania-fizykochemiczne-cieczy-jonowych","status":"publish","type":"page","link":"https:\/\/us.edu.pl\/instytut\/ifiz\/nauka\/zespoly-badawcze\/badanie-struktury-dynamiki-i-przejsc-fazowych-zlozonych-ukladow-molekularnych-i-nanoukladow\/badania-fizykochemiczne-cieczy-jonowych\/","title":{"rendered":"Badania fizykochemiczne cieczy jonowych i polimer\u00f3w jonowych"},"content":{"rendered":"<p>[vc_row el_class=&#8221;container&#8221;][vc_column][vc_row_inner][vc_column_inner width=&#8221;1\/4&#8243;]\r\n                <div class=\"text-modules\">\r\n                    <div class=\"container\">\r\n                        \r\n                        <div class=\"text-modules__content\"><p><strong>Grupa badawcza<\/strong><\/p>\n<ul>\n<li><a href=\"https:\/\/ab.us.edu.pl\/emp?id=20272\">prof. dr hab. Marian Paluch<\/a><\/li>\n<li>dr hab. Zaneta Wojnarowska<\/li>\n<li>dr Ma\u0142gorzata Musia\u0142<\/li>\n<li>mgr Shinian Cheng (doktorant)<\/li>\n<\/ul>\n<p>\n<\/div>\r\n                    <\/div>\r\n                <\/div>[\/vc_column_inner][vc_column_inner width=&#8221;3\/4&#8243;]\r\n                <div class=\"text-modules\">\r\n                    <div class=\"container\">\r\n                        \r\n                        <div class=\"text-modules__content\"><\/p>\n<h4>Badania fizykochemiczne cieczy jonowych i polimer\u00f3w jonowych \u2013 materia\u0142\u00f3w o potencjalnym zastosowaniu jako elektrolity baterii i ogniw paliwowych<\/h4>\n<p>W \u015al\u0105skim Centrum Intensywnie pracujemy nad nowoczesnymi materia\u0142ami, kt\u00f3re wkr\u00f3tce zrewolucjonizuj\u0105 przemys\u0142 elektroniczny oraz motoryzacyjny. Wykonujemy badania fizykochemiczne uk\u0142ad\u00f3w jonowych, kt\u00f3re mog\u0105 stanowi\u0107 elektrolity w ogniwach paliwowych i bateriach. Baterie zasilaj\u0105ce wi\u0119kszo\u015b\u0107 przeno\u015bnych urz\u0105dze\u0144 elektronicznych, b\u0119d\u0105 l\u017cejsze, bezpieczniejsze i wydajniejsze, gdy p\u0142ynny elektrolit zast\u0105pimy w nich nieuporz\u0105dkowan\u0105 substancj\u0105 w formie sta\u0142ej tzw. amorficznym polimerem jonowym. Substancje te to r\u00f3wnie\u017c podstawowa sk\u0142adowa ogniw paliwowych, b\u0119d\u0105cych sercem w 100% ekologicznych pojazd\u00f3w zasilanych wodorem.<\/p>\n<\/div>\r\n                    <\/div>\r\n                <\/div>            \r\n                    <div class=\"container\">\r\n                        <div class=\"gallery gallery_2\" data-images-in-row=\"2\">\r\n                            \r\n                            <div class=\"row m-0\">\r\n                                <a data-fancybox-group=\"button\" title=\"\" data-fancybox=\"4009\" href=\"https:\/\/us.edu.pl\/instytut\/ifiz\/wp-content\/uploads\/sites\/39\/Zespoly-badawcze\/Badania-fizykochemiczne-cieczy-jonowych.jpg\" class=\"gallery__item thumbnail\"\r\n                                    style=\"background-image: url(https:\/\/us.edu.pl\/instytut\/ifiz\/wp-content\/uploads\/sites\/39\/Zespoly-badawcze\/Badania-fizykochemiczne-cieczy-jonowych.jpg)\"> <span class=\"d-none\">https:\/\/us.edu.pl\/instytut\/ifiz\/wp-content\/uploads\/sites\/39\/Zespoly-badawcze\/Badania-fizykochemiczne-cieczy-jonowych.jpg<\/span> <\/a>\r\n                            <\/div>\r\n                    <\/div>\r\n                <\/div>[\/vc_column_inner][\/vc_row_inner][\/vc_column][\/vc_row]<\/p>","protected":false},"excerpt":{"rendered":"<p>[vc_row el_class=&#8221;container&#8221;][vc_column][vc_row_inner][vc_column_inner width=&#8221;1\/4&#8243;][\/vc_column_inner][vc_column_inner width=&#8221;3\/4&#8243;][\/vc_column_inner][\/vc_row_inner][\/vc_column][\/vc_row] [&#8230;]<\/p>\n<p><a class=\"btn btn-secondary understrap-read-more-link\" href=\"https:\/\/us.edu.pl\/instytut\/ifiz\/nauka\/zespoly-badawcze\/badanie-struktury-dynamiki-i-przejsc-fazowych-zlozonych-ukladow-molekularnych-i-nanoukladow\/badania-fizykochemiczne-cieczy-jonowych\/\">Read More&#8230;<\/a><\/p>\n","protected":false},"author":104,"featured_media":0,"parent":1412,"menu_order":20,"comment_status":"closed","ping_status":"closed","template":"","meta":{"_expiration-date-status":"saved","_expiration-date":0,"_expiration-date-type":"","_expiration-date-categories":[],"_expiration-date-options":[]},"acf":[],"_links":{"self":[{"href":"https:\/\/us.edu.pl\/instytut\/ifiz\/wp-json\/wp\/v2\/pages\/2601"}],"collection":[{"href":"https:\/\/us.edu.pl\/instytut\/ifiz\/wp-json\/wp\/v2\/pages"}],"about":[{"href":"https:\/\/us.edu.pl\/instytut\/ifiz\/wp-json\/wp\/v2\/types\/page"}],"author":[{"embeddable":true,"href":"https:\/\/us.edu.pl\/instytut\/ifiz\/wp-json\/wp\/v2\/users\/104"}],"replies":[{"embeddable":true,"href":"https:\/\/us.edu.pl\/instytut\/ifiz\/wp-json\/wp\/v2\/comments?post=2601"}],"version-history":[{"count":0,"href":"https:\/\/us.edu.pl\/instytut\/ifiz\/wp-json\/wp\/v2\/pages\/2601\/revisions"}],"up":[{"embeddable":true,"href":"https:\/\/us.edu.pl\/instytut\/ifiz\/wp-json\/wp\/v2\/pages\/1412"}],"wp:attachment":[{"href":"https:\/\/us.edu.pl\/instytut\/ifiz\/wp-json\/wp\/v2\/media?parent=2601"}],"curies":[{"name":"wp","href":"https:\/\/api.w.org\/{rel}","templated":true}]}}