{"id":2696,"date":"2021-02-19T12:43:21","date_gmt":"2021-02-19T11:43:21","guid":{"rendered":"https:\/\/us.edu.pl\/instytut\/ifiz\/?page_id=2696"},"modified":"2022-06-02T10:46:51","modified_gmt":"2022-06-02T08:46:51","slug":"spotkania-dydaktyczne-z-fizyka","status":"publish","type":"page","link":"https:\/\/us.edu.pl\/instytut\/ifiz\/spotkania-dydaktyczne-z-fizyka\/","title":{"rendered":"Spotkania dydaktyczne z fizyk\u0105"},"content":{"rendered":"<p>[vc_row][vc_column]\r\n                <div class=\"text-modules\">\r\n                    <div class=\"container\">\r\n                        \r\n                        <div class=\"text-modules__content\"><p>Szanowni Pa\u0144stwo,<\/p>\n<p>Oddzia\u0142 katowicki Polskiego Towarzystwa Fizycznego, Instytut Fizyki Uniwersytetu \u015al\u0105skiego oraz Bielsko-Bialski O\u015brodek Doskonalenia Nauczycieli zapraszaj\u0105 nauczycieli fizyki na mono-tematyczne warsztaty zwi\u0105zane z nauczaniem fizyki w szkole.<\/p>\n<p>Zapraszamy na kolejne Spotkanie Dydaktyczne, kt\u00f3re poprowadzi:<\/p>\n<p>Plan &#8211; 2022:<\/p>\n<ol>\n<li>dr Aneta Mika, profesor o\u015bwiaty<br \/>\n<em><strong>Jak sobie radzi\u0107 z nauczaniem fizyki w szkole?<br \/>\n<\/strong><\/em>Streszczenie tematu zaj\u0119\u0107: <a href=\"https:\/\/us.edu.pl\/instytut\/ifiz\/event\/jak-sobie-radzic-z-nauczaniem-fizyki-w-szkole-dr-aneta-mika\/\">tutaj<\/a><br \/>\nTermin: 17 stycznia 2022, godz. 17-19<br \/>\nMiejsce\/kana\u0142: MS Teams.<br \/>\nLinki do wydarze\u0144 zostan\u0105 wys\u0142ane mailowo po wype\u0142nieniu formularza <a href=\"https:\/\/forms.gle\/gdvi98GEGvW7FiY17\">TUTAJ<\/a>.<em><strong><br \/>\n<\/strong><\/em><\/li>\n<li>mgr Ma\u0142gorzata Szymura<br \/>\n<strong>Warsztaty dydaktyczne<\/strong><br \/>\nStreszczenie tematu zaj\u0119\u0107: <a href=\"https:\/\/www.ptf.us.edu.pl\/wordpress\/?p=1265\">tutaj<\/a><br \/>\nTermin: 8 czerwca 2022, godz. 17-19<br \/>\nLinki do wydarze\u0144 zostan\u0105 wys\u0142ane mailowo po wype\u0142nieniu formularza <a href=\"https:\/\/forms.gle\/wQzQu592Z495Zc9E9\">TUTAJ<\/a>.<\/li>\n<\/ol>\n<p>Zapraszamy nauczycieli do przysy\u0142ania na adres <a href=\"mailto:ptf@us.edu.pl\">ptf@us.edu.pl<\/a> propozycji nast\u0119pnych temat\u00f3w do dyskusji. B\u0119dziemy si\u0119 stara\u0107 znale\u017a\u0107 do\u015bwiadczonych i kompetentnych\u00a0 pracownik\u00f3w naukowo-dydaktycznych do przeprowadzenia zaproponowanych przez Pa\u0144stwa warsztat\u00f3w.<\/p>\n<\/div>\r\n                    <\/div>\r\n                <\/div>[\/vc_column][\/vc_row][vc_row][vc_column]\r\n            \r\n            <div class=\"events-loop loop-section color-blue\" style=\"background: \">\r\n                <div class=\"container\">\r\n                    <div class=\"events-loop-top loop-section-top\">\r\n                        <h2 class=\"section-title\">\r\n                            Wydarzenia\r\n                        <\/h2><div class=\"event-loop-top_right loop-section-top__right\">\r\n                                        <a href=\"https:\/\/us.edu.pl\/instytut\/ifiz\/event\/\" class=\"link-button \">Wszystko<\/a>\r\n                                    <\/div>\r\n                    <\/div>\r\n            \r\n                    <div class=\"events-loop-main\">\r\n                        <div class=\"row m-0\">    <\/div>\r\n                    <\/div>\r\n                <\/div>\r\n            <\/div>[\/vc_column][\/vc_row][vc_row][vc_column]\r\n                <div class=\"text-modules\">\r\n                    <div class=\"container\">\r\n                        \r\n                        <div class=\"text-modules__content\"><\/p>\n<table style=\"border-collapse: collapse; width: 100%;\">\n<tbody>\n<tr>\n<td style=\"width: 33.3333%;\"><img class=\"wp-image-178 size-thumbnail aligncenter\" src=\"https:\/\/us.edu.pl\/instytut\/ifiz\/wp-content\/uploads\/sites\/39\/logotypy\/logo-PTF-150x150.png\" alt=\"\" width=\"150\" height=\"150\" srcset=\"https:\/\/us.edu.pl\/instytut\/ifiz\/wp-content\/uploads\/sites\/39\/logotypy\/logo-PTF-150x150.png 150w, https:\/\/us.edu.pl\/instytut\/ifiz\/wp-content\/uploads\/sites\/39\/logotypy\/logo-PTF-300x300.png 300w, https:\/\/us.edu.pl\/instytut\/ifiz\/wp-content\/uploads\/sites\/39\/logotypy\/logo-PTF-768x768.png 768w, https:\/\/us.edu.pl\/instytut\/ifiz\/wp-content\/uploads\/sites\/39\/logotypy\/logo-PTF-575x575.png 575w, https:\/\/us.edu.pl\/instytut\/ifiz\/wp-content\/uploads\/sites\/39\/logotypy\/logo-PTF.png 1000w\" sizes=\"(max-width: 150px) 100vw, 150px\" \/><\/td>\n<td style=\"width: 33.3333%;\"><img class=\"size-medium wp-image-2709 aligncenter\" src=\"https:\/\/us.edu.pl\/instytut\/ifiz\/wp-content\/uploads\/sites\/39\/logotypy\/LOGO-BBODN-z-nazwa-i-telefon-300x54.png\" alt=\"\" width=\"300\" height=\"54\" srcset=\"https:\/\/us.edu.pl\/instytut\/ifiz\/wp-content\/uploads\/sites\/39\/logotypy\/LOGO-BBODN-z-nazwa-i-telefon-300x54.png 300w, https:\/\/us.edu.pl\/instytut\/ifiz\/wp-content\/uploads\/sites\/39\/logotypy\/LOGO-BBODN-z-nazwa-i-telefon-768x138.png 768w, https:\/\/us.edu.pl\/instytut\/ifiz\/wp-content\/uploads\/sites\/39\/logotypy\/LOGO-BBODN-z-nazwa-i-telefon-575x103.png 575w, https:\/\/us.edu.pl\/instytut\/ifiz\/wp-content\/uploads\/sites\/39\/logotypy\/LOGO-BBODN-z-nazwa-i-telefon.png 920w\" sizes=\"(max-width: 300px) 100vw, 300px\" \/><\/td>\n<td style=\"width: 33.3333%;\"><img class=\"size-medium wp-image-423 aligncenter\" src=\"https:\/\/us.edu.pl\/instytut\/ifiz\/wp-content\/uploads\/sites\/39\/logotypy\/uniwersytet-slaski_WNST_IF_logo_poziome_cmyk-300x66.png\" alt=\"\" width=\"300\" height=\"66\" srcset=\"https:\/\/us.edu.pl\/instytut\/ifiz\/wp-content\/uploads\/sites\/39\/logotypy\/uniwersytet-slaski_WNST_IF_logo_poziome_cmyk-300x66.png 300w, https:\/\/us.edu.pl\/instytut\/ifiz\/wp-content\/uploads\/sites\/39\/logotypy\/uniwersytet-slaski_WNST_IF_logo_poziome_cmyk-768x169.png 768w, https:\/\/us.edu.pl\/instytut\/ifiz\/wp-content\/uploads\/sites\/39\/logotypy\/uniwersytet-slaski_WNST_IF_logo_poziome_cmyk-1024x225.png 1024w, https:\/\/us.edu.pl\/instytut\/ifiz\/wp-content\/uploads\/sites\/39\/logotypy\/uniwersytet-slaski_WNST_IF_logo_poziome_cmyk-575x126.png 575w\" sizes=\"(max-width: 300px) 100vw, 300px\" \/><\/td>\n<\/tr>\n<\/tbody>\n<\/table>\n<p>\n<\/div>\r\n                    <\/div>\r\n                <\/div>[\/vc_column][\/vc_row][vc_row el_class=&#8221;container&#8221;][vc_column][vc_tta_tour active_section=&#8221;1&#8243; title=&#8221;Poprzednie spotkania&#8221;][vc_tta_section title=&#8221;2021&#8243; tab_id=&#8221;1641304698107-94081f76-d79b&#8221;]\r\n                <div class=\"text-modules\">\r\n                    <div class=\"container\">\r\n                        \r\n                        <div class=\"text-modules__content\"><\/p>\n<ol>\n<li><em><strong>J\u0105dro atomowe, promieniotw\u00f3rczo\u015b\u0107 naturalna i jednostki promieniowania<\/strong><\/em><br \/>\n4 marca 2021, godz. 16:00;<br \/>\nMiejsce\/kana\u0142: MS Teams.<br \/>\nWyk\u0142adowc\u0105 b\u0119dzie dr hab. Arkadiusz Bubak z IF U\u015a.<br \/>\nLinki do wydarze\u0144 zostan\u0105 wys\u0142ane mailowo po wype\u0142nieniu formularza <a href=\"https:\/\/forms.gle\/BKeHuVJKCEYPnNCz6\">TUTAJ<\/a>.<\/li>\n<li>Konferencja Dydaktyczna dla nauczycieli przedmiot\u00f3w \u015bcis\u0142ych i przyrodniczych Nauczanie przez dociekanie i eksperymentowanie, czyli jak dzia\u0142aj\u0105 Kluby M\u0142odych Odkrywc\u00f3w (KMO) \u2013 spotkanie IV, Badanie, dociekanie i eksperymentowanie w dobie pandemii, Termin realizacji: 30-31 marca 17:00- 20:00<\/li>\n<li><strong><em>Nowa definicja jednostki masy<\/em><\/strong><br \/>\n29 kwietnia 2021;<br \/>\nWyk\u0142adowc\u0105 b\u0119dzie prof. dr hab. Janusz Gluza.<br \/>\nLinki do wydarze\u0144 zostan\u0105 wys\u0142ane mailowo po wype\u0142nieniu formularza <a href=\"https:\/\/docs.google.com\/forms\/d\/e\/1FAIpQLSdaxKbSxOaycUuNcGJQkG0oftwZ7l7ZOK4siMAml1hxLUreGA\/viewform\">TUTAJ<\/a>.<\/li>\n<\/ol>\n<p>\n<\/div>\r\n                    <\/div>\r\n                <\/div>[\/vc_tta_section][\/vc_tta_tour][\/vc_column][\/vc_row]<\/p>","protected":false},"excerpt":{"rendered":"<p>[vc_row][vc_column][\/vc_column][\/vc_row][vc_row][vc_column][\/vc_column][\/vc_row][vc_row][vc_column][\/vc_column][\/vc_row][vc_row el_class=&#8221;container&#8221;][vc_column][vc_tta_tour active_section=&#8221;1&#8243; title=&#8221;Poprzednie spotkania&#8221;][vc_tta_section title=&#8221;2021&#8243; tab_id=&#8221;1641304698107-94081f76-d79b&#8221;][\/vc_tta_section][\/vc_tta_tour][\/vc_column][\/vc_row] [&#8230;]<\/p>\n<p><a class=\"btn btn-secondary understrap-read-more-link\" href=\"https:\/\/us.edu.pl\/instytut\/ifiz\/spotkania-dydaktyczne-z-fizyka\/\">Read More&#8230;<\/a><\/p>\n","protected":false},"author":104,"featured_media":0,"parent":0,"menu_order":200,"comment_status":"closed","ping_status":"closed","template":"","meta":{"_expiration-date-status":"","_expiration-date":0,"_expiration-date-type":"","_expiration-date-categories":[],"_expiration-date-options":[]},"acf":[],"_links":{"self":[{"href":"https:\/\/us.edu.pl\/instytut\/ifiz\/wp-json\/wp\/v2\/pages\/2696"}],"collection":[{"href":"https:\/\/us.edu.pl\/instytut\/ifiz\/wp-json\/wp\/v2\/pages"}],"about":[{"href":"https:\/\/us.edu.pl\/instytut\/ifiz\/wp-json\/wp\/v2\/types\/page"}],"author":[{"embeddable":true,"href":"https:\/\/us.edu.pl\/instytut\/ifiz\/wp-json\/wp\/v2\/users\/104"}],"replies":[{"embeddable":true,"href":"https:\/\/us.edu.pl\/instytut\/ifiz\/wp-json\/wp\/v2\/comments?post=2696"}],"version-history":[{"count":0,"href":"https:\/\/us.edu.pl\/instytut\/ifiz\/wp-json\/wp\/v2\/pages\/2696\/revisions"}],"wp:attachment":[{"href":"https:\/\/us.edu.pl\/instytut\/ifiz\/wp-json\/wp\/v2\/media?parent=2696"}],"curies":[{"name":"wp","href":"https:\/\/api.w.org\/{rel}","templated":true}]}}