{"id":3298,"date":"2021-11-26T17:46:00","date_gmt":"2021-11-26T16:46:00","guid":{"rendered":"https:\/\/us.edu.pl\/instytut\/ifiz\/?page_id=3298"},"modified":"2021-12-09T17:41:06","modified_gmt":"2021-12-09T16:41:06","slug":"zadaj-pytanie-wykladowcy-lem","status":"publish","type":"page","link":"https:\/\/us.edu.pl\/instytut\/ifiz\/rok-lema-2021\/zadaj-pytanie-wykladowcy-lem\/","title":{"rendered":"Zadaj pytanie wyk\u0142adowcy"},"content":{"rendered":"<p>[vc_row el_class=&#8221;container&#8221;][vc_column]\r\n                <div class=\"text-modules\">\r\n                    <div class=\"container\">\r\n                        \r\n                        <div class=\"text-modules__content\"><p><img class=\"alignright wp-image-3416\" src=\"https:\/\/us.edu.pl\/instytut\/ifiz\/wp-content\/uploads\/sites\/39\/Rok_Lema_2021\/Pozaziemskie_FRONT_1400px-1-674x1024.jpg\" alt=\"\" width=\"300\" height=\"456\" srcset=\"https:\/\/us.edu.pl\/instytut\/ifiz\/wp-content\/uploads\/sites\/39\/Rok_Lema_2021\/Pozaziemskie_FRONT_1400px-1-674x1024.jpg 674w, https:\/\/us.edu.pl\/instytut\/ifiz\/wp-content\/uploads\/sites\/39\/Rok_Lema_2021\/Pozaziemskie_FRONT_1400px-1-197x300.jpg 197w, https:\/\/us.edu.pl\/instytut\/ifiz\/wp-content\/uploads\/sites\/39\/Rok_Lema_2021\/Pozaziemskie_FRONT_1400px-1-768x1167.jpg 768w, https:\/\/us.edu.pl\/instytut\/ifiz\/wp-content\/uploads\/sites\/39\/Rok_Lema_2021\/Pozaziemskie_FRONT_1400px-1-378x575.jpg 378w, https:\/\/us.edu.pl\/instytut\/ifiz\/wp-content\/uploads\/sites\/39\/Rok_Lema_2021\/Pozaziemskie_FRONT_1400px-1.jpg 1400w\" sizes=\"(max-width: 300px) 100vw, 300px\" \/>Serdecznie zach\u0119camy do przes\u0142ania pyta\u0144 do panelu dyskusyjnego i pyta\u0144 kierowanych bezpo\u015brednio do naszych wyk\u0142adowc\u00f3w i go\u015bci. Najciekawsze pytania zostan\u0105 nagrodzone upominkiem w postaci ksi\u0105\u017cki Avi Loeba pt. &#8222;Pozaziemskie. Pierwsze \u015blady \u017cycia rozumnego poza Ziemi\u0105&#8221; ufundowanej przez <a href=\"https:\/\/zysk.com.pl\/\">Wydawnictwo Zysk i S-ka<\/a>.<\/p>\n<p>Organizator skontaktuje si\u0119 z nagrodzonymi osobami po zako\u0144czeniu wydarzenia.<\/p>\n<\/div>\r\n                    <\/div>\r\n                <\/div>\r\n                <div class=\"text-modules\">\r\n                    <div class=\"container\">\r\n                        \r\n                        <div class=\"text-modules__content\"><\/p>\n<p style=\"text-align: center;\">Formularz zamkni\u0119ty<\/p>\n<p>\n<\/div>\r\n                    <\/div>\r\n                <\/div>[\/vc_column][\/vc_row]<\/p>","protected":false},"excerpt":{"rendered":"<p>[vc_row el_class=&#8221;container&#8221;][vc_column][\/vc_column][\/vc_row] [&#8230;]<\/p>\n<p><a class=\"btn btn-secondary understrap-read-more-link\" href=\"https:\/\/us.edu.pl\/instytut\/ifiz\/rok-lema-2021\/zadaj-pytanie-wykladowcy-lem\/\">Read More&#8230;<\/a><\/p>\n","protected":false},"author":104,"featured_media":0,"parent":2988,"menu_order":52,"comment_status":"closed","ping_status":"closed","template":"page-templates\/inner-page.php","meta":{"_expiration-date-status":"saved","_expiration-date":0,"_expiration-date-type":"","_expiration-date-categories":[],"_expiration-date-options":[]},"acf":[],"_links":{"self":[{"href":"https:\/\/us.edu.pl\/instytut\/ifiz\/wp-json\/wp\/v2\/pages\/3298"}],"collection":[{"href":"https:\/\/us.edu.pl\/instytut\/ifiz\/wp-json\/wp\/v2\/pages"}],"about":[{"href":"https:\/\/us.edu.pl\/instytut\/ifiz\/wp-json\/wp\/v2\/types\/page"}],"author":[{"embeddable":true,"href":"https:\/\/us.edu.pl\/instytut\/ifiz\/wp-json\/wp\/v2\/users\/104"}],"replies":[{"embeddable":true,"href":"https:\/\/us.edu.pl\/instytut\/ifiz\/wp-json\/wp\/v2\/comments?post=3298"}],"version-history":[{"count":0,"href":"https:\/\/us.edu.pl\/instytut\/ifiz\/wp-json\/wp\/v2\/pages\/3298\/revisions"}],"up":[{"embeddable":true,"href":"https:\/\/us.edu.pl\/instytut\/ifiz\/wp-json\/wp\/v2\/pages\/2988"}],"wp:attachment":[{"href":"https:\/\/us.edu.pl\/instytut\/ifiz\/wp-json\/wp\/v2\/media?parent=3298"}],"curies":[{"name":"wp","href":"https:\/\/api.w.org\/{rel}","templated":true}]}}