{"id":4318,"date":"2022-11-08T13:27:42","date_gmt":"2022-11-08T12:27:42","guid":{"rendered":"https:\/\/us.edu.pl\/instytut\/ifiz\/?page_id=4318"},"modified":"2022-11-28T23:46:06","modified_gmt":"2022-11-28T22:46:06","slug":"energia-dla-wszystkich-2022","status":"publish","type":"page","link":"https:\/\/us.edu.pl\/instytut\/ifiz\/energia-dla-wszystkich-2022\/","title":{"rendered":"Energia dla wszystkich"},"content":{"rendered":"<p>[vc_row][vc_column][vc_single_image image=&#8221;4392&#8243; img_size=&#8221;large&#8221; alignment=&#8221;center&#8221;]\r\n                <div class=\"text-modules\">\r\n                    <div class=\"container\">\r\n                        \r\n                        <div class=\"text-modules__content\"><p>Zasilanie urz\u0105dze\u0144, podnoszenie ci\u0119\u017car\u00f3w, ogrzewanie mieszkania \u2013 to w\u0142a\u015bnie energia sprawia, \u017ce wszystko si\u0119 dzieje.\u00a0 Ale czym jest energia?\u00a0 Jak j\u0105 wytworzy\u0107, przetworzy\u0107, zmagazynowa\u0107 tak by bezpiecznie z niej korzysta\u0107 i nie degradowa\u0107 \u015brodowiska w kt\u00f3rym \u017cyjemy?<\/p>\n<p>Instytut Fizyki im. A. Che\u0142kowskiego wraz z katowickim oddzia\u0142em Polskiego Towarzystwa Fizycznego zapraszaj\u0105 na wydarzenie <em><strong>Energia dla wszystkich<\/strong>,<\/em> w kt\u00f3rym specjali\u015bci z zakresu fizyki teoretycznej i do\u015bwiadczalnej a tak\u017ce nauk o ziemi odpowiedz\u0105 na te i wiele innych pyta\u0144. Temat szeroko rozumianej energii podejmujemy w roku 2022, roku uchwalonym przez Sejm RP rokiem Ignacego \u0141ukasiewicza. Dwusetna rocznica urodzin patrona przemys\u0142u naftowego i gazowniczego ale te\u017c aktualna sytuacja energetyczna na \u015bwiecie sk\u0142ania wszystkich do przemy\u015ble\u0144 na temat bezpiecze\u0144stwa energetycznego, ale te\u017c odpowiedzialnego i zr\u00f3wnowa\u017conego rozwoju; czysta i dost\u0119pna energia jest niezb\u0119dna, ale przy jednoczesnym dbaniu o jako\u015b\u0107 \u017cycia, \u015brodowisko czy klimat.<\/p>\n<p>Spotkanie odb\u0119dzie si\u0119 w dniu <strong>13.12.2022 (wtorek)<\/strong> na terenie kampusu Uniwersytetu \u015al\u0105skiego w Chorzowie (Aula P\/0\/05).<\/p>\n<p>Program wydarzenia obejmuje trzy sesje wyk\u0142ad\u00f3w dedykowanych uczniom, studentom i nauczycielom chc\u0105cym poszerza\u0107 swoj\u0105 wiedz\u0119 w zakresie fizyki, nowoczesnych \u017ar\u00f3de\u0142 energii czy metod jej magazynowania. Prosimy o zarejestrowanie si\u0119 na wybran\u0105 sesj\u0119 korzystaj\u0105c z formularza rejestracyjnego.<\/p>\n<p>Wydarzenie zako\u0144czy popo\u0142udniowa dyskusja panelowa adresowana do szerokiego grona odbiorc\u00f3w, w trakcie dyskusji panelowej naukowcy porusz\u0105 mi\u0119dzy innymi temat energetyki w naszym kraju i na \u015bwiecie.<\/p>\n<p>Udzia\u0142 w panelu dyskusyjnym nie wymaga rejestracji \u2013 gor\u0105co zach\u0119camy do udzia\u0142u w panelu dyskusyjnym stacjonarnie lub wys\u0142uchania dyskusji online \u2013 dyskusja panelowa b\u0119dzie transmitowana.<\/p>\n<p>Dodatkowo zach\u0119camy do odwiedzenia wystawy plakat\u00f3w dr hab. Tomasza Kipki, prof. U\u015a pt. &#8222;Problem granic w filozofii i nauce&#8221;, wystawy \u201eKonkursu Wzrostu Kryszta\u0142\u00f3w\u201d i odwiedzenia stoiska z aktualn\u0105 ofert\u0105 kierunk\u00f3w studi\u00f3w: fizyka, biofizyka, fizyka medyczna i informatyka stosowana realizowanych na Wydziale Nauk \u015acis\u0142ych i Technicznych.<\/p>\n<p>Szczeg\u00f3\u0142owe informacje o planowanych wyk\u0142adach i sesji panelowej mo\u017cna znale\u017a\u0107 w zak\u0142adce Program.<\/p>\n<p>&nbsp;<\/p>\n<p><strong>Honorowy patronat nad wydarzeniem obj\u0119\u0142a<\/strong><\/p>\n<p>Dziekan Wydzia\u0142u Nauk \u015acis\u0142ych i Technicznych Prof. dr hab. Danuta Str\u00f3\u017c.<\/p>\n<p><strong>Serdecznie zapraszamy do udzia\u0142u w wydarzeniu!\u00a0<\/strong><\/p>\n<p>Dyrekcja Instytutu Fizyki<br \/>\ndr hab. Sebastian Pawlus, prof. U\u015a \u2013 Dyrektor Instytutu Fizyki<br \/>\ndr hab. El\u017cbieta Stephan, prof. U\u015a \u2013 Zast\u0119pca Dyrektora Instytutu Fizyki<\/p>\n<p>Przewodnicz\u0105cy PTF Oddzia\u0142 w Katowicach<br \/>\ndr hab. Pawe\u0142 Zajdel, prof. U\u015a<\/p>\n<table style=\"border-collapse: collapse; width: 100%;\">\n<tbody>\n<tr>\n<td style=\"width: 56.425%;\"><img class=\"aligncenter wp-image-423\" src=\"https:\/\/us.edu.pl\/instytut\/ifiz\/wp-content\/uploads\/sites\/39\/logotypy\/uniwersytet-slaski_WNST_IF_logo_poziome_cmyk-1024x225.png\" alt=\"\" width=\"400\" height=\"88\" srcset=\"https:\/\/us.edu.pl\/instytut\/ifiz\/wp-content\/uploads\/sites\/39\/logotypy\/uniwersytet-slaski_WNST_IF_logo_poziome_cmyk-1024x225.png 1024w, https:\/\/us.edu.pl\/instytut\/ifiz\/wp-content\/uploads\/sites\/39\/logotypy\/uniwersytet-slaski_WNST_IF_logo_poziome_cmyk-300x66.png 300w, https:\/\/us.edu.pl\/instytut\/ifiz\/wp-content\/uploads\/sites\/39\/logotypy\/uniwersytet-slaski_WNST_IF_logo_poziome_cmyk-768x169.png 768w, https:\/\/us.edu.pl\/instytut\/ifiz\/wp-content\/uploads\/sites\/39\/logotypy\/uniwersytet-slaski_WNST_IF_logo_poziome_cmyk-575x126.png 575w\" sizes=\"(max-width: 400px) 100vw, 400px\" \/><\/td>\n<td style=\"width: 43.575%;\"><img class=\"aligncenter wp-image-360 size-medium\" src=\"https:\/\/us.edu.pl\/instytut\/ifiz\/wp-content\/uploads\/sites\/39\/logotypy\/logo_PTF_margines_400x400-300x300.png\" alt=\"\" width=\"300\" height=\"300\" srcset=\"https:\/\/us.edu.pl\/instytut\/ifiz\/wp-content\/uploads\/sites\/39\/logotypy\/logo_PTF_margines_400x400-300x300.png 300w, https:\/\/us.edu.pl\/instytut\/ifiz\/wp-content\/uploads\/sites\/39\/logotypy\/logo_PTF_margines_400x400-150x150.png 150w, https:\/\/us.edu.pl\/instytut\/ifiz\/wp-content\/uploads\/sites\/39\/logotypy\/logo_PTF_margines_400x400.png 400w\" sizes=\"(max-width: 300px) 100vw, 300px\" \/><\/td>\n<\/tr>\n<\/tbody>\n<\/table>\n<p>Komitet organizacyjny<br \/>\nprof. dr hab. Janusz Gluza<br \/>\ndr hab. Seweryn Kowalski, prof. U\u015a<br \/>\ndr Zenon Kuku\u0142a<br \/>\ndr Katarzyna Balin<br \/>\ndr Marcin Kurpas, prof. U\u015a<\/p>\n<\/div>\r\n                    <\/div>\r\n                <\/div>[\/vc_column][\/vc_row][vc_row disable_element=&#8221;yes&#8221;][vc_column]\r\n                <div class=\"text-modules\">\r\n                    <div class=\"container\">\r\n                        \r\n                        <div class=\"text-modules__content\"><\/p>\n<h2>Honorowy patronat nad wydarzeniem obj\u0119\u0142a<\/h2>\n<p>Dziekan Wydzia\u0142u Nauk \u015acis\u0142ych i Technicznych Prof. dr hab. Danuta Str\u00f3\u017c.<\/p>\n<\/div>\r\n                    <\/div>\r\n                <\/div>[\/vc_column][\/vc_row][vc_row disable_element=&#8221;yes&#8221;][vc_column]\r\n                <div class=\"text-modules\">\r\n                    <div class=\"container\">\r\n                        \r\n                        <div class=\"text-modules__content\"><p><img class=\"alignnone size-medium wp-image-3369\" src=\"https:\/\/us.edu.pl\/instytut\/ifiz\/wp-content\/uploads\/sites\/39\/logotypy\/uniwersytet-slaski_WNSiT_logo_poziome_rgb-300x42.jpg\" alt=\"\" width=\"300\" height=\"42\" srcset=\"https:\/\/us.edu.pl\/instytut\/ifiz\/wp-content\/uploads\/sites\/39\/logotypy\/uniwersytet-slaski_WNSiT_logo_poziome_rgb-300x42.jpg 300w, https:\/\/us.edu.pl\/instytut\/ifiz\/wp-content\/uploads\/sites\/39\/logotypy\/uniwersytet-slaski_WNSiT_logo_poziome_rgb-768x108.jpg 768w, https:\/\/us.edu.pl\/instytut\/ifiz\/wp-content\/uploads\/sites\/39\/logotypy\/uniwersytet-slaski_WNSiT_logo_poziome_rgb-1024x144.jpg 1024w, https:\/\/us.edu.pl\/instytut\/ifiz\/wp-content\/uploads\/sites\/39\/logotypy\/uniwersytet-slaski_WNSiT_logo_poziome_rgb-575x81.jpg 575w\" sizes=\"(max-width: 300px) 100vw, 300px\" \/><\/p>\n<\/div>\r\n                    <\/div>\r\n                <\/div>[\/vc_column][\/vc_row]<\/p>","protected":false},"excerpt":{"rendered":"<p>[vc_row][vc_column][vc_single_image image=&#8221;4392&#8243; img_size=&#8221;large&#8221; alignment=&#8221;center&#8221;][\/vc_column][\/vc_row][vc_row disable_element=&#8221;yes&#8221;][vc_column][\/vc_column][\/vc_row][vc_row disable_element=&#8221;yes&#8221;][vc_column][\/vc_column][\/vc_row] [&#8230;]<\/p>\n<p><a class=\"btn btn-secondary understrap-read-more-link\" href=\"https:\/\/us.edu.pl\/instytut\/ifiz\/energia-dla-wszystkich-2022\/\">Read More&#8230;<\/a><\/p>\n","protected":false},"author":104,"featured_media":0,"parent":0,"menu_order":60,"comment_status":"closed","ping_status":"closed","template":"page-templates\/inner-page.php","meta":{"_expiration-date-status":"","_expiration-date":0,"_expiration-date-type":"","_expiration-date-categories":[],"_expiration-date-options":[]},"acf":[],"_links":{"self":[{"href":"https:\/\/us.edu.pl\/instytut\/ifiz\/wp-json\/wp\/v2\/pages\/4318"}],"collection":[{"href":"https:\/\/us.edu.pl\/instytut\/ifiz\/wp-json\/wp\/v2\/pages"}],"about":[{"href":"https:\/\/us.edu.pl\/instytut\/ifiz\/wp-json\/wp\/v2\/types\/page"}],"author":[{"embeddable":true,"href":"https:\/\/us.edu.pl\/instytut\/ifiz\/wp-json\/wp\/v2\/users\/104"}],"replies":[{"embeddable":true,"href":"https:\/\/us.edu.pl\/instytut\/ifiz\/wp-json\/wp\/v2\/comments?post=4318"}],"version-history":[{"count":0,"href":"https:\/\/us.edu.pl\/instytut\/ifiz\/wp-json\/wp\/v2\/pages\/4318\/revisions"}],"wp:attachment":[{"href":"https:\/\/us.edu.pl\/instytut\/ifiz\/wp-json\/wp\/v2\/media?parent=4318"}],"curies":[{"name":"wp","href":"https:\/\/api.w.org\/{rel}","templated":true}]}}

<p>[vc_row][vc_column][vc_single_image image=&#8221;4392&#8243; img_size=&#8221;large&#8221; alignment=&#8221;center&#8221;]
                <div class="text-modules">
                    <div class="container">
                        
                        <div class="text-modules__content"><p>Zasilanie urządzeń, podnoszenie ciężarów, ogrzewanie mieszkania – to właśnie energia sprawia, że wszystko się dzieje.  Ale czym jest energia?  Jak ją wytworzyć, przetworzyć, zmagazynować tak by bezpiecznie z niej korzystać i nie degradować środowiska w którym żyjemy?</p>
<p>Instytut Fizyki im. A. Chełkowskiego wraz z katowickim oddziałem Polskiego Towarzystwa Fizycznego zapraszają na wydarzenie <em><strong>Energia dla wszystkich</strong>,</em> w którym specjaliści z zakresu fizyki teoretycznej i doświadczalnej a także nauk o ziemi odpowiedzą na te i wiele innych pytań. Temat szeroko rozumianej energii podejmujemy w roku 2022, roku uchwalonym przez Sejm RP rokiem Ignacego Łukasiewicza. Dwusetna rocznica urodzin patrona przemysłu naftowego i gazowniczego ale też aktualna sytuacja energetyczna na świecie skłania wszystkich do przemyśleń na temat bezpieczeństwa energetycznego, ale też odpowiedzialnego i zrównoważonego rozwoju; czysta i dostępna energia jest niezbędna, ale przy jednoczesnym dbaniu o jakość życia, środowisko czy klimat.</p>
<p>Spotkanie odbędzie się w dniu <strong>13.12.2022 (wtorek)</strong> na terenie kampusu Uniwersytetu Śląskiego w Chorzowie (Aula P/0/05).</p>
<p>Program wydarzenia obejmuje trzy sesje wykładów dedykowanych uczniom, studentom i nauczycielom chcącym poszerzać swoją wiedzę w zakresie fizyki, nowoczesnych źródeł energii czy metod jej magazynowania. Prosimy o zarejestrowanie się na wybraną sesję korzystając z formularza rejestracyjnego.</p>
<p>Wydarzenie zakończy popołudniowa dyskusja panelowa adresowana do szerokiego grona odbiorców, w trakcie dyskusji panelowej naukowcy poruszą między innymi temat energetyki w naszym kraju i na świecie.</p>
<p>Udział w panelu dyskusyjnym nie wymaga rejestracji – gorąco zachęcamy do udziału w panelu dyskusyjnym stacjonarnie lub wysłuchania dyskusji online – dyskusja panelowa będzie transmitowana.</p>
<p>Dodatkowo zachęcamy do odwiedzenia wystawy plakatów dr hab. Tomasza Kipki, prof. UŚ pt. &#8222;Problem granic w filozofii i nauce&#8221;, wystawy „Konkursu Wzrostu Kryształów” i odwiedzenia stoiska z aktualną ofertą kierunków studiów: fizyka, biofizyka, fizyka medyczna i informatyka stosowana realizowanych na Wydziale Nauk Ścisłych i Technicznych.</p>
<p>Szczegółowe informacje o planowanych wykładach i sesji panelowej można znaleźć w zakładce Program.</p>
<p>&nbsp;</p>
<p><strong>Honorowy patronat nad wydarzeniem objęła</strong></p>
<p>Dziekan Wydziału Nauk Ścisłych i Technicznych Prof. dr hab. Danuta Stróż.</p>
<p><strong>Serdecznie zapraszamy do udziału w wydarzeniu! </strong></p>
<p>Dyrekcja Instytutu Fizyki<br />
dr hab. Sebastian Pawlus, prof. UŚ – Dyrektor Instytutu Fizyki<br />
dr hab. Elżbieta Stephan, prof. UŚ – Zastępca Dyrektora Instytutu Fizyki</p>
<p>Przewodniczący PTF Oddział w Katowicach<br />
dr hab. Paweł Zajdel, prof. UŚ</p>
<table style="border-collapse: collapse; width: 100%;">
<tbody>
<tr>
<td style="width: 56.425%;"><img class="aligncenter wp-image-423" src="https://us.edu.pl/instytut/ifiz/wp-content/uploads/sites/39/logotypy/uniwersytet-slaski_WNST_IF_logo_poziome_cmyk-1024x225.png" alt="" width="400" height="88" srcset="https://us.edu.pl/instytut/ifiz/wp-content/uploads/sites/39/logotypy/uniwersytet-slaski_WNST_IF_logo_poziome_cmyk-1024x225.png 1024w, https://us.edu.pl/instytut/ifiz/wp-content/uploads/sites/39/logotypy/uniwersytet-slaski_WNST_IF_logo_poziome_cmyk-300x66.png 300w, https://us.edu.pl/instytut/ifiz/wp-content/uploads/sites/39/logotypy/uniwersytet-slaski_WNST_IF_logo_poziome_cmyk-768x169.png 768w, https://us.edu.pl/instytut/ifiz/wp-content/uploads/sites/39/logotypy/uniwersytet-slaski_WNST_IF_logo_poziome_cmyk-575x126.png 575w" sizes="(max-width: 400px) 100vw, 400px" /></td>
<td style="width: 43.575%;"><img class="aligncenter wp-image-360 size-medium" src="https://us.edu.pl/instytut/ifiz/wp-content/uploads/sites/39/logotypy/logo_PTF_margines_400x400-300x300.png" alt="" width="300" height="300" srcset="https://us.edu.pl/instytut/ifiz/wp-content/uploads/sites/39/logotypy/logo_PTF_margines_400x400-300x300.png 300w, https://us.edu.pl/instytut/ifiz/wp-content/uploads/sites/39/logotypy/logo_PTF_margines_400x400-150x150.png 150w, https://us.edu.pl/instytut/ifiz/wp-content/uploads/sites/39/logotypy/logo_PTF_margines_400x400.png 400w" sizes="(max-width: 300px) 100vw, 300px" /></td>
</tr>
</tbody>
</table>
<p>Komitet organizacyjny<br />
prof. dr hab. Janusz Gluza<br />
dr hab. Seweryn Kowalski, prof. UŚ<br />
dr Zenon Kukuła<br />
dr Katarzyna Balin<br />
dr Marcin Kurpas, prof. UŚ</p>
</div>
                    </div>
                </div>[/vc_column][/vc_row][vc_row disable_element=&#8221;yes&#8221;][vc_column]
                <div class="text-modules">
                    <div class="container">
                        
                        <div class="text-modules__content"></p>
<h2>Honorowy patronat nad wydarzeniem objęła</h2>
<p>Dziekan Wydziału Nauk Ścisłych i Technicznych Prof. dr hab. Danuta Stróż.</p>
</div>
                    </div>
                </div>[/vc_column][/vc_row][vc_row disable_element=&#8221;yes&#8221;][vc_column]
                <div class="text-modules">
                    <div class="container">
                        
                        <div class="text-modules__content"><p><img class="alignnone size-medium wp-image-3369" src="https://us.edu.pl/instytut/ifiz/wp-content/uploads/sites/39/logotypy/uniwersytet-slaski_WNSiT_logo_poziome_rgb-300x42.jpg" alt="" width="300" height="42" srcset="https://us.edu.pl/instytut/ifiz/wp-content/uploads/sites/39/logotypy/uniwersytet-slaski_WNSiT_logo_poziome_rgb-300x42.jpg 300w, https://us.edu.pl/instytut/ifiz/wp-content/uploads/sites/39/logotypy/uniwersytet-slaski_WNSiT_logo_poziome_rgb-768x108.jpg 768w, https://us.edu.pl/instytut/ifiz/wp-content/uploads/sites/39/logotypy/uniwersytet-slaski_WNSiT_logo_poziome_rgb-1024x144.jpg 1024w, https://us.edu.pl/instytut/ifiz/wp-content/uploads/sites/39/logotypy/uniwersytet-slaski_WNSiT_logo_poziome_rgb-575x81.jpg 575w" sizes="(max-width: 300px) 100vw, 300px" /></p>
</div>
                    </div>
                </div>[/vc_column][/vc_row]</p>
