{"id":4735,"date":"2023-11-06T11:58:18","date_gmt":"2023-11-06T10:58:18","guid":{"rendered":"https:\/\/us.edu.pl\/instytut\/ifiz\/?page_id=4735"},"modified":"2023-11-29T10:54:32","modified_gmt":"2023-11-29T09:54:32","slug":"rok-kopernika","status":"publish","type":"page","link":"https:\/\/us.edu.pl\/instytut\/ifiz\/rok-kopernika\/","title":{"rendered":"Dyskusja panelowa &#8222;Rok Kopernika. Kosmos i my&#8221;"},"content":{"rendered":"<p>[vc_row][vc_column]\r\n                <div class=\"text-modules\">\r\n                    <div class=\"container\">\r\n                        <h3 class=\"page-title text__title\">Instytut Fizyki im. Augusta Che\u0142kowskiego w Uniwersytecie \u015al\u0105skim w Katowicach oraz Polskie Towarzystwo Fizyczne Oddzia\u0142 w Katowicach w\u0142\u0105czaj\u0105c si\u0119 w og\u00f3lnopolskie obchody Roku Miko\u0142aja Kopernika zaprasza na czwart\u0105 edycj\u0119 grudniowego panelu popularyzuj\u0105cego nauk\u0119<\/h3>\r\n                        <div class=\"text-modules__content\"><p>Tegoroczne wydarzenie zatytu\u0142owane &#8222;<strong><u>Rok Kopernika: Kosmos i my<\/u><\/strong>&#8221; to niepowtarzalna okazja, aby zg\u0142\u0119bi\u0107 tajemnice kosmosu ale te\u017c pozna\u0107 bli\u017cej \u017cycie oraz dokonania Miko\u0142aja Kopernika.<\/p>\n<p>&nbsp;<\/p>\n<p>W ramach wydarzenia zaproszeni naukowcy odkryj\u0105 przed uczestnikami nieznane fakty z m\u0142odo\u015bci Miko\u0142aja Kopernika. Zabior\u0105 uczestnik\u00f3w w podr\u00f3\u017c przez fascynuj\u0105c\u0105 ewolucj\u0119 Wszech\u015bwiata. Poka\u017c\u0105, w jaki spos\u00f3b obserwacje astronomiczne potwierdzaj\u0105 kopernika\u0144sk\u0105 teori\u0119 heliocentryczn\u0105 i przedstawi\u0105 fascynuj\u0105ce aspekty gwiazd neutronowych. Odkryj\u0105 sekrety promieniowania kosmicznego i opowiedz\u0105 o badaniach prowadzonych na Mi\u0119dzynarodowej Stacji Kosmicznej. Przybli\u017c\u0105 tak\u017ce nowoczesne technologie pozwalaj\u0105ce na odkrywanie niewidocznych aspekt\u00f3w kosmosu i opowiedz\u0105 o kosmosie pe\u0142nym nierozwik\u0142anych zagadek.<\/p>\n<p>&nbsp;<\/p>\n<p><strong>Wydarzenie odb\u0119dzie si\u0119 <u>w pi\u0105tek, 1 grudnia 2023 r.<\/u> w Auli P\/0\/05 na terenie kampusu chorzowskiego Uniwersytetu \u015al\u0105skiego (budynek WNSiT, 75 Pu\u0142ku Piechoty 1a, Chorz\u00f3w).<\/strong><\/p>\n<p>&nbsp;<\/p>\n<p>Program wydarzenia:<\/p>\n<table width=\"619\">\n<tbody>\n<tr>\n<td width=\"139\">9:15 \u2013 9:30<\/td>\n<td width=\"480\">Rozpocz\u0119cie wydarzenia i pierwszej sesji wyk\u0142ad\u00f3w<\/td>\n<\/tr>\n<tr>\n<td width=\"139\">9:30 \u2013 10:00<\/p>\n<p>&nbsp;<\/td>\n<td width=\"480\"><strong>Przodkowie i najbli\u017csi Miko\u0142aja Kopernika<\/strong><\/p>\n<p><em>Prof. dr hab. Krzysztof Mikulski\u00a0 (Dyrektor Centrum Bada\u0144 Kopernika\u0144skich Uniwersytet Miko\u0142aja Kopernika w Toruniu)<\/em><\/p>\n<p>Nasza wiedza o pochodzeniu, przodkach i m\u0142odo\u015bci Miko\u0142aja Kopernika przez d\u0142ugi czas pozostawa\u0142a bardzo skromna. Dzisiaj mo\u017cna uzna\u0107, \u017ce wiemy bardzo du\u017co o toru\u0144skich korzeniach astronoma. Charakter jedynie hipotezy, ale do\u015b\u0107 prawdopodobnej, ma teza o \u015bl\u0105skim pochodzeniu rodziny ojca Kopernika &#8211; tyle \u017ce nie z Kopernik, ale z Nysy. Nie da si\u0119 te\u017c utrzyma\u0107 dotychczasowych pogl\u0105d\u00f3w o starsze\u0144stwie dzieci w rodzinie Kopernik\u00f3w, miejscu urodzenia uczonego w Toruniu. Wykluczy\u0107 te\u017c mo\u017cna pewne domys\u0142y dotycz\u0105ce jego nauki szkolnej, przed wyjazdem na studia do Krakowa.<\/td>\n<\/tr>\n<tr>\n<td width=\"139\">10:00 \u2013 10:25<\/p>\n<p>&nbsp;<\/p>\n<p>&nbsp;<\/td>\n<td width=\"480\"><strong>Kr\u00f3tka historia Wszech\u015bwiata<\/strong><\/p>\n<p><em>Prof. Dr hab. Jan S\u0142adkowski (Instytut Fizyki im. A. Che\u0142kowskiego, Uniwersytet \u015al\u0105ski)<\/em><\/p>\n<p>Wyk\u0142ad przybli\u017cy s\u0142uchaczom aktualny stan wiedzy na temat powstania i ewolucji Wszech\u015bwiata. Om\u00f3wione b\u0119d\u0105 kluczowe momenty fascynuj\u0105cej i burzliwej historii Wszech\u015bwiata oraz pr\u00f3by ich zrozumienia w ramach aktualnej wiedzy. Wspomniani b\u0119d\u0105 r\u00f3wnie\u017c ludzie, dzi\u0119ki wysi\u0142kowi i uporowi kt\u00f3rych poznajemy tajemnice naszego istnienia. Do zrozumienia wyk\u0142adu wystarczy wiedza wyniesiona ze szko\u0142y.<\/td>\n<\/tr>\n<tr>\n<td width=\"139\">10:25 \u2013 10:50<\/p>\n<p>&nbsp;<\/td>\n<td width=\"480\"><strong>Co zawdzi\u0119czamy gwiazdom neutronowym<\/strong><\/p>\n<p><em>Dr hab. Ilona Bednarek, prof. U\u015a (Instytut Fizyki im. A. Che\u0142kowskiego, Uniwersytet \u015al\u0105ski)<\/em><\/p>\n<p>W czasie wyk\u0142adu przedstawione zostan\u0105 w\u0142asno\u015bci niezwyk\u0142ych obiekt\u00f3w jakimi s\u0105 gwiazdy neutronowe. Znajduj\u0105 si\u0119 one w centrum wielu nierozwi\u0105zanych problem\u00f3w astrofizyki i grawitacji. Jednak odpowiednia interpretacja zjawisk z udzia\u0142em gwiazd neutronowych wymaga poznania i zrozumienia tego co dzieje si\u0119 w ich wn\u0119trzu.<\/td>\n<\/tr>\n<tr>\n<td width=\"139\">10:50 \u2013 11:05<\/p>\n<p>&nbsp;<\/td>\n<td width=\"480\">Przerwa<\/p>\n<p>W trakcie przerwy mo\u017cliwo\u015b\u0107 zobaczenia wystaw:<\/p>\n<p>\u201eKonkursu Wzrostu Kryszta\u0142\u00f3w\u201d<\/p>\n<p>&nbsp;<\/td>\n<\/tr>\n<tr>\n<td width=\"139\">11:05 \u2013 11:10<\/td>\n<td width=\"480\">Rozpocz\u0119cie drugiej sesji wyk\u0142ad\u00f3w<\/td>\n<\/tr>\n<tr>\n<td width=\"139\">11:10 \u2013 11:40<\/p>\n<p>&nbsp;<\/td>\n<td width=\"480\"><strong>Zobaczy\u0107 niewidoczne<\/strong><\/p>\n<p><em>Stefan Janta (Dyrektor Planetarium i Obserwatorium Astronomicznego im. Miko\u0142aja Kopernika w Chorzowie)<\/em><\/p>\n<p>Przez ca\u0142e tysi\u0105clecia astronomowie skazani byli na obserwacje wykonywane w\u0142asnym wzrokiem, czyli wy\u0142\u0105cznie w zakresie \u015bwiat\u0142a widzialnego. Wynalezienie lunety tak\u017ce tego nie zmieni\u0142o. Luneta pozwoli\u0142a jedynie si\u0119gn\u0105\u0107 \u201eg\u0142\u0119biej&#8221;. Jednak Kosmos m\u00f3wi do nas tak\u017ce w innych zakresach fal elektromagnetycznych. Obecne technologie pozwalaj\u0105 spojrze\u0107 na dost\u0119pny naszym obserwacjom Wszech\u015bwiat niemal w ca\u0142ym zakresie widma elektromagnetycznego. Co uda\u0142o si\u0119 zobaczy\u0107 na niebie, gdy zacz\u0119to obserwowa\u0107 niewidoczne?<\/td>\n<\/tr>\n<tr>\n<td width=\"139\">11:40 \u2013 12:05<\/p>\n<p>&nbsp;<\/td>\n<td width=\"480\"><strong>Promieniowanie kosmiczne \u2013 co to jest i jak je mierzymy<\/strong><\/p>\n<p>dr hab. Seweryn Kowalski, prof. U\u015a <em>(Instytut Fizyki im. A. Che\u0142kowskiego, Uniwersytet \u015al\u0105ski)<\/em><\/p>\n<p>Na wyk\u0142adzie zostan\u0105 przedstawione fundamentalne informacje dotycz\u0105ce promieniowania kosmicznego, jego \u017ar\u00f3de\u0142, sk\u0142adu oraz technik pomiarowych. Przyjrzymy si\u0119 r\u00f3wnie\u017c obecnie u\u017cywanym detektorom promieniowania kosmicznego, w tym umieszczonym na Mi\u0119dzynarodowej Stacji Kosmicznej. Ponadto, dowiemy si\u0119, w jaki spos\u00f3b du\u017ce laboratoria cz\u0105stek elementarnych mog\u0105 wspomaga\u0107 badania nad promieniowaniem kosmicznym.<\/td>\n<\/tr>\n<tr>\n<td width=\"139\">12:05 \u2013 12:30<\/p>\n<p>&nbsp;<\/p>\n<p>&nbsp;<\/td>\n<td width=\"480\"><strong>O deficycie materii i antymaterii we Wszech\u015bwiecie i konieczno\u015bci nowej rewolucji w fizyce (cz\u0105stek)<\/strong><\/p>\n<p><em>Prof. dr hab. Janusz Gluza (Instytut Fizyki im. A. Che\u0142kowskiego, Uniwersytet \u015al\u0105ski)<\/em><\/p>\n<p>Ewolucja kosmosu zale\u017cy od g\u0119sto\u015bci i rodzaju materii w nim zawartej. W ten spos\u00f3b rozumiemy jak Wszech\u015bwiat si\u0119 rozpr\u0119\u017ca\u0142 i styg\u0142, tworz\u0105c wpierw nukleony, potem lekkie pierwiastki, atomy, na koniec gigantyczne struktury w skali makro. Jednak w tym obrazie brakuje pe\u0142nego zrozumienia mechanizmu dominacji materii nad antymateri\u0105, w ko\u0144cu wszechobecnej obserwacji. Z kolei obserwacje mi\u0119dzy innymi dynamiki krzywych rotacji galaktyk prowadz\u0105 do wniosku, i\u017c na ka\u017cdy gram zwyk\u0142ej materii przypadaj\u0105 cztery inne gramy nieznanej nam, nieobserwowanej &#8222;ciemnej&#8221; materii. W wyk\u0142adzie naszkicuj\u0119 propozycje wyt\u0142umaczenia tych problem\u00f3w poprzez modyfikacj\u0119 modeli oddzia\u0142ywa\u0144 cz\u0105stek, na przyk\u0142ad egzotyczne rozpady j\u0105drowe beta, wprowadzanie symetrii dyskretnych zapach\u00f3w czy te\u017c eksperymenty poszukuj\u0105ce ciemnej materii. Proponowane nowe hipotezy, idee czy te\u017c eksperymenty, w przypadku ich potwierdzenia, b\u0119d\u0105 rewolucyjne. Mo\u017cliwe jednak i\u017c wysi\u0142ki te oka\u017c\u0105 si\u0119 niewystarczaj\u0105ce i potrzebujemy zupe\u0142nie nowego spojrzenia na relacje pomi\u0119dzy modelami w mikro i makro \u015bwiecie, na miar\u0119 rewolucji Plancka kwantowania energii, czy te\u017c nowego spojrzenia na uk\u0142ad S\u0142oneczny przez Kopernika.<\/td>\n<\/tr>\n<tr>\n<td width=\"139\">12:30 \u2013 13:00<\/p>\n<p>&nbsp;<\/td>\n<td width=\"480\">Przerwa<\/td>\n<\/tr>\n<tr>\n<td width=\"139\">13:00\u2013 13:05<\/p>\n<p>&nbsp;<\/td>\n<td width=\"480\">Rozpocz\u0119cie sesji panelowej poprzedzonej wyk\u0142adem<\/td>\n<\/tr>\n<tr>\n<td width=\"139\">13:05 \u2013 13:50<\/p>\n<p>&nbsp;<\/td>\n<td width=\"480\"><strong>Wstrzyma\u0142 &#8230;,\u00a0 ruszy\u0142 &#8230;, . i co dalej &#8230;? czyli sk\u0105d wiemy, \u017ce Kopernik mia\u0142 racj\u0119<\/strong><\/p>\n<p>Dr Waldemar Og\u0142oza (Obserwatorium UKEN na Suhorze, oraz Planetarium i Obserwatorium Astronomiczne im. Miko\u0142aja Kopernika w Chorzowie <em>)<\/em><\/p>\n<p>Wyk\u0142ad popularnonaukowy o faktach obserwacyjnych potwierdzaj\u0105cych teori\u0119 heliocentryczn\u0105. Przedstawione zostan\u0105 obserwacyjne podstawy na kt\u00f3rych astronomia zbudowa\u0142a najpierw teori\u0119 geocentryczn\u0105 oraz powody dla kt\u00f3rych zosta\u0142a ona obalona na rzecz rewolucji kopernika\u0144skiej.<\/td>\n<\/tr>\n<tr>\n<td width=\"139\">13:50 \u2013 15:30<\/p>\n<p>&nbsp;<\/td>\n<td width=\"480\"><strong>Panel dyskusyjny<\/strong><\/td>\n<\/tr>\n<\/tbody>\n<\/table>\n<p>&nbsp;<\/p>\n<p><strong>Honorowy patronat nad wydarzeniem obj\u0119\u0142a<\/strong><\/p>\n<p>Dziekan Wydzia\u0142u Nauk \u015acis\u0142ych i Technicznych Prof. dr hab. Danuta Str\u00f3\u017c<\/p>\n<p>&nbsp;<\/p>\n<p>Serdecznie zapraszamy do udzia\u0142u w wydarzeniu!<\/p>\n<p>&nbsp;<\/p>\n<p>Dyrekcja Instytutu Fizyki<\/p>\n<p>Prof. dr hab. Sebastian Pawlus\u00a0 \u2013 Dyrektor Instytutu Fizyki<\/p>\n<p>dr hab. El\u017cbieta Stephan, prof. U\u015a \u2013 Zast\u0119pca Dyrektora Instytutu Fizyki<\/p>\n<p>&nbsp;<\/p>\n<p>Przewodnicz\u0105cy PTF Oddzia\u0142 w Katowicach<\/p>\n<p>dr hab. Pawe\u0142 Zajdel, prof. U\u015a<\/p>\n<p>&nbsp;<\/p>\n<p>Komitet organizacyjny<\/p>\n<p>prof. dr hab. Janusz Gluza<\/p>\n<p>dr hab. Seweryn Kowalski, prof. U\u015a<\/p>\n<p>dr Katarzyna Balin, prof. U\u015a<\/p>\n<p>dr Zenon Kuku\u0142a<\/p>\n<p>mgr Agnieszka Jankowska<\/p>\n<\/div>\r\n                    <\/div>\r\n                <\/div>            \r\n                    <div class=\"container\">\r\n                        <div class=\"gallery gallery_2\" data-images-in-row=\"2\">\r\n                            \r\n                            <div class=\"row m-0\">\r\n                                <a data-fancybox-group=\"button\" title=\"\" data-fancybox=\"2833\" href=\"https:\/\/us.edu.pl\/instytut\/ifiz\/wp-content\/uploads\/sites\/39\/Bez-kategorii\/Plakat_Kosmos_i_My-6-kopi-A3-003.jpg\" class=\"gallery__item thumbnail\"\r\n                                    style=\"background-image: url(https:\/\/us.edu.pl\/instytut\/ifiz\/wp-content\/uploads\/sites\/39\/Bez-kategorii\/Plakat_Kosmos_i_My-6-kopi-A3-003.jpg)\"> <span class=\"d-none\">https:\/\/us.edu.pl\/instytut\/ifiz\/wp-content\/uploads\/sites\/39\/Bez-kategorii\/Plakat_Kosmos_i_My-6-kopi-A3-003.jpg<\/span> <\/a>\r\n                            <\/div>\r\n                    <\/div>\r\n                <\/div>[\/vc_column][\/vc_row]<\/p>","protected":false},"excerpt":{"rendered":"<p>[vc_row][vc_column][\/vc_column][\/vc_row] [&#8230;]<\/p>\n<p><a class=\"btn btn-secondary understrap-read-more-link\" href=\"https:\/\/us.edu.pl\/instytut\/ifiz\/rok-kopernika\/\">Read More&#8230;<\/a><\/p>\n","protected":false},"author":104,"featured_media":4758,"parent":0,"menu_order":61,"comment_status":"closed","ping_status":"closed","template":"","meta":{"_expiration-date-status":"","_expiration-date":0,"_expiration-date-type":"","_expiration-date-categories":[],"_expiration-date-options":[]},"acf":[],"_links":{"self":[{"href":"https:\/\/us.edu.pl\/instytut\/ifiz\/wp-json\/wp\/v2\/pages\/4735"}],"collection":[{"href":"https:\/\/us.edu.pl\/instytut\/ifiz\/wp-json\/wp\/v2\/pages"}],"about":[{"href":"https:\/\/us.edu.pl\/instytut\/ifiz\/wp-json\/wp\/v2\/types\/page"}],"author":[{"embeddable":true,"href":"https:\/\/us.edu.pl\/instytut\/ifiz\/wp-json\/wp\/v2\/users\/104"}],"replies":[{"embeddable":true,"href":"https:\/\/us.edu.pl\/instytut\/ifiz\/wp-json\/wp\/v2\/comments?post=4735"}],"version-history":[{"count":0,"href":"https:\/\/us.edu.pl\/instytut\/ifiz\/wp-json\/wp\/v2\/pages\/4735\/revisions"}],"wp:featuredmedia":[{"embeddable":true,"href":"https:\/\/us.edu.pl\/instytut\/ifiz\/wp-json\/wp\/v2\/media\/4758"}],"wp:attachment":[{"href":"https:\/\/us.edu.pl\/instytut\/ifiz\/wp-json\/wp\/v2\/media?parent=4735"}],"curies":[{"name":"wp","href":"https:\/\/api.w.org\/{rel}","templated":true}]}}