{"id":704,"date":"2020-02-20T14:18:03","date_gmt":"2020-02-20T13:18:03","guid":{"rendered":"http:\/\/us.edu.pl\/instytut\/ifiz\/?page_id=704"},"modified":"2026-03-16T10:36:46","modified_gmt":"2026-03-16T09:36:46","slug":"postepowania-awansowe","status":"publish","type":"page","link":"https:\/\/us.edu.pl\/instytut\/ifiz\/nauka\/postepowania-awansowe\/","title":{"rendered":"Post\u0119powania awansowe"},"content":{"rendered":"<p>[vc_row][vc_column]\r\n                <div class=\"text-modules\">\r\n                    <div class=\"container\">\r\n                        <h3 class=\"page-title text__title\">Post\u0119powania awansowe<\/h3>\r\n                        <div class=\"text-modules__content\"><p>W Instytucie Fizyki prowadzone s\u0105 post\u0119powania w sprawie nadania stopnia naukowego doktora oraz stopnia doktora habilitowanego. Szczeg\u00f3\u0142owe informacje o aktualnych post\u0119powaniach prowadzonych w Instytucie dost\u0119pne s\u0105 w Biuletynie Informacji Publicznej U\u015a<\/p>\n<\/div>\r\n                    <\/div>\r\n                <\/div>[vc_raw_html]JTNDYnV0dG9uJTIwb25jbGljayUzRCUyMndpbmRvdy5vcGVuJTI4JTI3aHR0cHMlM0ElMkYlMkZiaXAudXMuZWR1LnBsJTJGcGwlMkZ0YXhvbm9teSUyRnRlcm0lMkYxNiUyNyUyQyUyMCUyN19ibGFuayUyNyUyOSUyMiUyMCUwQSUyMCUyMCUyMCUyMCUyMCUyMCUyMCUyMHN0eWxlJTNEJTIyYmFja2dyb3VuZC1jb2xvciUzQSUyMzAwMzM2NiUzQiUyMGNvbG9yJTNBd2hpdGUlM0IlMjBwYWRkaW5nJTNBMTBweCUyMDIwcHglM0IlMjBib3JkZXIlM0Fub25lJTNCJTIwYm9yZGVyLXJhZGl1cyUzQTVweCUzQiUyMGN1cnNvciUzQXBvaW50ZXIlM0IlMjIlM0UlMEElMjAlMjAlMjAlMjBab2JhY3olMjBsaXN0JUM0JTk5JTIwYWt0dWFsbnljaCUyMHBvc3QlQzQlOTlwb3dhJUM1JTg0JTIwdyUyMEluc3R5dHVjaWUlMjBGaXp5a2klMEElM0MlMkZidXR0b24lM0U=[\/vc_raw_html][vc_separator][vc_row_inner][vc_column_inner width=&#8221;1\/4&#8243;][vc_single_image image=&#8221;8018&#8243;][\/vc_column_inner][vc_column_inner width=&#8221;3\/4&#8243;]\r\n                <div class=\"text-modules\">\r\n                    <div class=\"container\">\r\n                        \r\n                        <div class=\"text-modules__content\"><\/p>\n<h3><span style=\"color: #003366;\"><strong>Post\u0119powania doktorskie<\/strong><\/span><\/h3>\n<p>Post\u0119powania w sprawie nadania stopnia doktora prowadzone s\u0105 zgodnie z przepisami wewn\u0119trznymi uczelni oraz obowi\u0105zuj\u0105cymi przepisami prawa.<\/p>\n<p data-start=\"876\" data-end=\"1018\">Informacje dotycz\u0105ce zasad, wymaganych dokument\u00f3w oraz procedury wszcz\u0119cia post\u0119powania okre\u015blaj\u0105 wewn\u0119trzne regulacje Uniwersytetu \u015al\u0105skiego.<\/p>\n<p>Osoby zainteresowane otwarciem przewodu doktorskiego w dziedzinie nauk \u015bcis\u0142ych i przyrodniczych w dyscyplinie nauk fizycznych, podstawowe informacje odnajd\u0105 <a href=\"https:\/\/us.edu.pl\/doktorant\/mobilnosc-rozwoj\/uzyskanie-stopnia-doktora\/\">na stronie Uniwersytetu \u015al\u0105skiego dotycz\u0105cej uzyskania stopnia doktora po wej\u015bciu w \u017cycie Ustawy 2.0.<\/a><\/p>\n<p><a href=\"https:\/\/aktyprawne.us.edu.pl\/w\/7166\/6\/\">Wzory uchwa\u0142 i wniosk\u00f3w<\/a>\u00a0w sprawie przeprowadzenia post\u0119powa\u0144 w sprawie nadania stopnia doktora.<\/p>\n<\/div>\r\n                    <\/div>\r\n                <\/div>[vc_raw_html]JTNDYnV0dG9uJTIwb25jbGljayUzRCUyMndpbmRvdy5vcGVuJTI4JTI3aHR0cHMlM0ElMkYlMkZyYWRvbi5uYXVrYS5nb3YucGwlMkZkYW5lJTJGcG9zdGVwb3dhbmlhLWF3YW5zb3dlJTNGcHJvY2VkdXJlS2luZHMlM0QxJTI2ZG9tYWluRGlzY2lwbGluZXMlM0REWjAxMDZOX0RTMDEwNjA1TiUyNmluc3RpdHV0aW9ucyUzRGI1ZGI0M2I5LWIwNzYtNGE1NC04MDc1LTE2NDJiN2M5ZmU4OSUyNyUyQyUyMCUyN19ibGFuayUyNyUyOSUyMiUyMCUwQSUyMCUyMCUyMCUyMCUyMCUyMCUyMCUyMHN0eWxlJTNEJTIyYmFja2dyb3VuZC1jb2xvciUzQSUyMzAwMzM2NiUzQiUyMGNvbG9yJTNBd2hpdGUlM0IlMjBwYWRkaW5nJTNBMTBweCUyMDIwcHglM0IlMjBib3JkZXIlM0Fub25lJTNCJTIwYm9yZGVyLXJhZGl1cyUzQTVweCUzQiUyMGN1cnNvciUzQXBvaW50ZXIlM0IlMjIlM0UlMEElMjAlMjAlMjAlMjBab2JhY3olMjBwb3N0JUM0JTk5cG93YW5pYSUyMGRva3RvcnNraWUlMjBVJUM1JTlBJTIwdyUyMFJBRCVFMiU4MCU5MW9uJTBBJTNDJTJGYnV0dG9uJTNF[\/vc_raw_html][vc_separator][vc_raw_html]JTNDc3R5bGUlM0UlMEEuY2FsbG91dC11cyUyMCU3QiUwQSUyMCUyMCUyMCUyMGJvcmRlci1sZWZ0JTNBJTIwNXB4JTIwc29saWQlMjAlMjMwMDMzNjYlM0IlMEElMjAlMjAlMjAlMjBiYWNrZ3JvdW5kJTNBJTIwJTIzZjJmNmZhJTNCJTBBJTIwJTIwJTIwJTIwcGFkZGluZyUzQSUyMDE4cHglMjAyMnB4JTNCJTBBJTIwJTIwJTIwJTIwbWFyZ2luJTNBJTIwMjVweCUyMDAlM0IlMEElMjAlMjAlMjAlMjBib3JkZXItcmFkaXVzJTNBJTIwNHB4JTNCJTBBJTIwJTIwJTIwJTIwZm9udC1mYW1pbHklM0ElMjAlMjJTZWdvZSUyMFVJJTIyJTJDJTIwQXJpYWwlMkMlMjBzYW5zLXNlcmlmJTNCJTBBJTdEJTBBJTBBLmNhbGxvdXQtdXMlMjBoMyUyMCU3QiUwQSUyMCUyMCUyMCUyMG1hcmdpbi10b3AlM0ElMjAwJTNCJTBBJTIwJTIwJTIwJTIwY29sb3IlM0ElMjAlMjMwMDMzNjYlM0IlMEElMjAlMjAlMjAlMjBmb250LXNpemUlM0ElMjAyMnB4JTNCJTBBJTdEJTBBJTBBLmNhbGxvdXQtdXMlMjBwJTIwJTdCJTBBJTIwJTIwJTIwJTIwbWFyZ2luJTNBJTIwOHB4JTIwMCUyMDAlM0IlMEElMjAlMjAlMjAlMjBmb250LXNpemUlM0ElMjAxNnB4JTNCJTBBJTdEJTBBJTNDJTJGc3R5bGUlM0UlMEElMEElM0NkaXYlMjBjbGFzcyUzRCUyMmNhbGxvdXQtdXMlMjIlM0UlMEElMjAlMjAlMjAlMjAlM0NoMyUzRVphdHdpZXJkem9uZSUyMHRlbWF0eSUyMGJhZGF3Y3plJTIwZGxhJTIwZG9rdG9yYW50JUMzJUIzdyUzQ2JyJTNFbmElMjByb2slMjBha2FkZW1pY2tpJTIwMjAyNiUyRjIwMjclM0MlMkZoMyUzRSUwQSUyMCUyMCUyMCUyMCUzQ3AlM0VaYXByYXN6YW15JTIwZG8lMjB6YXBvem5hbmlhJTIwc2klQzQlOTklMjB6JTIwcGUlQzUlODJuJUM0JTg1JTIwbGlzdCVDNCU4NSUyMHRlbWF0JUMzJUIzdyUyMGJhZGF3Y3p5Y2glMjB3cmF6JTIweiUyMHByenlwaXNhbnltaSUyMHByb21vdG9yYW1pLiUzQyUyRnAlM0UlMEElMjAlMjAlMjAlMjAlM0NwJTNFJTNDc3Ryb25nJTNFJTNDYSUyMGhyZWYlM0QlMjJodHRwcyUzQSUyRiUyRnVzLmVkdS5wbCUyRmluc3R5dHV0JTJGaWZpeiUyRm5hdWthJTJGcG9zdGVwb3dhbmlhLWF3YW5zb3dlJTJGbGlzdGEtdGVtYXRvdy1iYWRhd2N6eWNoJTJGJTIyJTIwc3R5bGUlM0QlMjJjb2xvciUzQSUyMzAwMzM2NiUzQiUyMHRleHQtZGVjb3JhdGlvbiUzQSUyMHVuZGVybGluZSUzQiUyMiUzRSVFMiU5RSVBMSUyMFByemVqZCVDNSVCQSUyMGRvJTIwdGFiZWxpJTNDJTJGYSUzRSUzQyUyRnN0cm9uZyUzRSUzQyUyRnAlM0UlMEElM0MlMkZkaXYlM0U=[\/vc_raw_html][\/vc_column_inner][\/vc_row_inner][vc_row_inner][vc_column_inner width=&#8221;3\/4&#8243;]\r\n                <div class=\"text-modules\">\r\n                    <div class=\"container\">\r\n                        \r\n                        <div class=\"text-modules__content\"><\/p>\n<h3><span style=\"color: #003366;\"><strong>Post\u0119powania habilitacyjne<\/strong><\/span><\/h3>\n<p>Post\u0119powanie habilitacyjne wszczynane jest na wniosek osoby ubiegaj\u0105cej si\u0119 o nadanie stopnia doktora habilitowanego sk\u0142adany do Rada Doskona\u0142o\u015bci Naukowej.<\/p>\n<p data-start=\"1268\" data-end=\"1353\">Szczeg\u00f3\u0142owe informacje dotycz\u0105ce procedury habilitacyjnej dost\u0119pne s\u0105 na stronie RDN:<\/p>\n<p data-start=\"1355\" data-end=\"1380\">\ud83d\udc49 <a href=\"https:\/\/www.rdn.gov.pl\/postepowanie-habilitacyjne.html\" data-start=\"1358\" data-end=\"1380\">https:\/\/www.rdn.gov.pl\/postepowanie-habilitacyjne.html<\/a><\/p>\n<p>Zasady prowadzenia post\u0119powania habilitacyjnego w Uniwersytecie \u015al\u0105skim okre\u015blaj\u0105 r\u00f3wnie\u017c wewn\u0119trzne regulacje uczelni.<\/p>\n<\/div>\r\n                    <\/div>\r\n                <\/div>[vc_raw_html]JTNDYnV0dG9uJTIwb25jbGljayUzRCUyMndpbmRvdy5vcGVuJTI4JTI3aHR0cHMlM0ElMkYlMkZyYWRvbi5uYXVrYS5nb3YucGwlMkZkYW5lJTJGcG9zdGVwb3dhbmlhLWF3YW5zb3dlJTNGcHJvY2VkdXJlS2luZHMlM0QyJTI2ZG9tYWluRGlzY2lwbGluZXMlM0REWjAxMDZOX0RTMDEwNjA1TiUyNmluc3RpdHV0aW9ucyUzRGI1ZGI0M2I5LWIwNzYtNGE1NC04MDc1LTE2NDJiN2M5ZmU4OSUyNnBhZ2VOdW1iZXIlM0QxJTI3JTJDJTIwJTI3X2JsYW5rJTI3JTI5JTIyJTIwJTBBJTIwJTIwJTIwJTIwJTIwJTIwJTIwJTIwc3R5bGUlM0QlMjJiYWNrZ3JvdW5kLWNvbG9yJTNBJTIzMDAzMzY2JTNCJTIwY29sb3IlM0F3aGl0ZSUzQiUyMHBhZGRpbmclM0ExMHB4JTIwMjBweCUzQiUyMGJvcmRlciUzQW5vbmUlM0IlMjBib3JkZXItcmFkaXVzJTNBNXB4JTNCJTIwY3Vyc29yJTNBcG9pbnRlciUzQiUyMiUzRSUwQSUyMCUyMCUyMCUyMFpvYmFjeiUyMHBvc3QlQzQlOTlwb3dhbmlhJTIwaGFiaWxpdGFjeWpuZSUyMFUlQzUlOUElMjB3JTIwUkFEJUUyJTgwJTkxb24lMEElM0MlMkZidXR0b24lM0U=[\/vc_raw_html][\/vc_column_inner][vc_column_inner width=&#8221;1\/4&#8243;][vc_single_image image=&#8221;8017&#8243;][\/vc_column_inner][\/vc_row_inner][vc_row_inner][vc_column_inner width=&#8221;1\/4&#8243;][vc_single_image image=&#8221;8016&#8243;][\/vc_column_inner][vc_column_inner width=&#8221;3\/4&#8243;]\r\n                <div class=\"text-modules\">\r\n                    <div class=\"container\">\r\n                        \r\n                        <div class=\"text-modules__content\"><\/p>\n<h3><span style=\"color: #003366;\"><strong>Post\u0119powania o nadanie tytu\u0142u profesora<\/strong><\/span><\/h3>\n<p>Post\u0119powania w sprawie nadania tytu\u0142u profesora prowadzone s\u0105 przez <strong><span class=\"whitespace-normal\">Rad\u0119 Doskona\u0142o\u015bci Naukowej<\/span><\/strong>. Wniosek o nadanie tytu\u0142u profesora sk\u0142adany jest bezpo\u015brednio do RDN.<\/p>\n<p data-start=\"519\" data-end=\"614\">Szczeg\u00f3\u0142owe informacje dotycz\u0105ce procedury dost\u0119pne s\u0105 na stronie RDN:<\/p>\n<p><a href=\"https:\/\/www.rdn.gov.pl\/postepowanie-w-sprawie-nadania-tytulu-profesora.html\" data-start=\"592\" data-end=\"614\">https:\/\/www.rdn.gov.pl\/postepowanie-w-sprawie-nadania-tytulu-profesora.html<\/a><\/p>\n<\/div>\r\n                    <\/div>\r\n                <\/div>[\/vc_column_inner][\/vc_row_inner][vc_separator][\/vc_column][\/vc_row][vc_row][vc_column][\/vc_column][\/vc_row]<\/p>","protected":false},"excerpt":{"rendered":"<p>[vc_row][vc_column][vc_raw_html]JTNDYnV0dG9uJTIwb25jbGljayUzRCUyMndpbmRvdy5vcGVuJTI4JTI3aHR0cHMlM0ElMkYlMkZiaXAudXMuZWR1LnBsJTJGcGwlMkZ0YXhvbm9teSUyRnRlcm0lMkYxNiUyNyUyQyUyMCUyN19ibGFuayUyNyUyOSUyMiUyMCUwQSUyMCUyMCUyMCUyMCUyMCUyMCUyMCUyMHN0eWxlJTNEJTIyYmFja2dyb3VuZC1jb2xvciUzQSUyMzAwMzM2NiUzQiUyMGNvbG9yJTNBd2hpdGUlM0IlMjBwYWRkaW5nJTNBMTBweCUyMDIwcHglM0IlMjBib3JkZXIlM0Fub25lJTNCJTIwYm9yZGVyLXJhZGl1cyUzQTVweCUzQiUyMGN1cnNvciUzQXBvaW50ZXIlM0IlMjIlM0UlMEElMjAlMjAlMjAlMjBab2JhY3olMjBsaXN0JUM0JTk5JTIwYWt0dWFsbnljaCUyMHBvc3QlQzQlOTlwb3dhJUM1JTg0JTIwdyUyMEluc3R5dHVjaWUlMjBGaXp5a2klMEElM0MlMkZidXR0b24lM0U=[\/vc_raw_html][vc_separator][vc_row_inner][vc_column_inner width=&#8221;1\/4&#8243;][vc_single_image image=&#8221;8018&#8243;][\/vc_column_inner][vc_column_inner width=&#8221;3\/4&#8243;][vc_raw_html]JTNDYnV0dG9uJTIwb25jbGljayUzRCUyMndpbmRvdy5vcGVuJTI4JTI3aHR0cHMlM0ElMkYlMkZyYWRvbi5uYXVrYS5nb3YucGwlMkZkYW5lJTJGcG9zdGVwb3dhbmlhLWF3YW5zb3dlJTNGcHJvY2VkdXJlS2luZHMlM0QxJTI2ZG9tYWluRGlzY2lwbGluZXMlM0REWjAxMDZOX0RTMDEwNjA1TiUyNmluc3RpdHV0aW9ucyUzRGI1ZGI0M2I5LWIwNzYtNGE1NC04MDc1LTE2NDJiN2M5ZmU4OSUyNyUyQyUyMCUyN19ibGFuayUyNyUyOSUyMiUyMCUwQSUyMCUyMCUyMCUyMCUyMCUyMCUyMCUyMHN0eWxlJTNEJTIyYmFja2dyb3VuZC1jb2xvciUzQSUyMzAwMzM2NiUzQiUyMGNvbG9yJTNBd2hpdGUlM0IlMjBwYWRkaW5nJTNBMTBweCUyMDIwcHglM0IlMjBib3JkZXIlM0Fub25lJTNCJTIwYm9yZGVyLXJhZGl1cyUzQTVweCUzQiUyMGN1cnNvciUzQXBvaW50ZXIlM0IlMjIlM0UlMEElMjAlMjAlMjAlMjBab2JhY3olMjBwb3N0JUM0JTk5cG93YW5pYSUyMGRva3RvcnNraWUlMjBVJUM1JTlBJTIwdyUyMFJBRCVFMiU4MCU5MW9uJTBBJTNDJTJGYnV0dG9uJTNF[\/vc_raw_html][vc_separator][vc_raw_html]JTNDc3R5bGUlM0UlMEEuY2FsbG91dC11cyUyMCU3QiUwQSUyMCUyMCUyMCUyMGJvcmRlci1sZWZ0JTNBJTIwNXB4JTIwc29saWQlMjAlMjMwMDMzNjYlM0IlMEElMjAlMjAlMjAlMjBiYWNrZ3JvdW5kJTNBJTIwJTIzZjJmNmZhJTNCJTBBJTIwJTIwJTIwJTIwcGFkZGluZyUzQSUyMDE4cHglMjAyMnB4JTNCJTBBJTIwJTIwJTIwJTIwbWFyZ2luJTNBJTIwMjVweCUyMDAlM0IlMEElMjAlMjAlMjAlMjBib3JkZXItcmFkaXVzJTNBJTIwNHB4JTNCJTBBJTIwJTIwJTIwJTIwZm9udC1mYW1pbHklM0ElMjAlMjJTZWdvZSUyMFVJJTIyJTJDJTIwQXJpYWwlMkMlMjBzYW5zLXNlcmlmJTNCJTBBJTdEJTBBJTBBLmNhbGxvdXQtdXMlMjBoMyUyMCU3QiUwQSUyMCUyMCUyMCUyMG1hcmdpbi10b3AlM0ElMjAwJTNCJTBBJTIwJTIwJTIwJTIwY29sb3IlM0ElMjAlMjMwMDMzNjYlM0IlMEElMjAlMjAlMjAlMjBmb250LXNpemUlM0ElMjAyMnB4JTNCJTBBJTdEJTBBJTBBLmNhbGxvdXQtdXMlMjBwJTIwJTdCJTBBJTIwJTIwJTIwJTIwbWFyZ2luJTNBJTIwOHB4JTIwMCUyMDAlM0IlMEElMjAlMjAlMjAlMjBmb250LXNpemUlM0ElMjAxNnB4JTNCJTBBJTdEJTBBJTNDJTJGc3R5bGUlM0UlMEElMEElM0NkaXYlMjBjbGFzcyUzRCUyMmNhbGxvdXQtdXMlMjIlM0UlMEElMjAlMjAlMjAlMjAlM0NoMyUzRVphdHdpZXJkem9uZSUyMHRlbWF0eSUyMGJhZGF3Y3plJTIwZGxhJTIwZG9rdG9yYW50JUMzJUIzdyUzQ2JyJTNFbmElMjByb2slMjBha2FkZW1pY2tpJTIwMjAyNiUyRjIwMjclM0MlMkZoMyUzRSUwQSUyMCUyMCUyMCUyMCUzQ3AlM0VaYXByYXN6YW15JTIwZG8lMjB6YXBvem5hbmlhJTIwc2klQzQlOTklMjB6JTIwcGUlQzUlODJuJUM0JTg1JTIwbGlzdCVDNCU4NSUyMHRlbWF0JUMzJUIzdyUyMGJhZGF3Y3p5Y2glMjB3cmF6JTIweiUyMHByenlwaXNhbnltaSUyMHByb21vdG9yYW1pLiUzQyUyRnAlM0UlMEElMjAlMjAlMjAlMjAlM0NwJTNFJTNDc3Ryb25nJTNFJTNDYSUyMGhyZWYlM0QlMjJodHRwcyUzQSUyRiUyRnVzLmVkdS5wbCUyRmluc3R5dHV0JTJGaWZpeiUyRm5hdWthJTJGcG9zdGVwb3dhbmlhLWF3YW5zb3dlJTJGbGlzdGEtdGVtYXRvdy1iYWRhd2N6eWNoJTJGJTIyJTIwc3R5bGUlM0QlMjJjb2xvciUzQSUyMzAwMzM2NiUzQiUyMHRleHQtZGVjb3JhdGlvbiUzQSUyMHVuZGVybGluZSUzQiUyMiUzRSVFMiU5RSVBMSUyMFByemVqZCVDNSVCQSUyMGRvJTIwdGFiZWxpJTNDJTJGYSUzRSUzQyUyRnN0cm9uZyUzRSUzQyUyRnAlM0UlMEElM0MlMkZkaXYlM0U=[\/vc_raw_html][\/vc_column_inner][\/vc_row_inner][vc_row_inner][vc_column_inner width=&#8221;3\/4&#8243;][vc_raw_html]JTNDYnV0dG9uJTIwb25jbGljayUzRCUyMndpbmRvdy5vcGVuJTI4JTI3aHR0cHMlM0ElMkYlMkZyYWRvbi5uYXVrYS5nb3YucGwlMkZkYW5lJTJGcG9zdGVwb3dhbmlhLWF3YW5zb3dlJTNGcHJvY2VkdXJlS2luZHMlM0QyJTI2ZG9tYWluRGlzY2lwbGluZXMlM0REWjAxMDZOX0RTMDEwNjA1TiUyNmluc3RpdHV0aW9ucyUzRGI1ZGI0M2I5LWIwNzYtNGE1NC04MDc1LTE2NDJiN2M5ZmU4OSUyNnBhZ2VOdW1iZXIlM0QxJTI3JTJDJTIwJTI3X2JsYW5rJTI3JTI5JTIyJTIwJTBBJTIwJTIwJTIwJTIwJTIwJTIwJTIwJTIwc3R5bGUlM0QlMjJiYWNrZ3JvdW5kLWNvbG9yJTNBJTIzMDAzMzY2JTNCJTIwY29sb3IlM0F3aGl0ZSUzQiUyMHBhZGRpbmclM0ExMHB4JTIwMjBweCUzQiUyMGJvcmRlciUzQW5vbmUlM0IlMjBib3JkZXItcmFkaXVzJTNBNXB4JTNCJTIwY3Vyc29yJTNBcG9pbnRlciUzQiUyMiUzRSUwQSUyMCUyMCUyMCUyMFpvYmFjeiUyMHBvc3QlQzQlOTlwb3dhbmlhJTIwaGFiaWxpdGFjeWpuZSUyMFUlQzUlOUElMjB3JTIwUkFEJUUyJTgwJTkxb24lMEElM0MlMkZidXR0b24lM0U=[\/vc_raw_html][\/vc_column_inner][vc_column_inner width=&#8221;1\/4&#8243;][vc_single_image image=&#8221;8017&#8243;][\/vc_column_inner][\/vc_row_inner][vc_row_inner][vc_column_inner width=&#8221;1\/4&#8243;][vc_single_image image=&#8221;8016&#8243;][\/vc_column_inner][vc_column_inner width=&#8221;3\/4&#8243;][\/vc_column_inner][\/vc_row_inner][vc_separator][\/vc_column][\/vc_row][vc_row][vc_column][\/vc_column][\/vc_row] [&#8230;]<\/p>\n<p><a class=\"btn btn-secondary understrap-read-more-link\" href=\"https:\/\/us.edu.pl\/instytut\/ifiz\/nauka\/postepowania-awansowe\/\">Read More&#8230;<\/a><\/p>\n","protected":false},"author":104,"featured_media":0,"parent":162,"menu_order":5,"comment_status":"closed","ping_status":"closed","template":"page-templates\/inner-page-with-bookmarks.php","meta":{"_expiration-date-status":"","_expiration-date":0,"_expiration-date-type":"","_expiration-date-categories":[],"_expiration-date-options":[]},"acf":[],"_links":{"self":[{"href":"https:\/\/us.edu.pl\/instytut\/ifiz\/wp-json\/wp\/v2\/pages\/704"}],"collection":[{"href":"https:\/\/us.edu.pl\/instytut\/ifiz\/wp-json\/wp\/v2\/pages"}],"about":[{"href":"https:\/\/us.edu.pl\/instytut\/ifiz\/wp-json\/wp\/v2\/types\/page"}],"author":[{"embeddable":true,"href":"https:\/\/us.edu.pl\/instytut\/ifiz\/wp-json\/wp\/v2\/users\/104"}],"replies":[{"embeddable":true,"href":"https:\/\/us.edu.pl\/instytut\/ifiz\/wp-json\/wp\/v2\/comments?post=704"}],"version-history":[{"count":0,"href":"https:\/\/us.edu.pl\/instytut\/ifiz\/wp-json\/wp\/v2\/pages\/704\/revisions"}],"up":[{"embeddable":true,"href":"https:\/\/us.edu.pl\/instytut\/ifiz\/wp-json\/wp\/v2\/pages\/162"}],"wp:attachment":[{"href":"https:\/\/us.edu.pl\/instytut\/ifiz\/wp-json\/wp\/v2\/media?parent=704"}],"curies":[{"name":"wp","href":"https:\/\/api.w.org\/{rel}","templated":true}]}}