{"id":7183,"date":"2025-04-16T19:12:28","date_gmt":"2025-04-16T17:12:28","guid":{"rendered":"https:\/\/us.edu.pl\/instytut\/ifiz\/?page_id=7183"},"modified":"2025-04-30T14:40:09","modified_gmt":"2025-04-30T12:40:09","slug":"nagrania-doswiadczen","status":"publish","type":"page","link":"https:\/\/us.edu.pl\/instytut\/ifiz\/wspolpraca-ze-szkolami\/pomoce-dydaktyczne-dla-nauczycieli\/nagrania-doswiadczen\/","title":{"rendered":"Nagrania do\u015bwiadcze\u0144"},"content":{"rendered":"<p>[vc_row][vc_column][vc_column_text][\/vc_column_text][\/vc_column][\/vc_row][vc_row][vc_column][vc_column_text][\/vc_column_text][\/vc_column][\/vc_row][vc_row][vc_column]\r\n                <div class=\"text-modules \">\r\n                    <div class=\"container\">\r\n                        <h3 class=\"section-title section-title_border-bottom\">Materia\u0142y dla nauczycieli<\/h3> <h3 class=\"subtitle text-modules__subtitle\">eksperymenty, kt\u00f3re mo\u017cesz zabra\u0107 na lekcj\u0119<\/h3>\r\n                        <div class=\"row m-0\">\r\n                            <div class=\"text-modules__content\">\r\n                                <\/p>\n<p class=\"\" data-start=\"292\" data-end=\"554\"><span style=\"font-size: 14pt;\"><strong>Szanowni Nauczyciele<\/strong>,<\/span><br data-start=\"313\" data-end=\"316\" \/><span style=\"font-size: 14pt;\">serdecznie zapraszamy do skorzystania z naszej <strong data-start=\"363\" data-end=\"423\">bazy nagra\u0144 eksperyment\u00f3w fizycznych<\/strong> przygotowanych z my\u015bl\u0105 o wsparciu Waszej pracy dydaktycznej. Poni\u017cej znajdziecie linki do\u00a0<\/span><span style=\"font-size: 14pt;\"><strong data-start=\"693\" data-end=\"726\">nagranych do\u015bwiadcze\u0144 <\/strong>prowadzonych przez nauczycieli akademickich.<\/span><\/p>\n<p class=\"\" data-start=\"919\" data-end=\"1060\"><span style=\"font-size: 14pt;\">To praktyczne narz\u0119dzia, kt\u00f3re mo\u017cna wykorzysta\u0107 zar\u00f3wno w czasie lekcji stacjonarnych, jak i zdalnych \u2013 niezale\u017cnie od wyposa\u017cenia pracowni. Dzielmy si\u0119 nauk\u0105 \u2013 w przyst\u0119pny i nowoczesny spos\u00f3b.<\/span><\/p>\n<div class=\"mt-3\"><\/div>\r\n                            <\/div>\r\n                            \r\n                            <div class=\"text-modules__img\"><img src=\"https:\/\/us.edu.pl\/instytut\/ifiz\/wp-content\/uploads\/sites\/39\/Bez-kategorii\/elearning-doswiadczenia.png\" alt=\"img\"><\/div>\r\n                        <\/div>\r\n                    <\/div>\r\n                <\/div>[\/vc_column][\/vc_row][vc_row][vc_column]\r\n                <div class=\"text-modules reverse\">\r\n                    <div class=\"container\">\r\n                        <h3 class=\"section-title section-title_border-bottom\">Do\u015bwiadczenia<\/h3> \r\n                        <div class=\"row m-0\">\r\n                            <div class=\"text-modules__content\">\r\n                                <\/p>\n<p class=\"\" data-start=\"106\" data-end=\"421\"><span style=\"font-size: 14pt;\">Celem projektu <a href=\"https:\/\/us.edu.pl\/wydzial\/wnst\/en\/strona-glowna\/realizowane-projekty\/projekty-dydaktyczne-pozostale\/films4edu\/\" target=\"_blank\" rel=\"noopener\">films4edu<\/a> jest rozw\u00f3j i promocja wysokiej jako\u015bci nauczania na odleg\u0142o\u015b\u0107 w obszarze STEM (nauki, technologia, in\u017cynieria, matematyka) oraz wzmacnianie kluczowych kompetencji uczni\u00f3w i nauczycieli. Projekt skierowany jest do nauczycieli oraz uczni\u00f3w szk\u00f3\u0142 podstawowych i \u015brednich z czterech kraj\u00f3w europejskich.<\/span><\/p>\n<p class=\"\" data-start=\"656\" data-end=\"868\"><span style=\"font-size: 14pt;\">Efektem projektu s\u0105 m.in. dwa internetowe <a href=\"https:\/\/www.youtube.com\/@films4edu607\/playlists\" target=\"_blank\" rel=\"noopener\">katalogi eksperyment\u00f3w z fizyki i chemii<\/a>, a tak\u017ce gotowe <a href=\"https:\/\/us.edu.pl\/wydzial\/wnst\/en\/strona-glowna\/realizowane-projekty\/projekty-dydaktyczne-pozostale\/films4edu\/movies\/\">scenariusze lekcji<\/a> w r\u00f3\u017cnych j\u0119zykach, w tym po polsku.<\/span><\/p>\n<div class=\"mt-3\"><\/div>\r\n                            <\/div>\r\n                            \r\n                            <div class=\"text-modules__img\"><img src=\"https:\/\/us.edu.pl\/instytut\/ifiz\/wp-content\/uploads\/sites\/39\/Bez-kategorii\/Erasumus_logo-ver-szare-tlo-300x293-1-150x150.jpg\" alt=\"img\"><\/div>\r\n                        <\/div>\r\n                    <\/div>\r\n                <\/div>[\/vc_column][\/vc_row][vc_row][vc_column][vc_column_text][\/vc_column_text][\/vc_column][\/vc_row][vc_row][vc_column][vc_column_text][\/vc_column_text][\/vc_column][\/vc_row]<\/p>","protected":false},"excerpt":{"rendered":"<p>[vc_row][vc_column][vc_column_text][\/vc_column_text][\/vc_column][\/vc_row][vc_row][vc_column][vc_column_text][\/vc_column_text][\/vc_column][\/vc_row][vc_row][vc_column][\/vc_column][\/vc_row][vc_row][vc_column][\/vc_column][\/vc_row][vc_row][vc_column][vc_column_text][\/vc_column_text][\/vc_column][\/vc_row][vc_row][vc_column][vc_column_text][\/vc_column_text][\/vc_column][\/vc_row] [&#8230;]<\/p>\n<p><a class=\"btn btn-secondary understrap-read-more-link\" href=\"https:\/\/us.edu.pl\/instytut\/ifiz\/wspolpraca-ze-szkolami\/pomoce-dydaktyczne-dla-nauczycieli\/nagrania-doswiadczen\/\">Read More&#8230;<\/a><\/p>\n","protected":false},"author":6706,"featured_media":0,"parent":6810,"menu_order":0,"comment_status":"closed","ping_status":"closed","template":"","meta":{"_expiration-date-status":"","_expiration-date":0,"_expiration-date-type":"","_expiration-date-categories":[],"_expiration-date-options":[]},"acf":[],"_links":{"self":[{"href":"https:\/\/us.edu.pl\/instytut\/ifiz\/wp-json\/wp\/v2\/pages\/7183"}],"collection":[{"href":"https:\/\/us.edu.pl\/instytut\/ifiz\/wp-json\/wp\/v2\/pages"}],"about":[{"href":"https:\/\/us.edu.pl\/instytut\/ifiz\/wp-json\/wp\/v2\/types\/page"}],"author":[{"embeddable":true,"href":"https:\/\/us.edu.pl\/instytut\/ifiz\/wp-json\/wp\/v2\/users\/6706"}],"replies":[{"embeddable":true,"href":"https:\/\/us.edu.pl\/instytut\/ifiz\/wp-json\/wp\/v2\/comments?post=7183"}],"version-history":[{"count":0,"href":"https:\/\/us.edu.pl\/instytut\/ifiz\/wp-json\/wp\/v2\/pages\/7183\/revisions"}],"up":[{"embeddable":true,"href":"https:\/\/us.edu.pl\/instytut\/ifiz\/wp-json\/wp\/v2\/pages\/6810"}],"wp:attachment":[{"href":"https:\/\/us.edu.pl\/instytut\/ifiz\/wp-json\/wp\/v2\/media?parent=7183"}],"curies":[{"name":"wp","href":"https:\/\/api.w.org\/{rel}","templated":true}]}}