{"id":411,"date":"2020-01-17T21:18:08","date_gmt":"2020-01-17T20:18:08","guid":{"rendered":"http:\/\/us.edu.pl\/instytut\/ih\/?post_type=osoby&#038;p=411"},"modified":"2025-01-03T15:23:50","modified_gmt":"2025-01-03T14:23:50","slug":"zbigniew-hojka","status":"publish","type":"osoby","link":"https:\/\/us.edu.pl\/instytut\/ih\/osoby\/zbigniew-hojka\/","title":{"rendered":"Zbigniew Hojka"},"content":{"rendered":"<p>[vc_row][vc_column width=&#8221;2\/3&#8243;][vc_tta_tabs][vc_tta_section title=&#8221;POLISH&#8221; tab_id=&#8221;1626180860216-dc1b9e7f-bb9c&#8221;]\r\n                <div class=\"text-modules\">\r\n                    <div class=\"container\">\r\n                        \r\n                        <div class=\"text-modules__content\"><p><strong>dr hab. Zbigniew Hojka, prof. U\u015a<\/strong><\/p>\n<p>Urodzi\u0142 si\u0119 10 pa\u017adziernika 1962 r. Studia historyczne uko\u0144czy\u0142 w 1988 r. na Uniwersytecie \u015al\u0105skim. W 1995 r. obroni\u0142 prac\u0119 doktorsk\u0105 pt.\u00a0<em>Zespolona administracja rz\u0105dowa i\u00a0 autonomiczna w wojew\u00f3dztwie \u015bl\u0105skim (1922\u20131939) \u2013 geneza, struktura organizacyjna i zakres dzia\u0142ania<\/em>. W 2007 habilitowa\u0142 si\u0119:\u00a0<em>Polski Ruch zawodowy w wojew\u00f3dztwie \u015bl\u0105skim w latach 1922-1939. Oblicze polityczne.\u00a0<\/em>Od 1987 roku pracownik Uniwersytetu \u015al\u0105skiego. Zainteresowania badawcze: historia Polski w pierwszej po\u0142owie XX wieku ze szczeg\u00f3lnym uwzgl\u0119dnieniem dziej\u00f3w \u015al\u0105ska, historia Ko\u015bcio\u0142a katolickiego,\u00a0<em>savoir vivre<\/em>. Przewodnicz\u0105cy Rady Muzealnej Muzeum w Chorzowie. Cz\u0142onek Zarz\u0105du G\u00f3rno\u015bl\u0105skiego Towarzystwa Przyjaci\u00f3\u0142 Nauk. Publikacje:\u00a0<em>\u015al\u0105ski Machabeusz. Ksi\u0105dz J\u00f3zef Czempiel i jego parafia<\/em>, Chorz\u00f3w 1997. [wsp\u00f3\u0142autor J. Kurek],\u00a0<em>J\u00f3zef Rymer. Biografia polityczna<\/em>. Katowice 2002,<em>\u00a0Zespolona administracja rz\u0105dowa i\u00a0 autonomiczna w wojew\u00f3dztwie \u015bl\u0105skim (1922\u20131939) \u2013 geneza, struktura organizacyjna i zakres dzia\u0142ania<\/em>. Katowice 2005,\u00a0<em>Polski Ruch zawodowy w wojew\u00f3dztwie \u015bl\u0105skim w latach 1922-1939. Oblicze polityczne<\/em>. Katowice 2006,\u00a0<em>Stanis\u0142aw Janicki (1884-1942). Biografia polityczna<\/em>; Katowice 2015, [wsp\u00f3\u0142autor Klaudia Piku\u0142a],\u00a0<em>Poradnik d\u017centelmena i damy. Savoir vivre w towarzystwie i biznesie,\u00a0<\/em>Bielsko-Bia\u0142a 2016.<\/p>\n<\/div>\r\n                    <\/div>\r\n                <\/div>[\/vc_tta_section][vc_tta_section title=&#8221;ENGLISH&#8221; tab_id=&#8221;1626180860231-ebebc657-dc90&#8243;]\r\n                <div class=\"text-modules\">\r\n                    <div class=\"container\">\r\n                        \r\n                        <div class=\"text-modules__content\"><p><strong>Zbigniew Hojka, PhD, DLitt<br \/>\n<\/strong><strong>Associate Professor in the Institute of History, University of Silesia in Katowice <\/strong><\/p>\n<p><a href=\"mailto:zbigniew.hojka@us.edu.pl\">zbigniew.hojka@us.edu.pl<\/a> \/ <a href=\"mailto:zbigniew.hojka1962@gamil.com\">zbigniew.hojka1962@gamil.com<\/a><\/p>\n<p>ORCID: 0000-0003-2169-1050<\/p>\n<p><a href=\"https:\/\/scholar.google.com\/citations?user=pDQiCvIAAAAJ&amp;hl=pl\">Google Scholar<\/a><\/p>\n<p><strong>Research interests<\/strong>:<\/p>\n<p>History of 20th century Poland, history of Silesia, history of the Catholic Church, trade unions, <em>savoir vivre<\/em>.<\/p>\n<p><strong>Recent publications:\u00a0 <\/strong><\/p>\n<ul>\n<li>Zbigniew Hojka, <em>Polski katolicki ruch trze\u017awo\u015bciowy\u00a0na pruskim G<\/em><em>\u00f3<\/em><em>rnym \u015al\u0105sku oraz w o\u015brodkach\u00a0wychod\u017astwa ze \u015al\u0105ska na terenie Westfalii\u00a0i Nadrenii do wybuchu I wojny \u015bwiatowej <\/em>[Polish Catholic sobriety movement in Prussian Upper Silesia and in immigration centers from Silesia in North Rhine and Westphalia before the First World War], Katowice 2020, WueM, KSJ, 280 pages; ISBN:\u00a09788380991064;\u00a09788395852206.<\/li>\n<li>Zbigniew Hojka, <em>Profesor J\u00f3<\/em><em>zef Pieter i jego czasy <\/em>[Professor J\u00f3zef Pieter and his times], Warszawa 2020, PWN, 160 pages, ISBN: 978-83-012-1500-2; EAN: 9788301215002.<\/li>\n<li>Zbigniew Hojka, <em>Browary z terenu dzisiejszego wojew<\/em><em>\u00f3<\/em><em>dztwa \u015bl\u0105skiego na przestrzeni dziej<\/em><em>\u00f3<\/em><em>w <\/em>[Breweries in the area of the today Silesian Voivodeship over the centuries]<em>,<\/em> Historica. Revue pro historii a pribuzne vedy, 2018\/2, pp. 186-219, ISSN 1803-7550.<\/li>\n<li>Zbigniew Hojka, <em>G<\/em><em>\u00f3<\/em><em>rno<\/em><em>\u015bl\u0105skie Towarzystwo Przyjaci\u00f3\u0142 Nauk im. <\/em><em>Walentego Ro\u017adzie\u0144skiego <\/em>[The Upper Silesian Walenty Ro\u017adzie\u0144ski Society of Friends of Science], \u201cAnalecta. Studia i Materia\u0142y z\u00a0 Dziej\u00f3w Nauki\u201d, no. 1(50), Warszawa 2018, Vol. 1, issue II, ISSN 1509-0957.<\/li>\n<li>Zbigniew Hojka, <em>Adolf Dygacz \u2013 etnograf, etnomuzykolog, folklorysta, badacz i znawca kultury g<\/em><em>\u00f3<\/em><em>rno<\/em><em>\u015bl\u0105skiej i zag\u0142\u0119biowskiej <\/em>[Adolf Dygacz \u2014 the ethnographer, ethnomusicologist, folklorist, researcher and expert on Upper Silesian and D\u0105browa Basin culture], \u201cAnalecta. Studia i Materia\u0142y z Dziej\u00f3w Nauki\u201d 2019, no. 1, pp. 217-229, ISSN 1509-0957.<\/li>\n<\/ul>\n<p><strong>Research grants:<\/strong><\/p>\n<p>Panteon G\u00f3rno\u015bl\u0105ski \u2013 badania naukowe [the Upper Silesia Pantheon \u2014 research] (project participant, the research project of the Ministry of Science and Higher Education, 22 February, 2020\u201321 February, 2021)<\/p>\n<p><strong>Academic outreach and engagement: <\/strong><\/p>\n<ul>\n<li>The radio program, the Katowice Radio Station \u2014 \u201cSavoir vivre w towarzystwie i biznesie\u201d Katowice 2017-2018.<\/li>\n<li>The discussion panel organized by the Museum in\u00a0 Chorz\u00f3w, \u201c<em>Wybitni \u015al\u0105zacy<\/em>\u201d, Chorz\u00f3w 2019.<\/li>\n<li>The series of lectures organized by the Museum in Rybnik \u2013 \u201c<em>Savoir vivre wczoraj i dzi\u015b\u201d<\/em>, Rybnik 2018.<\/li>\n<\/ul>\n<p>\n<\/div>\r\n                    <\/div>\r\n                <\/div>[\/vc_tta_section][\/vc_tta_tabs][\/vc_column][vc_column width=&#8221;1\/3&#8243;]\r\n                <div class=\"text-modules\">\r\n                    <div class=\"container\">\r\n                        \r\n                        <div class=\"text-modules__content\"><p><img class=\"alignnone size-medium wp-image-4612\" src=\"https:\/\/us.edu.pl\/instytut\/ih\/wp-content\/uploads\/sites\/24\/Bez-kategorii\/DSC05195-Edit-200x300.jpg\" alt=\"\" width=\"200\" height=\"300\" srcset=\"https:\/\/us.edu.pl\/instytut\/ih\/wp-content\/uploads\/sites\/24\/Bez-kategorii\/DSC05195-Edit-200x300.jpg 200w, https:\/\/us.edu.pl\/instytut\/ih\/wp-content\/uploads\/sites\/24\/Bez-kategorii\/DSC05195-Edit-683x1024.jpg 683w, https:\/\/us.edu.pl\/instytut\/ih\/wp-content\/uploads\/sites\/24\/Bez-kategorii\/DSC05195-Edit-768x1152.jpg 768w, https:\/\/us.edu.pl\/instytut\/ih\/wp-content\/uploads\/sites\/24\/Bez-kategorii\/DSC05195-Edit-1024x1536.jpg 1024w, https:\/\/us.edu.pl\/instytut\/ih\/wp-content\/uploads\/sites\/24\/Bez-kategorii\/DSC05195-Edit-1365x2048.jpg 1365w, https:\/\/us.edu.pl\/instytut\/ih\/wp-content\/uploads\/sites\/24\/Bez-kategorii\/DSC05195-Edit-383x575.jpg 383w, https:\/\/us.edu.pl\/instytut\/ih\/wp-content\/uploads\/sites\/24\/Bez-kategorii\/DSC05195-Edit-scaled.jpg 1707w\" sizes=\"(max-width: 200px) 100vw, 200px\" \/><\/p>\n<\/div>\r\n                    <\/div>\r\n                <\/div>[\/vc_column][\/vc_row]<\/p>","protected":false},"excerpt":{"rendered":"<p>[vc_row][vc_column width=&#8221;2\/3&#8243;][vc_tta_tabs][vc_tta_section title=&#8221;POLISH&#8221; tab_id=&#8221;1626180860216-dc1b9e7f-bb9c&#8221;][\/vc_tta_section][vc_tta_section title=&#8221;ENGLISH&#8221; tab_id=&#8221;1626180860231-ebebc657-dc90&#8243;][\/vc_tta_section][\/vc_tta_tabs][\/vc_column][vc_column width=&#8221;1\/3&#8243;][\/vc_column][\/vc_row] [&#8230;]<\/p>\n<p><a class=\"btn btn-secondary understrap-read-more-link\" href=\"https:\/\/us.edu.pl\/instytut\/ih\/osoby\/zbigniew-hojka\/\">Read More&#8230;<\/a><\/p>\n","protected":false},"author":1,"featured_media":0,"template":"","meta":{"_expiration-date-status":"saved","_expiration-date":0,"_expiration-date-type":"","_expiration-date-categories":[],"_expiration-date-options":[]},"acf":[],"_links":{"self":[{"href":"https:\/\/us.edu.pl\/instytut\/ih\/wp-json\/wp\/v2\/osoby\/411"}],"collection":[{"href":"https:\/\/us.edu.pl\/instytut\/ih\/wp-json\/wp\/v2\/osoby"}],"about":[{"href":"https:\/\/us.edu.pl\/instytut\/ih\/wp-json\/wp\/v2\/types\/osoby"}],"author":[{"embeddable":true,"href":"https:\/\/us.edu.pl\/instytut\/ih\/wp-json\/wp\/v2\/users\/1"}],"version-history":[{"count":5,"href":"https:\/\/us.edu.pl\/instytut\/ih\/wp-json\/wp\/v2\/osoby\/411\/revisions"}],"predecessor-version":[{"id":4669,"href":"https:\/\/us.edu.pl\/instytut\/ih\/wp-json\/wp\/v2\/osoby\/411\/revisions\/4669"}],"wp:attachment":[{"href":"https:\/\/us.edu.pl\/instytut\/ih\/wp-json\/wp\/v2\/media?parent=411"}],"curies":[{"name":"wp","href":"https:\/\/api.w.org\/{rel}","templated":true}]}}

<p>[vc_row][vc_column width=&#8221;2/3&#8243;][vc_tta_tabs][vc_tta_section title=&#8221;POLISH&#8221; tab_id=&#8221;1626180860216-dc1b9e7f-bb9c&#8221;]
                <div class="text-modules">
                    <div class="container">
                        
                        <div class="text-modules__content"><p><strong>dr hab. Zbigniew Hojka, prof. UŚ</strong></p>
<p>Urodził się 10 października 1962 r. Studia historyczne ukończył w 1988 r. na Uniwersytecie Śląskim. W 1995 r. obronił pracę doktorską pt. <em>Zespolona administracja rządowa i  autonomiczna w województwie śląskim (1922–1939) – geneza, struktura organizacyjna i zakres działania</em>. W 2007 habilitował się: <em>Polski Ruch zawodowy w województwie śląskim w latach 1922-1939. Oblicze polityczne. </em>Od 1987 roku pracownik Uniwersytetu Śląskiego. Zainteresowania badawcze: historia Polski w pierwszej połowie XX wieku ze szczególnym uwzględnieniem dziejów Śląska, historia Kościoła katolickiego, <em>savoir vivre</em>. Przewodniczący Rady Muzealnej Muzeum w Chorzowie. Członek Zarządu Górnośląskiego Towarzystwa Przyjaciół Nauk. Publikacje: <em>Śląski Machabeusz. Ksiądz Józef Czempiel i jego parafia</em>, Chorzów 1997. [współautor J. Kurek], <em>Józef Rymer. Biografia polityczna</em>. Katowice 2002,<em> Zespolona administracja rządowa i  autonomiczna w województwie śląskim (1922–1939) – geneza, struktura organizacyjna i zakres działania</em>. Katowice 2005, <em>Polski Ruch zawodowy w województwie śląskim w latach 1922-1939. Oblicze polityczne</em>. Katowice 2006, <em>Stanisław Janicki (1884-1942). Biografia polityczna</em>; Katowice 2015, [współautor Klaudia Pikuła], <em>Poradnik dżentelmena i damy. Savoir vivre w towarzystwie i biznesie, </em>Bielsko-Biała 2016.</p>
</div>
                    </div>
                </div>[/vc_tta_section][vc_tta_section title=&#8221;ENGLISH&#8221; tab_id=&#8221;1626180860231-ebebc657-dc90&#8243;]
                <div class="text-modules">
                    <div class="container">
                        
                        <div class="text-modules__content"><p><strong>Zbigniew Hojka, PhD, DLitt<br />
</strong><strong>Associate Professor in the Institute of History, University of Silesia in Katowice </strong></p>
<p><a href="mailto:zbigniew.hojka@us.edu.pl">zbigniew.hojka@us.edu.pl</a> / <a href="mailto:zbigniew.hojka1962@gamil.com">zbigniew.hojka1962@gamil.com</a></p>
<p>ORCID: 0000-0003-2169-1050</p>
<p><a href="https://scholar.google.com/citations?user=pDQiCvIAAAAJ&amp;hl=pl">Google Scholar</a></p>
<p><strong>Research interests</strong>:</p>
<p>History of 20th century Poland, history of Silesia, history of the Catholic Church, trade unions, <em>savoir vivre</em>.</p>
<p><strong>Recent publications:  </strong></p>
<ul>
<li>Zbigniew Hojka, <em>Polski katolicki ruch trzeźwościowy na pruskim G</em><em>ó</em><em>rnym Śląsku oraz w ośrodkach wychodźstwa ze Śląska na terenie Westfalii i Nadrenii do wybuchu I wojny światowej </em>[Polish Catholic sobriety movement in Prussian Upper Silesia and in immigration centers from Silesia in North Rhine and Westphalia before the First World War], Katowice 2020, WueM, KSJ, 280 pages; ISBN: 9788380991064; 9788395852206.</li>
<li>Zbigniew Hojka, <em>Profesor Jó</em><em>zef Pieter i jego czasy </em>[Professor Józef Pieter and his times], Warszawa 2020, PWN, 160 pages, ISBN: 978-83-012-1500-2; EAN: 9788301215002.</li>
<li>Zbigniew Hojka, <em>Browary z terenu dzisiejszego wojew</em><em>ó</em><em>dztwa śląskiego na przestrzeni dziej</em><em>ó</em><em>w </em>[Breweries in the area of the today Silesian Voivodeship over the centuries]<em>,</em> Historica. Revue pro historii a pribuzne vedy, 2018/2, pp. 186-219, ISSN 1803-7550.</li>
<li>Zbigniew Hojka, <em>G</em><em>ó</em><em>rno</em><em>śląskie Towarzystwo Przyjaciół Nauk im. </em><em>Walentego Roździeńskiego </em>[The Upper Silesian Walenty Roździeński Society of Friends of Science], “Analecta. Studia i Materiały z  Dziejów Nauki”, no. 1(50), Warszawa 2018, Vol. 1, issue II, ISSN 1509-0957.</li>
<li>Zbigniew Hojka, <em>Adolf Dygacz – etnograf, etnomuzykolog, folklorysta, badacz i znawca kultury g</em><em>ó</em><em>rno</em><em>śląskiej i zagłębiowskiej </em>[Adolf Dygacz — the ethnographer, ethnomusicologist, folklorist, researcher and expert on Upper Silesian and Dąbrowa Basin culture], “Analecta. Studia i Materiały z Dziejów Nauki” 2019, no. 1, pp. 217-229, ISSN 1509-0957.</li>
</ul>
<p><strong>Research grants:</strong></p>
<p>Panteon Górnośląski – badania naukowe [the Upper Silesia Pantheon — research] (project participant, the research project of the Ministry of Science and Higher Education, 22 February, 2020–21 February, 2021)</p>
<p><strong>Academic outreach and engagement: </strong></p>
<ul>
<li>The radio program, the Katowice Radio Station — “Savoir vivre w towarzystwie i biznesie” Katowice 2017-2018.</li>
<li>The discussion panel organized by the Museum in  Chorzów, “<em>Wybitni Ślązacy</em>”, Chorzów 2019.</li>
<li>The series of lectures organized by the Museum in Rybnik – “<em>Savoir vivre wczoraj i dziś”</em>, Rybnik 2018.</li>
</ul>
<p>
</div>
                    </div>
                </div>[/vc_tta_section][/vc_tta_tabs][/vc_column][vc_column width=&#8221;1/3&#8243;]
                <div class="text-modules">
                    <div class="container">
                        
                        <div class="text-modules__content"><p><img class="alignnone size-medium wp-image-4612" src="https://us.edu.pl/instytut/ih/wp-content/uploads/sites/24/Bez-kategorii/DSC05195-Edit-200x300.jpg" alt="" width="200" height="300" srcset="https://us.edu.pl/instytut/ih/wp-content/uploads/sites/24/Bez-kategorii/DSC05195-Edit-200x300.jpg 200w, https://us.edu.pl/instytut/ih/wp-content/uploads/sites/24/Bez-kategorii/DSC05195-Edit-683x1024.jpg 683w, https://us.edu.pl/instytut/ih/wp-content/uploads/sites/24/Bez-kategorii/DSC05195-Edit-768x1152.jpg 768w, https://us.edu.pl/instytut/ih/wp-content/uploads/sites/24/Bez-kategorii/DSC05195-Edit-1024x1536.jpg 1024w, https://us.edu.pl/instytut/ih/wp-content/uploads/sites/24/Bez-kategorii/DSC05195-Edit-1365x2048.jpg 1365w, https://us.edu.pl/instytut/ih/wp-content/uploads/sites/24/Bez-kategorii/DSC05195-Edit-383x575.jpg 383w, https://us.edu.pl/instytut/ih/wp-content/uploads/sites/24/Bez-kategorii/DSC05195-Edit-scaled.jpg 1707w" sizes="(max-width: 200px) 100vw, 200px" /></p>
</div>
                    </div>
                </div>[/vc_column][/vc_row]</p>
