{"id":130,"date":"2019-12-17T10:28:47","date_gmt":"2019-12-17T09:28:47","guid":{"rendered":"http:\/\/us.edu.pl\/instytut\/ii\/?page_id=130"},"modified":"2025-02-23T23:02:31","modified_gmt":"2025-02-23T22:02:31","slug":"pracownicy","status":"publish","type":"page","link":"https:\/\/us.edu.pl\/instytut\/ii\/strona-glowna\/pracownicy\/","title":{"rendered":"Pracownicy"},"content":{"rendered":"<p>[vc_row][vc_column][vc_column_text][\/vc_column_text][\/vc_column][\/vc_row][vc_row][vc_column][vc_column_text][\/vc_column_text][\/vc_column][\/vc_row][vc_row][vc_column][vc_column_text][\/vc_column_text][\/vc_column][\/vc_row][vc_row][vc_column][vc_column_text]<\/p>\n<h2><strong>Pracownicy Instytutu Informatyki<\/strong><\/h2>\n<p>[\/vc_column_text][\/vc_column][\/vc_row][vc_row][vc_column width=&#8221;1\/3&#8243;][vc_column_text]<\/p>\n<ul>\n<li><a href=\"https:\/\/ab.us.edu.pl\/emp?id=512\">prof. dr hab. Micha\u0142 Baczy\u0144ski<\/a> <a href=\"https:\/\/orcid.org\/0000-0002-4442-2112\"><img src=\"https:\/\/info.orcid.org\/wp-content\/uploads\/2019\/11\/orcid_16x16.png\" alt=\"ORCID logo\" width=\"16\" height=\"16\" \/><\/a><\/li>\n<li><a href=\"https:\/\/ab.us.edu.pl\/emp?id=1932\">dr hab. in\u017c. Mariusz Boryczka, prof. U\u015a<\/a> <a href=\"https:\/\/orcid.org\/0000-0002-7994-8341\"><img src=\"https:\/\/info.orcid.org\/wp-content\/uploads\/2019\/11\/orcid_16x16.png\" alt=\"ORCID logo\" width=\"16\" height=\"16\" \/><\/a><\/li>\n<li><a href=\"https:\/\/ab.us.edu.pl\/emp?id=1942\">prof. dr hab. Urszula Boryczka<\/a> <a href=\"https:\/\/orcid.org\/0000-0002-2698-6934\"><img src=\"https:\/\/info.orcid.org\/wp-content\/uploads\/2019\/11\/orcid_16x16.png\" alt=\"ORCID logo\" width=\"16\" height=\"16\" \/><\/a><\/li>\n<li><a href=\"https:\/\/ab.us.edu.pl\/emp?id=49322\">dr Kornel Chromi\u0144ski<\/a> <a href=\"https:\/\/orcid.org\/0000-0001-9875-5812\"><img src=\"https:\/\/info.orcid.org\/wp-content\/uploads\/2019\/11\/orcid_16x16.png\" alt=\"ORCID logo\" width=\"16\" height=\"16\" \/><\/a><\/li>\n<li><a href=\"https:\/\/ab.us.edu.pl\/emp?id=39212\">dr hab. in\u017c. Rafa\u0142 Doroz, prof. U\u015a<\/a> <a href=\"https:\/\/orcid.org\/0000-0001-6103-1175\"><img src=\"https:\/\/info.orcid.org\/wp-content\/uploads\/2019\/11\/orcid_16x16.png\" alt=\"ORCID logo\" width=\"16\" height=\"16\" \/><\/a><\/li>\n<li><a href=\"https:\/\/ab.us.edu.pl\/emp?id=6702\">dr hab. Krzysztof Gdawiec, prof. U\u015a<\/a> <a href=\"https:\/\/orcid.org\/0000-0001-9434-9307\"><img src=\"https:\/\/info.orcid.org\/wp-content\/uploads\/2019\/11\/orcid_16x16.png\" alt=\"ORCID logo\" width=\"16\" height=\"16\" \/><\/a><\/li>\n<li><a href=\"https:\/\/ab.us.edu.pl\/emp?id=PE258424\">dr \u0141ukasz Wawrowski<\/a>\u00a0<a href=\"https:\/\/orcid.org\/0000-0002-1201-5344\"><img class=\"alignnone\" src=\"https:\/\/info.orcid.org\/wp-content\/uploads\/2019\/11\/orcid_16x16.png\" alt=\"ORCID logo\" width=\"16\" height=\"16\" \/><\/a><\/li>\n<\/ul>\n<p>[\/vc_column_text][\/vc_column][vc_column width=&#8221;1\/3&#8243;][vc_column_text]<\/p>\n<ul>\n<li><a href=\"https:\/\/ab.us.edu.pl\/emp?id=14082\">dr in\u017c. Przemys\u0142aw Kud\u0142acik<\/a> <a href=\"https:\/\/orcid.org\/0000-0002-6866-858X\"><img src=\"https:\/\/info.orcid.org\/wp-content\/uploads\/2019\/11\/orcid_16x16.png\" alt=\"ORCID logo\" width=\"16\" height=\"16\" \/><\/a><\/li>\n<li><a href=\"https:\/\/ab.us.edu.pl\/emp?id=15452\">dr hab. Agnieszka Lisowska<\/a> <a href=\"https:\/\/orcid.org\/0000-0003-0492-772X\"><img src=\"https:\/\/info.orcid.org\/wp-content\/uploads\/2019\/11\/orcid_16x16.png\" alt=\"ORCID logo\" width=\"16\" height=\"16\" \/><\/a><\/li>\n<li><a href=\"https:\/\/ab.us.edu.pl\/emp?id=19302\">dr hab. Agnieszka Nowak-Brzezi\u0144ska, prof. U\u015a<\/a> <a href=\"https:\/\/orcid.org\/0000-0001-7238-1170\"><img src=\"https:\/\/info.orcid.org\/wp-content\/uploads\/2019\/11\/orcid_16x16.png\" alt=\"ORCID logo\" width=\"16\" height=\"16\" \/><\/a><a href=\"https:\/\/pl.linkedin.com\/in\/agnieszka-nowak-brzezi%C5%84ska-81153321a\"><img src=\"https:\/\/us.edu.pl\/instytut\/ii\/wp-content\/uploads\/sites\/40\/Nieprzypisane\/linkedin.png\" alt=\"LinkedIn logo\" width=\"16\" height=\"16\" \/><\/a><\/li>\n<li><a href=\"https:\/\/ab.us.edu.pl\/emp?id=46971\">mgr in\u017c. Arkadiusz Nowakowski<\/a> <a href=\"https:\/\/orcid.org\/0000-0001-8304-5746\"><img src=\"https:\/\/info.orcid.org\/wp-content\/uploads\/2019\/11\/orcid_16x16.png\" alt=\"ORCID logo\" width=\"16\" height=\"16\" \/><\/a><\/li>\n<li><a href=\"https:\/\/ab.us.edu.pl\/emp?id=60163\">dr in\u017c. Tomasz Orczyk<\/a> <a href=\"https:\/\/orcid.org\/0000-0002-4664-8369\"><img src=\"https:\/\/info.orcid.org\/wp-content\/uploads\/2019\/11\/orcid_16x16.png\" alt=\"ORCID logo\" width=\"16\" height=\"16\" \/><\/a><\/li>\n<li><a href=\"https:\/\/ab.us.edu.pl\/emp?id=45711\">dr hab. in\u017c. Bart\u0142omiej P\u0142aczek, prof. U\u015a<\/a> <a href=\"https:\/\/orcid.org\/0000-0001-8570-0361\"><img src=\"https:\/\/info.orcid.org\/wp-content\/uploads\/2019\/11\/orcid_16x16.png\" alt=\"ORCID logo\" width=\"16\" height=\"16\" \/><\/a><\/li>\n<\/ul>\n<p>[\/vc_column_text][\/vc_column][vc_column width=&#8221;1\/3&#8243;][vc_column_text]<\/p>\n<ul>\n<li><a href=\"https:\/\/ab.us.edu.pl\/emp?id=22062\">prof. dr hab. Piotr Porwik<\/a> <a href=\"https:\/\/orcid.org\/0000-0001-8989-9478\"><img src=\"https:\/\/info.orcid.org\/wp-content\/uploads\/2019\/11\/orcid_16x16.png\" alt=\"ORCID logo\" width=\"16\" height=\"16\" \/><\/a><\/li>\n<li><a href=\"https:\/\/ab.us.edu.pl\/emp?id=22402\">dr hab. Ma\u0142gorzata Przyby\u0142a-Kasperek, prof. U\u015a<\/a> <a href=\"https:\/\/orcid.org\/0000-0003-0616-9694\"><img src=\"https:\/\/info.orcid.org\/wp-content\/uploads\/2019\/11\/orcid_16x16.png\" alt=\"ORCID logo\" width=\"16\" height=\"16\" \/><\/a><\/li>\n<li><a href=\"https:\/\/ab.us.edu.pl\/emp?id=24892\">dr Rafa\u0142 Skinderowicz<\/a> <a href=\"https:\/\/orcid.org\/0000-0002-1712-0688\"><img src=\"https:\/\/info.orcid.org\/wp-content\/uploads\/2019\/11\/orcid_16x16.png\" alt=\"ORCID logo\" width=\"16\" height=\"16\" \/><\/a><\/li>\n<li><a href=\"https:\/\/ab.us.edu.pl\/emp?id=47011\">dr \u0141ukasz Str\u0105k<\/a> <a href=\"https:\/\/orcid.org\/0000-0002-1074-2847\"><img src=\"https:\/\/info.orcid.org\/wp-content\/uploads\/2019\/11\/orcid_16x16.png\" alt=\"ORCID logo\" width=\"16\" height=\"16\" \/><\/a><\/li>\n<li><a href=\"https:\/\/ab.us.edu.pl\/emp?id=60403\">dr Krzysztof Wr\u00f3bel<\/a> <a href=\"https:\/\/orcid.org\/0000-0001-7339-1100\"><img src=\"https:\/\/info.orcid.org\/wp-content\/uploads\/2019\/11\/orcid_16x16.png\" alt=\"ORCID logo\" width=\"16\" height=\"16\" \/><\/a><\/li>\n<li><a href=\"https:\/\/ab.us.edu.pl\/emp?id=38861\">dr hab. Beata Zielosko, prof. U\u015a<\/a> <a href=\"https:\/\/orcid.org\/0000-0003-3788-1094\"><img src=\"https:\/\/info.orcid.org\/wp-content\/uploads\/2019\/11\/orcid_16x16.png\" alt=\"ORCID logo\" width=\"16\" height=\"16\" \/><\/a><\/li>\n<\/ul>\n<p>[\/vc_column_text][\/vc_column][\/vc_row][vc_row][vc_column][vc_column_text][\/vc_column_text][\/vc_column][\/vc_row][vc_row][\/vc_row][vc_column][\/vc_column][vc_column_text]<\/p>\n<p>I am text block. Click edit button to change this text. Lorem ipsum dolor sit amet, consectetur adipiscing elit. Ut elit tellus, luctus nec ullamcorper mattis, pulvinar dapibus leo.<\/p>\n<p>[\/vc_column_text]<\/p>","protected":false},"excerpt":{"rendered":"<p>[vc_row][vc_column][vc_column_text][\/vc_column_text][\/vc_column][\/vc_row][vc_row][vc_column][vc_column_text][\/vc_column_text][\/vc_column][\/vc_row][vc_row][vc_column][vc_column_text][\/vc_column_text][\/vc_column][\/vc_row][vc_row][vc_column][vc_column_text] Pracownicy Instytutu Informatyki [\/vc_column_text][\/vc_column][\/vc_row][vc_row][vc_column width=&#8221;1\/3&#8243;][vc_column_text] prof. dr hab. Micha\u0142 Baczy\u0144ski dr hab. in\u017c. Mariusz Boryczka, prof. U\u015a prof. dr hab. Urszula Boryczka dr Kornel Chromi\u0144ski dr hab. in\u017c. Rafa\u0142 Doroz, prof. U\u015a dr hab. Krzysztof Gdawiec, prof. U\u015a dr \u0141ukasz Wawrowski\u00a0 [\/vc_column_text][\/vc_column][vc_column width=&#8221;1\/3&#8243;][vc_column_text] dr in\u017c. Przemys\u0142aw Kud\u0142acik dr hab. Agnieszka Lisowska dr hab. Agnieszka [&#8230;]<\/p>\n<p><a class=\"btn btn-secondary understrap-read-more-link\" href=\"https:\/\/us.edu.pl\/instytut\/ii\/strona-glowna\/pracownicy\/\">Read More&#8230;<\/a><\/p>\n","protected":false},"author":190,"featured_media":0,"parent":5,"menu_order":3,"comment_status":"closed","ping_status":"closed","template":"page-templates\/inner-page.php","meta":{"_expiration-date-status":"","_expiration-date":0,"_expiration-date-type":"","_expiration-date-categories":[],"_expiration-date-options":[]},"acf":[],"_links":{"self":[{"href":"https:\/\/us.edu.pl\/instytut\/ii\/wp-json\/wp\/v2\/pages\/130"}],"collection":[{"href":"https:\/\/us.edu.pl\/instytut\/ii\/wp-json\/wp\/v2\/pages"}],"about":[{"href":"https:\/\/us.edu.pl\/instytut\/ii\/wp-json\/wp\/v2\/types\/page"}],"author":[{"embeddable":true,"href":"https:\/\/us.edu.pl\/instytut\/ii\/wp-json\/wp\/v2\/users\/190"}],"replies":[{"embeddable":true,"href":"https:\/\/us.edu.pl\/instytut\/ii\/wp-json\/wp\/v2\/comments?post=130"}],"version-history":[{"count":11,"href":"https:\/\/us.edu.pl\/instytut\/ii\/wp-json\/wp\/v2\/pages\/130\/revisions"}],"predecessor-version":[{"id":1650,"href":"https:\/\/us.edu.pl\/instytut\/ii\/wp-json\/wp\/v2\/pages\/130\/revisions\/1650"}],"up":[{"embeddable":true,"href":"https:\/\/us.edu.pl\/instytut\/ii\/wp-json\/wp\/v2\/pages\/5"}],"wp:attachment":[{"href":"https:\/\/us.edu.pl\/instytut\/ii\/wp-json\/wp\/v2\/media?parent=130"}],"curies":[{"name":"wp","href":"https:\/\/api.w.org\/{rel}","templated":true}]}}

<p>[vc_row][vc_column][vc_column_text][/vc_column_text][/vc_column][/vc_row][vc_row][vc_column][vc_column_text][/vc_column_text][/vc_column][/vc_row][vc_row][vc_column][vc_column_text][/vc_column_text][/vc_column][/vc_row][vc_row][vc_column][vc_column_text]</p>
<h2><strong>Pracownicy Instytutu Informatyki</strong></h2>
<p>[/vc_column_text][/vc_column][/vc_row][vc_row][vc_column width=&#8221;1/3&#8243;][vc_column_text]</p>
<ul>
<li><a href="https://ab.us.edu.pl/emp?id=512">prof. dr hab. Michał Baczyński</a> <a href="https://orcid.org/0000-0002-4442-2112"><img src="https://info.orcid.org/wp-content/uploads/2019/11/orcid_16x16.png" alt="ORCID logo" width="16" height="16" /></a></li>
<li><a href="https://ab.us.edu.pl/emp?id=1932">dr hab. inż. Mariusz Boryczka, prof. UŚ</a> <a href="https://orcid.org/0000-0002-7994-8341"><img src="https://info.orcid.org/wp-content/uploads/2019/11/orcid_16x16.png" alt="ORCID logo" width="16" height="16" /></a></li>
<li><a href="https://ab.us.edu.pl/emp?id=1942">prof. dr hab. Urszula Boryczka</a> <a href="https://orcid.org/0000-0002-2698-6934"><img src="https://info.orcid.org/wp-content/uploads/2019/11/orcid_16x16.png" alt="ORCID logo" width="16" height="16" /></a></li>
<li><a href="https://ab.us.edu.pl/emp?id=49322">dr Kornel Chromiński</a> <a href="https://orcid.org/0000-0001-9875-5812"><img src="https://info.orcid.org/wp-content/uploads/2019/11/orcid_16x16.png" alt="ORCID logo" width="16" height="16" /></a></li>
<li><a href="https://ab.us.edu.pl/emp?id=39212">dr hab. inż. Rafał Doroz, prof. UŚ</a> <a href="https://orcid.org/0000-0001-6103-1175"><img src="https://info.orcid.org/wp-content/uploads/2019/11/orcid_16x16.png" alt="ORCID logo" width="16" height="16" /></a></li>
<li><a href="https://ab.us.edu.pl/emp?id=6702">dr hab. Krzysztof Gdawiec, prof. UŚ</a> <a href="https://orcid.org/0000-0001-9434-9307"><img src="https://info.orcid.org/wp-content/uploads/2019/11/orcid_16x16.png" alt="ORCID logo" width="16" height="16" /></a></li>
<li><a href="https://ab.us.edu.pl/emp?id=PE258424">dr Łukasz Wawrowski</a> <a href="https://orcid.org/0000-0002-1201-5344"><img class="alignnone" src="https://info.orcid.org/wp-content/uploads/2019/11/orcid_16x16.png" alt="ORCID logo" width="16" height="16" /></a></li>
</ul>
<p>[/vc_column_text][/vc_column][vc_column width=&#8221;1/3&#8243;][vc_column_text]</p>
<ul>
<li><a href="https://ab.us.edu.pl/emp?id=14082">dr inż. Przemysław Kudłacik</a> <a href="https://orcid.org/0000-0002-6866-858X"><img src="https://info.orcid.org/wp-content/uploads/2019/11/orcid_16x16.png" alt="ORCID logo" width="16" height="16" /></a></li>
<li><a href="https://ab.us.edu.pl/emp?id=15452">dr hab. Agnieszka Lisowska</a> <a href="https://orcid.org/0000-0003-0492-772X"><img src="https://info.orcid.org/wp-content/uploads/2019/11/orcid_16x16.png" alt="ORCID logo" width="16" height="16" /></a></li>
<li><a href="https://ab.us.edu.pl/emp?id=19302">dr hab. Agnieszka Nowak-Brzezińska, prof. UŚ</a> <a href="https://orcid.org/0000-0001-7238-1170"><img src="https://info.orcid.org/wp-content/uploads/2019/11/orcid_16x16.png" alt="ORCID logo" width="16" height="16" /></a><a href="https://pl.linkedin.com/in/agnieszka-nowak-brzezi%C5%84ska-81153321a"><img src="https://us.edu.pl/instytut/ii/wp-content/uploads/sites/40/Nieprzypisane/linkedin.png" alt="LinkedIn logo" width="16" height="16" /></a></li>
<li><a href="https://ab.us.edu.pl/emp?id=46971">mgr inż. Arkadiusz Nowakowski</a> <a href="https://orcid.org/0000-0001-8304-5746"><img src="https://info.orcid.org/wp-content/uploads/2019/11/orcid_16x16.png" alt="ORCID logo" width="16" height="16" /></a></li>
<li><a href="https://ab.us.edu.pl/emp?id=60163">dr inż. Tomasz Orczyk</a> <a href="https://orcid.org/0000-0002-4664-8369"><img src="https://info.orcid.org/wp-content/uploads/2019/11/orcid_16x16.png" alt="ORCID logo" width="16" height="16" /></a></li>
<li><a href="https://ab.us.edu.pl/emp?id=45711">dr hab. inż. Bartłomiej Płaczek, prof. UŚ</a> <a href="https://orcid.org/0000-0001-8570-0361"><img src="https://info.orcid.org/wp-content/uploads/2019/11/orcid_16x16.png" alt="ORCID logo" width="16" height="16" /></a></li>
</ul>
<p>[/vc_column_text][/vc_column][vc_column width=&#8221;1/3&#8243;][vc_column_text]</p>
<ul>
<li><a href="https://ab.us.edu.pl/emp?id=22062">prof. dr hab. Piotr Porwik</a> <a href="https://orcid.org/0000-0001-8989-9478"><img src="https://info.orcid.org/wp-content/uploads/2019/11/orcid_16x16.png" alt="ORCID logo" width="16" height="16" /></a></li>
<li><a href="https://ab.us.edu.pl/emp?id=22402">dr hab. Małgorzata Przybyła-Kasperek, prof. UŚ</a> <a href="https://orcid.org/0000-0003-0616-9694"><img src="https://info.orcid.org/wp-content/uploads/2019/11/orcid_16x16.png" alt="ORCID logo" width="16" height="16" /></a></li>
<li><a href="https://ab.us.edu.pl/emp?id=24892">dr Rafał Skinderowicz</a> <a href="https://orcid.org/0000-0002-1712-0688"><img src="https://info.orcid.org/wp-content/uploads/2019/11/orcid_16x16.png" alt="ORCID logo" width="16" height="16" /></a></li>
<li><a href="https://ab.us.edu.pl/emp?id=47011">dr Łukasz Strąk</a> <a href="https://orcid.org/0000-0002-1074-2847"><img src="https://info.orcid.org/wp-content/uploads/2019/11/orcid_16x16.png" alt="ORCID logo" width="16" height="16" /></a></li>
<li><a href="https://ab.us.edu.pl/emp?id=60403">dr Krzysztof Wróbel</a> <a href="https://orcid.org/0000-0001-7339-1100"><img src="https://info.orcid.org/wp-content/uploads/2019/11/orcid_16x16.png" alt="ORCID logo" width="16" height="16" /></a></li>
<li><a href="https://ab.us.edu.pl/emp?id=38861">dr hab. Beata Zielosko, prof. UŚ</a> <a href="https://orcid.org/0000-0003-3788-1094"><img src="https://info.orcid.org/wp-content/uploads/2019/11/orcid_16x16.png" alt="ORCID logo" width="16" height="16" /></a></li>
</ul>
<p>[/vc_column_text][/vc_column][/vc_row][vc_row][vc_column][vc_column_text][/vc_column_text][/vc_column][/vc_row][vc_row][/vc_row][vc_column][/vc_column][vc_column_text]</p>
<p>I am text block. Click edit button to change this text. Lorem ipsum dolor sit amet, consectetur adipiscing elit. Ut elit tellus, luctus nec ullamcorper mattis, pulvinar dapibus leo.</p>
<p>[/vc_column_text]</p>

<p>[vc_row][vc_column][vc_column_text][/vc_column_text][/vc_column][/vc_row][vc_row][vc_column][vc_column_text][/vc_column_text][/vc_column][/vc_row][vc_row][vc_column][vc_column_text][/vc_column_text][/vc_column][/vc_row][vc_row][vc_column][vc_column_text] Pracownicy Instytutu Informatyki [/vc_column_text][/vc_column][/vc_row][vc_row][vc_column width=&#8221;1/3&#8243;][vc_column_text] prof. dr hab. Michał Baczyński dr hab. inż. Mariusz Boryczka, prof. UŚ prof. dr hab. Urszula Boryczka dr Kornel Chromiński dr hab. inż. Rafał Doroz, prof. UŚ dr hab. Krzysztof Gdawiec, prof. UŚ dr Łukasz Wawrowski  [/vc_column_text][/vc_column][vc_column width=&#8221;1/3&#8243;][vc_column_text] dr inż. Przemysław Kudłacik dr hab. Agnieszka Lisowska dr hab. Agnieszka [&#8230;]</p>
<p><a class="btn btn-secondary understrap-read-more-link" href="https://us.edu.pl/instytut/ii/strona-glowna/pracownicy/">Read More&#8230;</a></p>
