{"id":352,"date":"2020-11-28T11:47:30","date_gmt":"2020-11-28T10:47:30","guid":{"rendered":"https:\/\/us.edu.pl\/instytut\/ii\/?page_id=352"},"modified":"2020-11-29T20:39:25","modified_gmt":"2020-11-29T19:39:25","slug":"historia","status":"publish","type":"page","link":"https:\/\/us.edu.pl\/instytut\/ii\/strona-glowna\/historia\/","title":{"rendered":"Historia"},"content":{"rendered":"<p><\/p>\n<h2>Historia<\/h2>\n<p>Instytut Informatyki powsta\u0142 jako Instytut Informacji Naukowo-Technicznej w 1974 r. i prowadzi\u0142 studia magisterskie w dyscyplinie informacja naukowo-techniczna. Od 1993 r. studia te zosta\u0142y zast\u0105pione trzyletnim programem licencjackim w dyscyplinie informatyka oraz dwuletnim programem uzupe\u0142niaj\u0105cych\u00a0 studi\u00f3w magisterskich. 1994 r. instytut zmieni\u0142 nazw\u0119 na Instytut Informatyki Stosowanej, a w 1997 r. na Instytut Informatyki. W tym okresie opr\u00f3cz studi\u00f3w z informatyki prowadzone r\u00f3wnie\u017c by\u0142y trzyip\u00f3\u0142letnie studia in\u017cynierskie w dyscyplinie in\u017cynierii biomedycznej. Instytut wchodzi\u0142 w sk\u0142ad Wydzia\u0142u Informatyki i Nauki o Materia\u0142ach Uniwersytetu \u015al\u0105skiego. Od 2002 r. Wydzia\u0142 Informatyki i Nauki o Materia\u0142ach mo\u017ce nadawa\u0107 stopnie doktora w dyscyplinie informatyka. W latach 1993 \u2013 2012 dyrektorem instytutu by\u0142a prof. dr hab. in\u017c. Alicja Wakulicz-Deja. Od 1 wrze\u015bnia 2012 roku dyrektorem Instytutu zosta\u0142 prof. dr hab. in\u017c. Zygmunt Wr\u00f3bel. Oferta edukacyjna Instytutu Informatyki ulega\u0142a sta\u0142emu poszerzaniu, proponuj\u0105c studentom studia z zakresu projektowania i zarz\u0105dzania sieciami komputerowymi i sensorowymi, grafik\u0105 komputerow\u0105, eksploracj\u0105 danych, klasyfikacj\u0105 obiekt\u00f3w czy inteligencj\u0105 rozproszon\u0105. Instytut Informatyki oferuje tak\u017ce mo\u017cliwo\u015b\u0107 zdobycia umiej\u0119tno\u015bci programisty gier komputerowych. Po reformie szkolnictwa w roku 2019 Instytut Informatyki wszed\u0142 w sk\u0142ad nowo powsta\u0142ego Wydzia\u0142u Nauk \u015acis\u0142ych i Technicznych, a jego dyrektorem zosta\u0142 prof. dr hab. Piotr Porwik. Instytut Informatyki nadal posiada uprawnienia do nadawania stopnia doktora nauk technicznych w dyscyplinie informatyka techniczna i telekomunikacja.<\/p>","protected":false},"excerpt":{"rendered":"<p>Historia Instytut Informatyki powsta\u0142 jako Instytut Informacji Naukowo-Technicznej w 1974 r. i prowadzi\u0142 studia magisterskie w dyscyplinie informacja naukowo-techniczna. Od 1993 r. studia te zosta\u0142y zast\u0105pione trzyletnim programem licencjackim w dyscyplinie informatyka oraz dwuletnim programem uzupe\u0142niaj\u0105cych\u00a0 studi\u00f3w magisterskich. 1994 r. instytut zmieni\u0142 nazw\u0119 na Instytut Informatyki Stosowanej, a w 1997 r. na Instytut Informatyki. W [&#8230;]<\/p>\n<p><a class=\"btn btn-secondary understrap-read-more-link\" href=\"https:\/\/us.edu.pl\/instytut\/ii\/strona-glowna\/historia\/\">Read More&#8230;<\/a><\/p>\n","protected":false},"author":190,"featured_media":0,"parent":5,"menu_order":4,"comment_status":"closed","ping_status":"closed","template":"page-templates\/inner-page.php","meta":{"_expiration-date-status":"saved","_expiration-date":0,"_expiration-date-type":"","_expiration-date-categories":[],"_expiration-date-options":[]},"acf":[],"_links":{"self":[{"href":"https:\/\/us.edu.pl\/instytut\/ii\/wp-json\/wp\/v2\/pages\/352"}],"collection":[{"href":"https:\/\/us.edu.pl\/instytut\/ii\/wp-json\/wp\/v2\/pages"}],"about":[{"href":"https:\/\/us.edu.pl\/instytut\/ii\/wp-json\/wp\/v2\/types\/page"}],"author":[{"embeddable":true,"href":"https:\/\/us.edu.pl\/instytut\/ii\/wp-json\/wp\/v2\/users\/190"}],"replies":[{"embeddable":true,"href":"https:\/\/us.edu.pl\/instytut\/ii\/wp-json\/wp\/v2\/comments?post=352"}],"version-history":[{"count":3,"href":"https:\/\/us.edu.pl\/instytut\/ii\/wp-json\/wp\/v2\/pages\/352\/revisions"}],"predecessor-version":[{"id":378,"href":"https:\/\/us.edu.pl\/instytut\/ii\/wp-json\/wp\/v2\/pages\/352\/revisions\/378"}],"up":[{"embeddable":true,"href":"https:\/\/us.edu.pl\/instytut\/ii\/wp-json\/wp\/v2\/pages\/5"}],"wp:attachment":[{"href":"https:\/\/us.edu.pl\/instytut\/ii\/wp-json\/wp\/v2\/media?parent=352"}],"curies":[{"name":"wp","href":"https:\/\/api.w.org\/{rel}","templated":true}]}}

<p></p>
<h2>Historia</h2>
<p>Instytut Informatyki powstał jako Instytut Informacji Naukowo-Technicznej w 1974 r. i prowadził studia magisterskie w dyscyplinie informacja naukowo-techniczna. Od 1993 r. studia te zostały zastąpione trzyletnim programem licencjackim w dyscyplinie informatyka oraz dwuletnim programem uzupełniających  studiów magisterskich. 1994 r. instytut zmienił nazwę na Instytut Informatyki Stosowanej, a w 1997 r. na Instytut Informatyki. W tym okresie oprócz studiów z informatyki prowadzone również były trzyipółletnie studia inżynierskie w dyscyplinie inżynierii biomedycznej. Instytut wchodził w skład Wydziału Informatyki i Nauki o Materiałach Uniwersytetu Śląskiego. Od 2002 r. Wydział Informatyki i Nauki o Materiałach może nadawać stopnie doktora w dyscyplinie informatyka. W latach 1993 – 2012 dyrektorem instytutu była prof. dr hab. inż. Alicja Wakulicz-Deja. Od 1 września 2012 roku dyrektorem Instytutu został prof. dr hab. inż. Zygmunt Wróbel. Oferta edukacyjna Instytutu Informatyki ulegała stałemu poszerzaniu, proponując studentom studia z zakresu projektowania i zarządzania sieciami komputerowymi i sensorowymi, grafiką komputerową, eksploracją danych, klasyfikacją obiektów czy inteligencją rozproszoną. Instytut Informatyki oferuje także możliwość zdobycia umiejętności programisty gier komputerowych. Po reformie szkolnictwa w roku 2019 Instytut Informatyki wszedł w skład nowo powstałego Wydziału Nauk Ścisłych i Technicznych, a jego dyrektorem został prof. dr hab. Piotr Porwik. Instytut Informatyki nadal posiada uprawnienia do nadawania stopnia doktora nauk technicznych w dyscyplinie informatyka techniczna i telekomunikacja.</p>

<p>Historia Instytut Informatyki powstał jako Instytut Informacji Naukowo-Technicznej w 1974 r. i prowadził studia magisterskie w dyscyplinie informacja naukowo-techniczna. Od 1993 r. studia te zostały zastąpione trzyletnim programem licencjackim w dyscyplinie informatyka oraz dwuletnim programem uzupełniających  studiów magisterskich. 1994 r. instytut zmienił nazwę na Instytut Informatyki Stosowanej, a w 1997 r. na Instytut Informatyki. W [&#8230;]</p>
<p><a class="btn btn-secondary understrap-read-more-link" href="https://us.edu.pl/instytut/ii/strona-glowna/historia/">Read More&#8230;</a></p>
