{"id":205,"date":"2020-01-02T17:34:59","date_gmt":"2020-01-02T16:34:59","guid":{"rendered":"http:\/\/us.edu.pl\/instytut\/iib\/?page_id=205"},"modified":"2025-10-24T09:55:37","modified_gmt":"2025-10-24T07:55:37","slug":"radanaukowainstytutu","status":"publish","type":"page","link":"https:\/\/us.edu.pl\/instytut\/iib\/strona-glowna\/radanaukowainstytutu\/","title":{"rendered":"Rada Naukowa Instytutu"},"content":{"rendered":"<p>[vc_row][vc_column][vc_single_image image=&#8221;5114&#8243; img_size=&#8221;large&#8221; alignment=&#8221;center&#8221; style=&#8221;vc_box_shadow_3d&#8221; css_animation=&#8221;left-to-right&#8221;][vc_separator color=&#8221;black&#8221;][\/vc_column][\/vc_row][vc_row][vc_column]\r\n            <div class=\"container\">  \r\n                <div class=\"lists-with-links\">\r\n                    <div class=\"section-title\">Cz\u0142onkowie Rady Naukowej Instytutu In\u017cynierii Biomedycznej<\/div>\r\n                   <div class=\"lists-with-links__items lists-1\"><ul class=\"angle-list\"> <li> <a href=\"https:\/\/us.edu.pl\/instytut\/iib\/dr-hab-s-stach-prof-us\/\"> dr hab. Sebastian Stach, prof. U\u015a <\/a> <\/li><li> <a href=\"https:\/\/us.edu.pl\/instytut\/iib\/prof-dr-hab-n-med-armand-cholewka\/\"> prof. dr hab. Armand Cholewka <\/a> <\/li><li> <a href=\"https:\/\/us.edu.pl\/instytut\/iib\/prof-dr-hab-inz-robert-koprowski\/\"> prof. dr hab. in\u017c. Robert Koprowski <\/a> <\/li><li> <a href=\"https:\/\/us.edu.pl\/instytut\/iib\/prof-dr-hab-n-med-dorota-tarnawska\/\"> prof. dr hab. n. med. Dorota Tarnawska <\/a> <\/li><li> <a href=\"https:\/\/us.edu.pl\/instytut\/iib\/dr-hab-andrzej-swinarew-prof-us-prof-awf\/\"> dr hab. Andrzej Swinarew, prof. U\u015a, prof. AWF <\/a> <\/li><li> <a href=\"https:\/\/us.edu.pl\/instytut\/iib\/dr-hab-inz-michal-mierzwa-prof-us-2\/\"> dr hab. in\u017c. Micha\u0142 Mierzwa, prof. U\u015a <\/a> <\/li><li> <a href=\"https:\/\/us.edu.pl\/instytut\/iib\/dr-karina-maciejewska-prof-us\/\"> dr Karina Maciejewska, prof. U\u015a <\/a> <\/li><li> <a href=\"https:\/\/us.edu.pl\/instytut\/iib\/dr-agnieszka-szurko-prof-us\/\"> dr Agnieszka Szurko, prof. U\u015a <\/a> <\/li><li> <a href=\"https:\/\/us.edu.pl\/instytut\/iib\/dr-inz-piotr-duda-prof-us\/\"> dr in\u017c. Piotr Duda, prof. U\u015a <\/a> <\/li><li> <a href=\"https:\/\/us.edu.pl\/instytut\/iib\/dr-malgorzata-janik-2\/\"> dr Ma\u0142gorzata Janik <\/a> <\/li><li> <a href=\"https:\/\/us.edu.pl\/instytut\/iib\/dr-pawel-janik-2\/\"> dr Pawe\u0142 Janik <\/a> <\/li><li> <a href=\"https:\/\/us.edu.pl\/instytut\/iib\/dr-mariusz-marzec-2\/\"> dr Mariusz Marzec <\/a> <\/li><\/ul><ul class=\"angle-list\"> <div class=\"angle-list__title\">Pracownik z g\u0142osem doradczym z tytu\u0142em profesora<\/div><li> <a href=\"https:\/\/us.edu.pl\/instytut\/iib\/prof-dr-hab-inz-zygmunt-wrobel-2\/\"> prof. dr hab. in\u017c. Zygmunt Wr\u00f3bel <\/a> <\/li><\/ul><\/div>\r\n                <\/div>\r\n            <\/div>[\/vc_column][\/vc_row][vc_row][vc_column][vc_column_text][\/vc_column_text][\/vc_column][\/vc_row][vc_row][vc_column][vc_column_text][\/vc_column_text][\/vc_column][\/vc_row][vc_row][vc_column][vc_column_text][\/vc_column_text][\/vc_column][\/vc_row][vc_row][vc_column][vc_column_text][\/vc_column_text][\/vc_column][\/vc_row]<\/p>","protected":false},"excerpt":{"rendered":"<p>[vc_row][vc_column][vc_single_image image=&#8221;5114&#8243; img_size=&#8221;large&#8221; alignment=&#8221;center&#8221; style=&#8221;vc_box_shadow_3d&#8221; css_animation=&#8221;left-to-right&#8221;][vc_separator color=&#8221;black&#8221;][\/vc_column][\/vc_row][vc_row][vc_column][\/vc_column][\/vc_row][vc_row][vc_column][vc_column_text][\/vc_column_text][\/vc_column][\/vc_row][vc_row][vc_column][vc_column_text][\/vc_column_text][\/vc_column][\/vc_row][vc_row][vc_column][vc_column_text][\/vc_column_text][\/vc_column][\/vc_row][vc_row][vc_column][vc_column_text][\/vc_column_text][\/vc_column][\/vc_row] [&#8230;]<\/p>\n<p><a class=\"btn btn-secondary understrap-read-more-link\" href=\"https:\/\/us.edu.pl\/instytut\/iib\/strona-glowna\/radanaukowainstytutu\/\">Read More&#8230;<\/a><\/p>\n","protected":false},"author":128,"featured_media":0,"parent":6,"menu_order":4,"comment_status":"closed","ping_status":"closed","template":"page-templates\/inner-page.php","meta":{"_expiration-date-status":"","_expiration-date":0,"_expiration-date-type":"","_expiration-date-categories":[],"_expiration-date-options":[]},"acf":[],"_links":{"self":[{"href":"https:\/\/us.edu.pl\/instytut\/iib\/wp-json\/wp\/v2\/pages\/205"}],"collection":[{"href":"https:\/\/us.edu.pl\/instytut\/iib\/wp-json\/wp\/v2\/pages"}],"about":[{"href":"https:\/\/us.edu.pl\/instytut\/iib\/wp-json\/wp\/v2\/types\/page"}],"author":[{"embeddable":true,"href":"https:\/\/us.edu.pl\/instytut\/iib\/wp-json\/wp\/v2\/users\/128"}],"replies":[{"embeddable":true,"href":"https:\/\/us.edu.pl\/instytut\/iib\/wp-json\/wp\/v2\/comments?post=205"}],"version-history":[{"count":10,"href":"https:\/\/us.edu.pl\/instytut\/iib\/wp-json\/wp\/v2\/pages\/205\/revisions"}],"predecessor-version":[{"id":5348,"href":"https:\/\/us.edu.pl\/instytut\/iib\/wp-json\/wp\/v2\/pages\/205\/revisions\/5348"}],"up":[{"embeddable":true,"href":"https:\/\/us.edu.pl\/instytut\/iib\/wp-json\/wp\/v2\/pages\/6"}],"wp:attachment":[{"href":"https:\/\/us.edu.pl\/instytut\/iib\/wp-json\/wp\/v2\/media?parent=205"}],"curies":[{"name":"wp","href":"https:\/\/api.w.org\/{rel}","templated":true}]}}