{"id":3107,"date":"2025-01-15T13:02:39","date_gmt":"2025-01-15T12:02:39","guid":{"rendered":"https:\/\/us.edu.pl\/instytut\/iib\/?page_id=3107"},"modified":"2025-08-06T12:29:37","modified_gmt":"2025-08-06T10:29:37","slug":"grupa-badawcza-chorob-oczu-i-drogi-wzrokowej","status":"publish","type":"page","link":"https:\/\/us.edu.pl\/instytut\/iib\/grupa-badawcza-chorob-oczu-i-drogi-wzrokowej\/","title":{"rendered":"Grupa badawcza chor\u00f3b oczu i drogi wzrokowej"},"content":{"rendered":"<p>[vc_row][vc_column][vc_column_text css_animation=&#8221;slideInRight&#8221;]<\/p>\n<h2 style=\"text-align: center;\"><strong>Grupa badawcza chor\u00f3b oczu i drogi wzrokowej<\/strong><\/h2>\n<p>[\/vc_column_text][\/vc_column][\/vc_row][vc_row][vc_column]<div class=\"container\"><div class=\"separator\" style=\"background-color: #002E5A\"><\/div><\/div>[vc_single_image image=&#8221;1239&#8243; img_size=&#8221;medium&#8221; alignment=&#8221;center&#8221; style=&#8221;vc_box_circle_2&#8243; css_animation=&#8221;fadeInLeft&#8221; title=&#8221;Kierownik grupy &#8211; prof. dr hab. n. med. Dorota Tarnawska&#8221;]<div class=\"container\"><div class=\"separator\" style=\"background-color: #002E5A\"><\/div><\/div>[\/vc_column][\/vc_row][vc_row][vc_column]\r\n                <div class=\"text-modules\">\r\n                    <div class=\"container\">\r\n                        \r\n                        <div class=\"text-modules__content\"><\/p>\n<p class=\"Opisgrupybadawczej\"><strong>Opis grupy:<\/strong><\/p>\n<p class=\"Opisgrupybadawczej\">Dzia\u0142alno\u015b\u0107 grupy koncentruje si\u0119 na badaniach struktur oka ludzkiego, w tym powierzchni oka na poziomie kom\u00f3rkowym i molekularnym, oraz na ocenie wp\u0142ywu czynnik\u00f3w zewn\u0119trznych, takich jak radioterapia guz\u00f3w m\u00f3zgu, na struktur\u0119 i funkcj\u0119 drogi wzrokowej.<\/p>\n<p class=\"Opisgrupybadawczej\"><strong>Cel grupy:<\/strong><\/p>\n<p>Grupa d\u0105\u017cy do tworzenia modeli prognostycznych przebiegu wybranych chor\u00f3b oczu oraz narz\u0119dzi do automatycznej interpretacji skan\u00f3w oka (np. OCT), wspieraj\u0105cych monitorowanie leczenia i identyfikacj\u0119 pacjent\u00f3w nieodpowiadaj\u0105cych na terapi\u0119. Istotnym aspektem bada\u0144 jest r\u00f3wnie\u017c analiza fizyko-chemiczna uszkodze\u0144 powierzchni wszczepialnych soczewek wewn\u0105trzga\u0142kowych oraz sk\u0142adu wydzieliny gruczo\u0142\u00f3w powiekowych w zespole suchego oka.<\/p>\n<p class=\"Opisgrupybadawczej\"><strong>Obszar dzia\u0142a\u0144:<\/strong><\/p>\n<p class=\"Opisgrupybadawczej\">Kluczowym obszarem prac jest rozw\u00f3j i zastosowanie zaawansowanych metod analizy obraz\u00f3w okulistycznych, w tym z wykorzystaniem algorytm\u00f3w uczenia maszynowego (ML\/DML).<\/p>\n<p><strong>Wybrane publikacje:<\/strong><\/p>\n<div class=\"entity-row-heading-wrapper\">\n<ul style=\"list-style-type: square;\">\n<li class=\"select-row-checkbox-wrapper\"><em><span id=\"entity-row-title-388332879\">Long-Term Clinical Outcomes of Ahmed Valve Implantation in Aniridic Glaucoma<\/span><\/em><span id=\"entity-row-title-388332879\">,\u00a0<\/span>Bolek Bart\u0142omiej, Wyl\u0119ga\u0142a Edward, Tarnawska Dorota, Biomedicines, 2023, vol. 11, nr 11, s.1-11, Numer artyku\u0142u:2996. <a href=\"http:\/\/dx.doi.org\/10.3390\/biomedicines11112996\" target=\"blank\" rel=\"noopener\">DOI:10.3390\/biomedicines11112996 <\/a><\/li>\n<li>\n<div class=\"entity-row-heading-wrapper\"><em> <span id=\"entity-row-title-2075850099\"> Robotic Stereotactic Radiotherapy for Intracranial Meningiomas &#8211; An Opportunity for Radiation Dose De-Escalation<\/span><\/em><span id=\"entity-row-title-2075850099\">,<\/span><a id=\"entitiesT:3:j_id_22_1_1_8_7_3_a_2_9o_2_2_1\" class=\"link-with-chevron-icon infoLink\" href=\"https:\/\/opus.us.edu.pl\/info\/article\/USLd87cb6ecc22242ad9177c41c3f290f20?r=publication&amp;ps=20&amp;tab=&amp;title=Publikacja%2B%25E2%2580%2593%2BRobotic%2BStereotactic%2BRadiotherapy%2Bfor%2BIntracranial%2BMeningiomas%2B-%2BAn%2BOpportunity%2Bfor%2BRadiation%2BDose%2BDe-Escalation%2B%25E2%2580%2593%2BUniwersytet%2B%25C5%259Al%25C4%2585ski&amp;lang=pl\"><span id=\"entity-row-title-2075850099\"> <\/span><\/a>Grzbiela Hanna, Nowicka Elzbieta, Gawkowska Marzena, Tarnawska Dorota [i in.], Cancers, 2023, vol. 15, nr 22, s.1-13, Numer artyku\u0142u:5436. <a href=\"http:\/\/dx.doi.org\/10.3390\/cancers15225436\" target=\"blank\" rel=\"noopener\">\u00a0DOI:10.3390\/cancers15225436 <\/a><\/div>\n<\/li>\n<li>\n<div class=\"entity-row-heading-wrapper\">\n<div class=\"select-row-checkbox-wrapper\"><em><span id=\"entity-row-title-1813669865\">The Impact of Robotic Fractionated Radiotherapy for Benign Tumors of Parasellar Region on the Eye Structure and Function<\/span><\/em><span id=\"entity-row-title-1813669865\">,<\/span><a id=\"entitiesT:4:j_id_22_1_1_8_7_3_a_2_9o_2_2_1\" class=\"link-with-chevron-icon infoLink\" href=\"https:\/\/opus.us.edu.pl\/info\/article\/USL02f993ff7c904bfe8cd98f1cd48948bc?r=publication&amp;ps=20&amp;tab=&amp;title=Publikacja%2B%25E2%2580%2593%2BThe%2BImpact%2Bof%2BRobotic%2BFractionated%2BRadiotherapy%2Bfor%2BBenign%2BTumors%2Bof%2BParasellar%2BRegion%2Bon%2Bthe%2BEye%2BStructure%2Band%2BFunction%2B%25E2%2580%2593%2BUniwersytet%2B%25C5%259Al%25C4%2585ski&amp;lang=pl\"><span id=\"entity-row-title-1813669865\"> <\/span><\/a>Orski Michal, Tarnawski Rafal, Wyl\u0119ga\u0142a Edward, Tarnawska Dotora [i in.], Journal of Clinical Medicine, 2023, vol. 12, nr 2, s.1-12, Numer artyku\u0142u:404.<a href=\"http:\/\/dx.doi.org\/10.3390\/jcm12020404\" target=\"blank\" rel=\"noopener\">DOI:10.3390\/jcm120204<\/a><\/div>\n<\/div>\n<\/li>\n<\/ul>\n<\/div>\n<p>\n<\/div>\r\n                    <\/div>\r\n                <\/div>[\/vc_column][\/vc_row][vc_row][vc_column]<div class=\"container\"><div class=\"separator\" style=\"background-color: #002E5A\"><\/div><\/div>            \r\n                    <div class=\"container\">\r\n                        <div class=\"gallery gallery_2\" data-images-in-row=\"2\">\r\n                            \r\n                            <div class=\"row m-0\">\r\n                                <a data-fancybox-group=\"button\" title=\"Wyst\u0105pienie prof. D. Tarnawskiej \/ fot. S. Stach\" data-fancybox=\"8005\" href=\"https:\/\/us.edu.pl\/instytut\/iib\/wp-content\/uploads\/sites\/41\/2025\/05\/9.jpg\" class=\"gallery__item thumbnail\"\r\n                                    style=\"background-image: url(https:\/\/us.edu.pl\/instytut\/iib\/wp-content\/uploads\/sites\/41\/2025\/05\/9-1024x768.jpg)\"> <span class=\"d-none\">https:\/\/us.edu.pl\/instytut\/iib\/wp-content\/uploads\/sites\/41\/2025\/05\/9.jpg<\/span> <\/a><a data-fancybox-group=\"button\" title=\"Wyst\u0105pienie prof. D. Tarnawskiej \/ fot. S. Stach\" data-fancybox=\"8005\" href=\"https:\/\/us.edu.pl\/instytut\/iib\/wp-content\/uploads\/sites\/41\/2025\/05\/7.jpg\" class=\"gallery__item thumbnail\"\r\n                                    style=\"background-image: url(https:\/\/us.edu.pl\/instytut\/iib\/wp-content\/uploads\/sites\/41\/2025\/05\/7-1024x576.jpg)\"> <span class=\"d-none\">https:\/\/us.edu.pl\/instytut\/iib\/wp-content\/uploads\/sites\/41\/2025\/05\/7.jpg<\/span> <\/a>\r\n                            <\/div>\r\n                    <\/div>\r\n                <\/div>[\/vc_column][\/vc_row][vc_row][vc_column][vc_column_text][\/vc_column_text][\/vc_column][\/vc_row][vc_row][vc_column][vc_column_text][\/vc_column_text][\/vc_column][\/vc_row][vc_row][vc_column][vc_column_text]<\/p>","protected":false},"excerpt":{"rendered":"<p>[vc_row][vc_column][vc_column_text css_animation=&#8221;slideInRight&#8221;] Grupa badawcza chor\u00f3b oczu i drogi wzrokowej [\/vc_column_text][\/vc_column][\/vc_row][vc_row][vc_column][vc_single_image image=&#8221;1239&#8243; img_size=&#8221;medium&#8221; alignment=&#8221;center&#8221; style=&#8221;vc_box_circle_2&#8243; css_animation=&#8221;fadeInLeft&#8221; title=&#8221;Kierownik grupy &#8211; prof. dr hab. n. med. Dorota Tarnawska&#8221;][\/vc_column][\/vc_row][vc_row][vc_column][\/vc_column][\/vc_row][vc_row][vc_column][\/vc_column][\/vc_row][vc_row][vc_column][vc_column_text][\/vc_column_text][\/vc_column][\/vc_row][vc_row][vc_column][vc_column_text][\/vc_column_text][\/vc_column][\/vc_row][vc_row][vc_column][vc_column_text] [&#8230;]<\/p>\n<p><a class=\"btn btn-secondary understrap-read-more-link\" href=\"https:\/\/us.edu.pl\/instytut\/iib\/grupa-badawcza-chorob-oczu-i-drogi-wzrokowej\/\">Read More&#8230;<\/a><\/p>\n","protected":false},"author":128,"featured_media":0,"parent":0,"menu_order":0,"comment_status":"closed","ping_status":"closed","template":"","meta":{"_expiration-date-status":"","_expiration-date":0,"_expiration-date-type":"","_expiration-date-categories":[],"_expiration-date-options":[]},"acf":[],"_links":{"self":[{"href":"https:\/\/us.edu.pl\/instytut\/iib\/wp-json\/wp\/v2\/pages\/3107"}],"collection":[{"href":"https:\/\/us.edu.pl\/instytut\/iib\/wp-json\/wp\/v2\/pages"}],"about":[{"href":"https:\/\/us.edu.pl\/instytut\/iib\/wp-json\/wp\/v2\/types\/page"}],"author":[{"embeddable":true,"href":"https:\/\/us.edu.pl\/instytut\/iib\/wp-json\/wp\/v2\/users\/128"}],"replies":[{"embeddable":true,"href":"https:\/\/us.edu.pl\/instytut\/iib\/wp-json\/wp\/v2\/comments?post=3107"}],"version-history":[{"count":10,"href":"https:\/\/us.edu.pl\/instytut\/iib\/wp-json\/wp\/v2\/pages\/3107\/revisions"}],"predecessor-version":[{"id":4306,"href":"https:\/\/us.edu.pl\/instytut\/iib\/wp-json\/wp\/v2\/pages\/3107\/revisions\/4306"}],"wp:attachment":[{"href":"https:\/\/us.edu.pl\/instytut\/iib\/wp-json\/wp\/v2\/media?parent=3107"}],"curies":[{"name":"wp","href":"https:\/\/api.w.org\/{rel}","templated":true}]}}

Grupa badawcza chorób oczu i drogi wzrokowej

<p>[vc_row][vc_column][vc_column_text css_animation=&#8221;slideInRight&#8221;]</p>
<h2 style="text-align: center;"><strong>Grupa badawcza chorób oczu i drogi wzrokowej</strong></h2>
<p>[/vc_column_text][/vc_column][/vc_row][vc_row][vc_column]<div class="container"><div class="separator" style="background-color: #002E5A"></div></div>[vc_single_image image=&#8221;1239&#8243; img_size=&#8221;medium&#8221; alignment=&#8221;center&#8221; style=&#8221;vc_box_circle_2&#8243; css_animation=&#8221;fadeInLeft&#8221; title=&#8221;Kierownik grupy &#8211; prof. dr hab. n. med. Dorota Tarnawska&#8221;]<div class="container"><div class="separator" style="background-color: #002E5A"></div></div>[/vc_column][/vc_row][vc_row][vc_column]
                <div class="text-modules">
                    <div class="container">
                        
                        <div class="text-modules__content"></p>
<p class="Opisgrupybadawczej"><strong>Opis grupy:</strong></p>
<p class="Opisgrupybadawczej">Działalność grupy koncentruje się na badaniach struktur oka ludzkiego, w tym powierzchni oka na poziomie komórkowym i molekularnym, oraz na ocenie wpływu czynników zewnętrznych, takich jak radioterapia guzów mózgu, na strukturę i funkcję drogi wzrokowej.</p>
<p class="Opisgrupybadawczej"><strong>Cel grupy:</strong></p>
<p>Grupa dąży do tworzenia modeli prognostycznych przebiegu wybranych chorób oczu oraz narzędzi do automatycznej interpretacji skanów oka (np. OCT), wspierających monitorowanie leczenia i identyfikację pacjentów nieodpowiadających na terapię. Istotnym aspektem badań jest również analiza fizyko-chemiczna uszkodzeń powierzchni wszczepialnych soczewek wewnątrzgałkowych oraz składu wydzieliny gruczołów powiekowych w zespole suchego oka.</p>
<p class="Opisgrupybadawczej"><strong>Obszar działań:</strong></p>
<p class="Opisgrupybadawczej">Kluczowym obszarem prac jest rozwój i zastosowanie zaawansowanych metod analizy obrazów okulistycznych, w tym z wykorzystaniem algorytmów uczenia maszynowego (ML/DML).</p>
<p><strong>Wybrane publikacje:</strong></p>
<div class="entity-row-heading-wrapper">
<ul style="list-style-type: square;">
<li class="select-row-checkbox-wrapper"><em><span id="entity-row-title-388332879">Long-Term Clinical Outcomes of Ahmed Valve Implantation in Aniridic Glaucoma</span></em><span id="entity-row-title-388332879">, </span>Bolek Bartłomiej, Wylęgała Edward, Tarnawska Dorota, Biomedicines, 2023, vol. 11, nr 11, s.1-11, Numer artykułu:2996. <a href="http://dx.doi.org/10.3390/biomedicines11112996" target="blank" rel="noopener">DOI:10.3390/biomedicines11112996 </a></li>
<li>
<div class="entity-row-heading-wrapper"><em> <span id="entity-row-title-2075850099"> Robotic Stereotactic Radiotherapy for Intracranial Meningiomas &#8211; An Opportunity for Radiation Dose De-Escalation</span></em><span id="entity-row-title-2075850099">,</span><a id="entitiesT:3:j_id_22_1_1_8_7_3_a_2_9o_2_2_1" class="link-with-chevron-icon infoLink" href="https://opus.us.edu.pl/info/article/USLd87cb6ecc22242ad9177c41c3f290f20?r=publication&amp;ps=20&amp;tab=&amp;title=Publikacja%2B%25E2%2580%2593%2BRobotic%2BStereotactic%2BRadiotherapy%2Bfor%2BIntracranial%2BMeningiomas%2B-%2BAn%2BOpportunity%2Bfor%2BRadiation%2BDose%2BDe-Escalation%2B%25E2%2580%2593%2BUniwersytet%2B%25C5%259Al%25C4%2585ski&amp;lang=pl"><span id="entity-row-title-2075850099"> </span></a>Grzbiela Hanna, Nowicka Elzbieta, Gawkowska Marzena, Tarnawska Dorota [i in.], Cancers, 2023, vol. 15, nr 22, s.1-13, Numer artykułu:5436. <a href="http://dx.doi.org/10.3390/cancers15225436" target="blank" rel="noopener"> DOI:10.3390/cancers15225436 </a></div>
</li>
<li>
<div class="entity-row-heading-wrapper">
<div class="select-row-checkbox-wrapper"><em><span id="entity-row-title-1813669865">The Impact of Robotic Fractionated Radiotherapy for Benign Tumors of Parasellar Region on the Eye Structure and Function</span></em><span id="entity-row-title-1813669865">,</span><a id="entitiesT:4:j_id_22_1_1_8_7_3_a_2_9o_2_2_1" class="link-with-chevron-icon infoLink" href="https://opus.us.edu.pl/info/article/USL02f993ff7c904bfe8cd98f1cd48948bc?r=publication&amp;ps=20&amp;tab=&amp;title=Publikacja%2B%25E2%2580%2593%2BThe%2BImpact%2Bof%2BRobotic%2BFractionated%2BRadiotherapy%2Bfor%2BBenign%2BTumors%2Bof%2BParasellar%2BRegion%2Bon%2Bthe%2BEye%2BStructure%2Band%2BFunction%2B%25E2%2580%2593%2BUniwersytet%2B%25C5%259Al%25C4%2585ski&amp;lang=pl"><span id="entity-row-title-1813669865"> </span></a>Orski Michal, Tarnawski Rafal, Wylęgała Edward, Tarnawska Dotora [i in.], Journal of Clinical Medicine, 2023, vol. 12, nr 2, s.1-12, Numer artykułu:404.<a href="http://dx.doi.org/10.3390/jcm12020404" target="blank" rel="noopener">DOI:10.3390/jcm120204</a></div>
</div>
</li>
</ul>
</div>
<p>
</div>
                    </div>
                </div>[/vc_column][/vc_row][vc_row][vc_column]<div class="container"><div class="separator" style="background-color: #002E5A"></div></div>            
                    <div class="container">
                        <div class="gallery gallery_2" data-images-in-row="2">
                            
                            <div class="row m-0">
                                <a data-fancybox-group="button" title="Wystąpienie prof. D. Tarnawskiej / fot. S. Stach" data-fancybox="8005" href="https://us.edu.pl/instytut/iib/wp-content/uploads/sites/41/2025/05/9.jpg" class="gallery__item thumbnail"
                                    style="background-image: url(https://us.edu.pl/instytut/iib/wp-content/uploads/sites/41/2025/05/9-1024x768.jpg)"> <span class="d-none">https://us.edu.pl/instytut/iib/wp-content/uploads/sites/41/2025/05/9.jpg</span> </a><a data-fancybox-group="button" title="Wystąpienie prof. D. Tarnawskiej / fot. S. Stach" data-fancybox="8005" href="https://us.edu.pl/instytut/iib/wp-content/uploads/sites/41/2025/05/7.jpg" class="gallery__item thumbnail"
                                    style="background-image: url(https://us.edu.pl/instytut/iib/wp-content/uploads/sites/41/2025/05/7-1024x576.jpg)"> <span class="d-none">https://us.edu.pl/instytut/iib/wp-content/uploads/sites/41/2025/05/7.jpg</span> </a>
                            </div>
                    </div>
                </div>[/vc_column][/vc_row][vc_row][vc_column][vc_column_text][/vc_column_text][/vc_column][/vc_row][vc_row][vc_column][vc_column_text][/vc_column_text][/vc_column][/vc_row][vc_row][vc_column][vc_column_text]</p>

<p>[vc_row][vc_column][vc_column_text css_animation=&#8221;slideInRight&#8221;] Grupa badawcza chorób oczu i drogi wzrokowej [/vc_column_text][/vc_column][/vc_row][vc_row][vc_column][vc_single_image image=&#8221;1239&#8243; img_size=&#8221;medium&#8221; alignment=&#8221;center&#8221; style=&#8221;vc_box_circle_2&#8243; css_animation=&#8221;fadeInLeft&#8221; title=&#8221;Kierownik grupy &#8211; prof. dr hab. n. med. Dorota Tarnawska&#8221;][/vc_column][/vc_row][vc_row][vc_column][/vc_column][/vc_row][vc_row][vc_column][/vc_column][/vc_row][vc_row][vc_column][vc_column_text][/vc_column_text][/vc_column][/vc_row][vc_row][vc_column][vc_column_text][/vc_column_text][/vc_column][/vc_row][vc_row][vc_column][vc_column_text] [&#8230;]</p>
<p><a class="btn btn-secondary understrap-read-more-link" href="https://us.edu.pl/instytut/iib/grupa-badawcza-chorob-oczu-i-drogi-wzrokowej/">Read More&#8230;</a></p>
