{"id":3146,"date":"2025-01-15T13:43:54","date_gmt":"2025-01-15T12:43:54","guid":{"rendered":"https:\/\/us.edu.pl\/instytut\/iib\/?page_id=3146"},"modified":"2025-08-06T12:25:46","modified_gmt":"2025-08-06T10:25:46","slug":"grupa-badawcza-zastosowan-termowizji-i-termografii-w-medycynie","status":"publish","type":"page","link":"https:\/\/us.edu.pl\/instytut\/iib\/grupa-badawcza-zastosowan-termowizji-i-termografii-w-medycynie\/","title":{"rendered":"Grupa badawcza zastosowa\u0144 termowizji i termografii w medycynie"},"content":{"rendered":"<p>[vc_row][vc_column][vc_column_text css_animation=&#8221;slideInRight&#8221;]<\/p>\n<h2 style=\"text-align: center;\"><strong>Grupa badawcza zastosowa\u0144 termowizji i termografii w medycynie<\/strong><\/h2>\n<p>[\/vc_column_text][\/vc_column][\/vc_row][vc_row][vc_column]<div class=\"container\"><div class=\"separator\" style=\"background-color: #002E5A\"><\/div><\/div>[vc_single_image image=&#8221;4244&#8243; img_size=&#8221;medium&#8221; alignment=&#8221;center&#8221; style=&#8221;vc_box_circle_2&#8243; css_animation=&#8221;fadeInLeft&#8221; title=&#8221;Kierownik grupy &#8211; prof. dr hab. n. med. Armand Cholewka&#8221;]<div class=\"container\"><div class=\"separator\" style=\"background-color: #002E5A\"><\/div><\/div>\r\n                <div class=\"text-modules\">\r\n                    <div class=\"container\">\r\n                        \r\n                        <div class=\"text-modules__content\"><\/p>\n<p class=\"Opisgrupybadawczej\"><strong>Opis grupy:<\/strong><\/p>\n<p class=\"Opisgrupybadawczej\">Grupa badawcza specjalizuje si\u0119 w interdyscyplinarnym rozwoju i zastosowaniu technologii obrazowania termicznego w medycynie i naukach biomedycznych.<\/p>\n<p class=\"Opisgrupybadawczej\"><strong>Cel grupy:<\/strong><\/p>\n<p class=\"Opisgrupybadawczej\">G\u0142\u00f3wnym celem prowadzonych prac jest opracowywanie i doskonalenie nieinwazyjnych metod diagnostycznych, kt\u00f3re umo\u017cliwiaj\u0105 obiektywn\u0105 ocen\u0119 stanu fizjologicznego pacjenta oraz efektywno\u015bci stosowanych terapii. Dzia\u0142ania grupy koncentruj\u0105 si\u0119 na rozwoju standaryzowanych procedur akwizycji danych termograficznych, implementacji zaawansowanych algorytm\u00f3w analizy obraz\u00f3w \u2013 w tym metod dynamicznej termografii \u2013 oraz integracji technologii termicznego obrazowania z innymi modalno\u015bciami pomiarowymi, co pozwala na wieloaspektow\u0105 i kompleksow\u0105 ocen\u0119 stanu zdrowia pacjenta.<\/p>\n<p class=\"Opisgrupybadawczej\"><strong>Obszar dzia\u0142a\u0144:<\/strong><\/p>\n<p class=\"Opisgrupybadawczej\">Kluczowe obszary zastosowa\u0144 obejmuj\u0105 wczesne wykrywanie patologii mikrokr\u0105\u017ceniowych i stan\u00f3w zapalnych, diagnostyk\u0119 dysfunkcji uk\u0142adu mi\u0119\u015bniowo-szkieletowego ze szczeg\u00f3lnym uwzgl\u0119dnieniem deformacji kr\u0119gos\u0142upa, a tak\u017ce obiektywizacj\u0119 procesu monitorowania skuteczno\u015bci leczenia w rehabilitacji i fizjoterapii. Grupa k\u0142adzie szczeg\u00f3lny nacisk na translacyjno\u015b\u0107 prowadzonych bada\u0144, ukierunkowuj\u0105c swoje dzia\u0142ania na wdra\u017canie opracowanych rozwi\u0105za\u0144 w praktyce klinicznej oraz ich integracj\u0119 z nowoczesnymi systemami wspomagania decyzji medycznych.<\/p>\n<p><strong>Wybrane publikacje:<\/strong><\/p>\n<ul style=\"list-style-type: square;\">\n<li>\n<div class=\"entity-row-heading-wrapper\"><span id=\"entity-row-title-524461906\"><em> Quantification and assessment of Day-To-Day interfraction set-up errors in radiotherapy treatment delivery based on EPID detector<\/em>, <\/span>Klimas Aleksandra, Janik Micha\u0142, Ba\u0142amut Karolina, Armand Cholewka [i in.], Polish Journal of Medical Physics and Engineering, 2025, vol. 31, nr 1, s.1-9. <a href=\"http:\/\/dx.doi.org\/10.2478\/pjmpe-2025-0001\" target=\"blank\" rel=\"noopener\">DOI:10.2478\/pjmpe-2025-0001 <\/a><\/div>\n<\/li>\n<li>\n<div class=\"entity-row-heading-wrapper\"><span id=\"entity-row-title-907947675\"><em> The use of thermography in assessing the viability of pedicled and free flaps used in head and neck reconstructive surgery &#8211; preliminary study<\/em>, <\/span>Trepka-Sirek Barbara, Cholewka Armand Janusz, Ba\u0142amut Karolina [i in.], Polish Journal of Medical Physics and Engineering, 2025, vol. 31, nr 1, s.73-80. <a href=\"http:\/\/dx.doi.org\/10.2478\/pjmpe-2025-0007\" target=\"blank\" rel=\"noopener\">DOI:10.2478\/pjmpe-2025-0007<\/a><\/div>\n<\/li>\n<li>\n<div class=\"entity-row-heading-wrapper\"><em><span id=\"entity-row-title-627150472\"> Registration of thermal images of dead teeth to identify odontogenic infection foci<\/span><\/em><span id=\"entity-row-title-627150472\">,<\/span><a id=\"entitiesT:24:j_id_22_1_1_8_7_3_a_2_9o_2_2_1\" class=\"link-with-chevron-icon infoLink\" href=\"https:\/\/opus.us.edu.pl\/info\/article\/USL2a617b876cab4e20a37dc5ceec7e133d?r=publication&amp;ps=20&amp;tab=&amp;title=Publikacja%2B%25E2%2580%2593%2BRegistration%2Bof%2Bthermal%2Bimages%2Bof%2Bdead%2Bteeth%2Bto%2Bidentify%2Bodontogenic%2Binfection%2Bfoci%2B%25E2%2580%2593%2BUniwersytet%2B%25C5%259Al%25C4%2585ski&amp;lang=pl\"><span id=\"entity-row-title-627150472\"> <\/span><\/a>Wzi\u0105tek-Kuczmik Daria, Mrowiec Aleksandra Ma\u0142gorzata, Niedzielska Iwona, Cholewka Armand [i in.], Scientific Reports, 2024, vol. 14, nr 1, s.1-9. <a href=\"http:\/\/dx.doi.org\/10.1038\/s41598-024-72565-y\" target=\"blank\" rel=\"noopener\">\u00a0DOI:10.1038\/s41598-024-72565-y <\/a><\/div>\n<\/li>\n<li>\n<div class=\"entity-row-heading-wrapper\"><em><span id=\"entity-row-title-644862905\"> Vitamin D Supplementation: Shedding Light on the Role of the Sunshine Vitamin in the Prevention and Management of Type 2 Diabetes and Its Complications<\/span><\/em><span id=\"entity-row-title-644862905\">, <\/span>Vasdeki Dimitra, Tsamos Georgios, Dimakakos Evangelos, Cholewka Armand [i in.], Nutrients, 2024, vol. 16, nr 21, s.1-26. <a href=\"http:\/\/dx.doi.org\/10.3390\/nu16213651\" target=\"blank\" rel=\"noopener\">DOI:10.3390\/nu16213651 <\/a><\/div>\n<\/li>\n<\/ul>\n<p>\n<\/div>\r\n                    <\/div>\r\n                <\/div><div class=\"container\"><div class=\"separator\" style=\"background-color: #002E5A\"><\/div><\/div>[\/vc_column][\/vc_row][vc_row][vc_column]            \r\n                    <div class=\"container\">\r\n                        <div class=\"gallery gallery_3\" data-images-in-row=\"3\">\r\n                            \r\n                            <div class=\"row m-0\">\r\n                                <a data-fancybox-group=\"button\" title=\"\u015al\u0105skie Seminarium Fizyki Medycznej 2025 \/ fot. T. Kasprzyk-Kucewicz\" data-fancybox=\"7330\" href=\"https:\/\/us.edu.pl\/instytut\/iib\/wp-content\/uploads\/sites\/41\/2025\/05\/208A6520.jpg\" class=\"gallery__item thumbnail\"\r\n                                    style=\"background-image: url(https:\/\/us.edu.pl\/instytut\/iib\/wp-content\/uploads\/sites\/41\/2025\/05\/208A6520-1024x683.jpg)\"> <span class=\"d-none\">https:\/\/us.edu.pl\/instytut\/iib\/wp-content\/uploads\/sites\/41\/2025\/05\/208A6520.jpg<\/span> <\/a><a data-fancybox-group=\"button\" title=\"Prof. dr hab. A. Cholewka i dr in\u017c. T. Kasprzyk-Kucewicz \/ Fot. R. Skorek\" data-fancybox=\"7330\" href=\"https:\/\/us.edu.pl\/instytut\/iib\/wp-content\/uploads\/sites\/41\/2025\/03\/DSC_8612-scaled.jpg\" class=\"gallery__item thumbnail\"\r\n                                    style=\"background-image: url(https:\/\/us.edu.pl\/instytut\/iib\/wp-content\/uploads\/sites\/41\/2025\/03\/DSC_8612-1024x683.jpg)\"> <span class=\"d-none\">https:\/\/us.edu.pl\/instytut\/iib\/wp-content\/uploads\/sites\/41\/2025\/03\/DSC_8612-scaled.jpg<\/span> <\/a><a data-fancybox-group=\"button\" title=\"\u015al\u0105ski Festiwal Nauki 2025 \/ Fot. A. Mrowiec\" data-fancybox=\"7330\" href=\"https:\/\/us.edu.pl\/instytut\/iib\/wp-content\/uploads\/sites\/41\/Bez-kategorii\/Armand.jpg\" class=\"gallery__item thumbnail\"\r\n                                    style=\"background-image: url(https:\/\/us.edu.pl\/instytut\/iib\/wp-content\/uploads\/sites\/41\/Bez-kategorii\/Armand-768x1024.jpg)\"> <span class=\"d-none\">https:\/\/us.edu.pl\/instytut\/iib\/wp-content\/uploads\/sites\/41\/Bez-kategorii\/Armand.jpg<\/span> <\/a>\r\n                            <\/div>\r\n                    <\/div>\r\n                <\/div>[\/vc_column][\/vc_row][vc_row][vc_column][vc_column_text][\/vc_column_text][\/vc_column][\/vc_row][vc_row][vc_column][vc_column_text][\/vc_column_text][\/vc_column][\/vc_row]<\/p>","protected":false},"excerpt":{"rendered":"<p>[vc_row][vc_column][vc_column_text css_animation=&#8221;slideInRight&#8221;] Grupa badawcza zastosowa\u0144 termowizji i termografii w medycynie [\/vc_column_text][\/vc_column][\/vc_row][vc_row][vc_column][vc_single_image image=&#8221;4244&#8243; img_size=&#8221;medium&#8221; alignment=&#8221;center&#8221; style=&#8221;vc_box_circle_2&#8243; css_animation=&#8221;fadeInLeft&#8221; title=&#8221;Kierownik grupy &#8211; prof. dr hab. n. med. Armand Cholewka&#8221;][\/vc_column][\/vc_row][vc_row][vc_column][\/vc_column][\/vc_row][vc_row][vc_column][vc_column_text][\/vc_column_text][\/vc_column][\/vc_row][vc_row][vc_column][vc_column_text][\/vc_column_text][\/vc_column][\/vc_row] [&#8230;]<\/p>\n<p><a class=\"btn btn-secondary understrap-read-more-link\" href=\"https:\/\/us.edu.pl\/instytut\/iib\/grupa-badawcza-zastosowan-termowizji-i-termografii-w-medycynie\/\">Read More&#8230;<\/a><\/p>\n","protected":false},"author":128,"featured_media":0,"parent":0,"menu_order":0,"comment_status":"closed","ping_status":"closed","template":"","meta":{"_expiration-date-status":"","_expiration-date":0,"_expiration-date-type":"","_expiration-date-categories":[],"_expiration-date-options":[]},"acf":[],"_links":{"self":[{"href":"https:\/\/us.edu.pl\/instytut\/iib\/wp-json\/wp\/v2\/pages\/3146"}],"collection":[{"href":"https:\/\/us.edu.pl\/instytut\/iib\/wp-json\/wp\/v2\/pages"}],"about":[{"href":"https:\/\/us.edu.pl\/instytut\/iib\/wp-json\/wp\/v2\/types\/page"}],"author":[{"embeddable":true,"href":"https:\/\/us.edu.pl\/instytut\/iib\/wp-json\/wp\/v2\/users\/128"}],"replies":[{"embeddable":true,"href":"https:\/\/us.edu.pl\/instytut\/iib\/wp-json\/wp\/v2\/comments?post=3146"}],"version-history":[{"count":10,"href":"https:\/\/us.edu.pl\/instytut\/iib\/wp-json\/wp\/v2\/pages\/3146\/revisions"}],"predecessor-version":[{"id":4856,"href":"https:\/\/us.edu.pl\/instytut\/iib\/wp-json\/wp\/v2\/pages\/3146\/revisions\/4856"}],"wp:attachment":[{"href":"https:\/\/us.edu.pl\/instytut\/iib\/wp-json\/wp\/v2\/media?parent=3146"}],"curies":[{"name":"wp","href":"https:\/\/api.w.org\/{rel}","templated":true}]}}

Grupa badawcza zastosowań termowizji i termografii w medycynie

<p>[vc_row][vc_column][vc_column_text css_animation=&#8221;slideInRight&#8221;]</p>
<h2 style="text-align: center;"><strong>Grupa badawcza zastosowań termowizji i termografii w medycynie</strong></h2>
<p>[/vc_column_text][/vc_column][/vc_row][vc_row][vc_column]<div class="container"><div class="separator" style="background-color: #002E5A"></div></div>[vc_single_image image=&#8221;4244&#8243; img_size=&#8221;medium&#8221; alignment=&#8221;center&#8221; style=&#8221;vc_box_circle_2&#8243; css_animation=&#8221;fadeInLeft&#8221; title=&#8221;Kierownik grupy &#8211; prof. dr hab. n. med. Armand Cholewka&#8221;]<div class="container"><div class="separator" style="background-color: #002E5A"></div></div>
                <div class="text-modules">
                    <div class="container">
                        
                        <div class="text-modules__content"></p>
<p class="Opisgrupybadawczej"><strong>Opis grupy:</strong></p>
<p class="Opisgrupybadawczej">Grupa badawcza specjalizuje się w interdyscyplinarnym rozwoju i zastosowaniu technologii obrazowania termicznego w medycynie i naukach biomedycznych.</p>
<p class="Opisgrupybadawczej"><strong>Cel grupy:</strong></p>
<p class="Opisgrupybadawczej">Głównym celem prowadzonych prac jest opracowywanie i doskonalenie nieinwazyjnych metod diagnostycznych, które umożliwiają obiektywną ocenę stanu fizjologicznego pacjenta oraz efektywności stosowanych terapii. Działania grupy koncentrują się na rozwoju standaryzowanych procedur akwizycji danych termograficznych, implementacji zaawansowanych algorytmów analizy obrazów – w tym metod dynamicznej termografii – oraz integracji technologii termicznego obrazowania z innymi modalnościami pomiarowymi, co pozwala na wieloaspektową i kompleksową ocenę stanu zdrowia pacjenta.</p>
<p class="Opisgrupybadawczej"><strong>Obszar działań:</strong></p>
<p class="Opisgrupybadawczej">Kluczowe obszary zastosowań obejmują wczesne wykrywanie patologii mikrokrążeniowych i stanów zapalnych, diagnostykę dysfunkcji układu mięśniowo-szkieletowego ze szczególnym uwzględnieniem deformacji kręgosłupa, a także obiektywizację procesu monitorowania skuteczności leczenia w rehabilitacji i fizjoterapii. Grupa kładzie szczególny nacisk na translacyjność prowadzonych badań, ukierunkowując swoje działania na wdrażanie opracowanych rozwiązań w praktyce klinicznej oraz ich integrację z nowoczesnymi systemami wspomagania decyzji medycznych.</p>
<p><strong>Wybrane publikacje:</strong></p>
<ul style="list-style-type: square;">
<li>
<div class="entity-row-heading-wrapper"><span id="entity-row-title-524461906"><em> Quantification and assessment of Day-To-Day interfraction set-up errors in radiotherapy treatment delivery based on EPID detector</em>, </span>Klimas Aleksandra, Janik Michał, Bałamut Karolina, Armand Cholewka [i in.], Polish Journal of Medical Physics and Engineering, 2025, vol. 31, nr 1, s.1-9. <a href="http://dx.doi.org/10.2478/pjmpe-2025-0001" target="blank" rel="noopener">DOI:10.2478/pjmpe-2025-0001 </a></div>
</li>
<li>
<div class="entity-row-heading-wrapper"><span id="entity-row-title-907947675"><em> The use of thermography in assessing the viability of pedicled and free flaps used in head and neck reconstructive surgery &#8211; preliminary study</em>, </span>Trepka-Sirek Barbara, Cholewka Armand Janusz, Bałamut Karolina [i in.], Polish Journal of Medical Physics and Engineering, 2025, vol. 31, nr 1, s.73-80. <a href="http://dx.doi.org/10.2478/pjmpe-2025-0007" target="blank" rel="noopener">DOI:10.2478/pjmpe-2025-0007</a></div>
</li>
<li>
<div class="entity-row-heading-wrapper"><em><span id="entity-row-title-627150472"> Registration of thermal images of dead teeth to identify odontogenic infection foci</span></em><span id="entity-row-title-627150472">,</span><a id="entitiesT:24:j_id_22_1_1_8_7_3_a_2_9o_2_2_1" class="link-with-chevron-icon infoLink" href="https://opus.us.edu.pl/info/article/USL2a617b876cab4e20a37dc5ceec7e133d?r=publication&amp;ps=20&amp;tab=&amp;title=Publikacja%2B%25E2%2580%2593%2BRegistration%2Bof%2Bthermal%2Bimages%2Bof%2Bdead%2Bteeth%2Bto%2Bidentify%2Bodontogenic%2Binfection%2Bfoci%2B%25E2%2580%2593%2BUniwersytet%2B%25C5%259Al%25C4%2585ski&amp;lang=pl"><span id="entity-row-title-627150472"> </span></a>Wziątek-Kuczmik Daria, Mrowiec Aleksandra Małgorzata, Niedzielska Iwona, Cholewka Armand [i in.], Scientific Reports, 2024, vol. 14, nr 1, s.1-9. <a href="http://dx.doi.org/10.1038/s41598-024-72565-y" target="blank" rel="noopener"> DOI:10.1038/s41598-024-72565-y </a></div>
</li>
<li>
<div class="entity-row-heading-wrapper"><em><span id="entity-row-title-644862905"> Vitamin D Supplementation: Shedding Light on the Role of the Sunshine Vitamin in the Prevention and Management of Type 2 Diabetes and Its Complications</span></em><span id="entity-row-title-644862905">, </span>Vasdeki Dimitra, Tsamos Georgios, Dimakakos Evangelos, Cholewka Armand [i in.], Nutrients, 2024, vol. 16, nr 21, s.1-26. <a href="http://dx.doi.org/10.3390/nu16213651" target="blank" rel="noopener">DOI:10.3390/nu16213651 </a></div>
</li>
</ul>
<p>
</div>
                    </div>
                </div><div class="container"><div class="separator" style="background-color: #002E5A"></div></div>[/vc_column][/vc_row][vc_row][vc_column]            
                    <div class="container">
                        <div class="gallery gallery_3" data-images-in-row="3">
                            
                            <div class="row m-0">
                                <a data-fancybox-group="button" title="Śląskie Seminarium Fizyki Medycznej 2025 / fot. T. Kasprzyk-Kucewicz" data-fancybox="7330" href="https://us.edu.pl/instytut/iib/wp-content/uploads/sites/41/2025/05/208A6520.jpg" class="gallery__item thumbnail"
                                    style="background-image: url(https://us.edu.pl/instytut/iib/wp-content/uploads/sites/41/2025/05/208A6520-1024x683.jpg)"> <span class="d-none">https://us.edu.pl/instytut/iib/wp-content/uploads/sites/41/2025/05/208A6520.jpg</span> </a><a data-fancybox-group="button" title="Prof. dr hab. A. Cholewka i dr inż. T. Kasprzyk-Kucewicz / Fot. R. Skorek" data-fancybox="7330" href="https://us.edu.pl/instytut/iib/wp-content/uploads/sites/41/2025/03/DSC_8612-scaled.jpg" class="gallery__item thumbnail"
                                    style="background-image: url(https://us.edu.pl/instytut/iib/wp-content/uploads/sites/41/2025/03/DSC_8612-1024x683.jpg)"> <span class="d-none">https://us.edu.pl/instytut/iib/wp-content/uploads/sites/41/2025/03/DSC_8612-scaled.jpg</span> </a><a data-fancybox-group="button" title="Śląski Festiwal Nauki 2025 / Fot. A. Mrowiec" data-fancybox="7330" href="https://us.edu.pl/instytut/iib/wp-content/uploads/sites/41/Bez-kategorii/Armand.jpg" class="gallery__item thumbnail"
                                    style="background-image: url(https://us.edu.pl/instytut/iib/wp-content/uploads/sites/41/Bez-kategorii/Armand-768x1024.jpg)"> <span class="d-none">https://us.edu.pl/instytut/iib/wp-content/uploads/sites/41/Bez-kategorii/Armand.jpg</span> </a>
                            </div>
                    </div>
                </div>[/vc_column][/vc_row][vc_row][vc_column][vc_column_text][/vc_column_text][/vc_column][/vc_row][vc_row][vc_column][vc_column_text][/vc_column_text][/vc_column][/vc_row]</p>

<p>[vc_row][vc_column][vc_column_text css_animation=&#8221;slideInRight&#8221;] Grupa badawcza zastosowań termowizji i termografii w medycynie [/vc_column_text][/vc_column][/vc_row][vc_row][vc_column][vc_single_image image=&#8221;4244&#8243; img_size=&#8221;medium&#8221; alignment=&#8221;center&#8221; style=&#8221;vc_box_circle_2&#8243; css_animation=&#8221;fadeInLeft&#8221; title=&#8221;Kierownik grupy &#8211; prof. dr hab. n. med. Armand Cholewka&#8221;][/vc_column][/vc_row][vc_row][vc_column][/vc_column][/vc_row][vc_row][vc_column][vc_column_text][/vc_column_text][/vc_column][/vc_row][vc_row][vc_column][vc_column_text][/vc_column_text][/vc_column][/vc_row] [&#8230;]</p>
<p><a class="btn btn-secondary understrap-read-more-link" href="https://us.edu.pl/instytut/iib/grupa-badawcza-zastosowan-termowizji-i-termografii-w-medycynie/">Read More&#8230;</a></p>
