{"id":3256,"date":"2025-01-16T13:42:04","date_gmt":"2025-01-16T12:42:04","guid":{"rendered":"https:\/\/us.edu.pl\/instytut\/iib\/?page_id=3256"},"modified":"2025-08-06T12:45:02","modified_gmt":"2025-08-06T10:45:02","slug":"grupa-badawcza-analizy-i-przetwarzania-obrazow-medycznych","status":"publish","type":"page","link":"https:\/\/us.edu.pl\/instytut\/iib\/grupa-badawcza-analizy-i-przetwarzania-obrazow-medycznych\/","title":{"rendered":"Grupa badawcza analizy i przetwarzania obraz\u00f3w medycznych"},"content":{"rendered":"<p>[vc_row][vc_column][vc_column_text css_animation=&#8221;slideInRight&#8221;]<\/p>\n<h2 style=\"text-align: center;\"><strong>Grupa badawcza analizy i przetwarzania obraz\u00f3w medycznych<\/strong><\/h2>\n<p>[\/vc_column_text][\/vc_column][\/vc_row][vc_row][vc_column]<div class=\"container\"><div class=\"separator\" style=\"background-color: #002E5A\"><\/div><\/div>[vc_single_image image=&#8221;1553&#8243; img_size=&#8221;medium&#8221; alignment=&#8221;center&#8221; style=&#8221;vc_box_circle_2&#8243; css_animation=&#8221;fadeInLeft&#8221; title=&#8221;Kierownik grupy &#8211; prof. dr hab. in\u017c. Robert Koprowski&#8221;]<div class=\"container\"><div class=\"separator\" style=\"background-color: #002E5A\"><\/div><\/div>[vc_column_text][\/vc_column_text]\r\n                <div class=\"text-modules\">\r\n                    <div class=\"container\">\r\n                        \r\n                        <div class=\"text-modules__content\"><p><strong>Opis grupy:<\/strong><\/p>\n<p>Grupa specjalizuje si\u0119 w rozwoju i aplikacji zaawansowanych algorytm\u00f3w komputerowej analizy i przetwarzania obraz\u00f3w medycznych, wspieraj\u0105cych procesy diagnostyczne i terapeutyczne.<\/p>\n<p><strong>Cel grupy i obszar dzia\u0142a\u0144:<\/strong><\/p>\n<p class=\"Opisgrupybadawczej\">Dzia\u0142alno\u015b\u0107 badawcza koncentruje si\u0119 na automatyzacji interpretacji danych obrazowych pochodz\u0105cych z r\u00f3\u017cnych modalno\u015bci, w tym tomografii optycznej (np. OCT) oraz innych technik obrazowania. Kluczowe obszary zastosowa\u0144 obejmuj\u0105 okulistyk\u0119, gdzie rozwijane s\u0105 metody do analizy struktur oka, tworzenia modeli prognostycznych chor\u00f3b narz\u0105du wzroku oraz monitorowania skuteczno\u015bci leczenia. Prace grupy maj\u0105 na celu dostarczanie innowacyjnych narz\u0119dzi wspomagaj\u0105cych specjalist\u00f3w medycznych w podejmowaniu decyzji klinicznych.<\/p>\n<p><strong>Wybrane publikacje:<\/strong><\/p>\n<ul style=\"list-style-type: square;\">\n<li>\n<div class=\"entity-row-heading-wrapper\"><em><span id=\"entity-row-title-1379792271\"> An Assessment of the Efficacy of Erbium Glass Laser Therapy in Acne Scar Treatment Using Image Analysis and Processing Methods<\/span><\/em><span id=\"entity-row-title-1379792271\">, <\/span>Odrzywo\u0142ek Wiktoria, Deda Anna, Kuca Dagmara, Koprowski Robert [i in.], Applied Sciences-Basel, 2025, vol. 15, nr 7, s.1-14, Numer artyku\u0142u:3954. <a href=\"http:\/\/dx.doi.org\/10.3390\/app15073954\" target=\"blank\" rel=\"noopener\">DOI:10.3390\/app15073954 <\/a><\/div>\n<\/li>\n<li>\n<div class=\"entity-row-heading-wrapper\"><em><span id=\"entity-row-title-1752006170\"> Factors influencing the estimation of phacoemulsification procedure time in cataract surgery: analysis using neural networks<\/span><\/em><span id=\"entity-row-title-1752006170\">, <\/span>J\u0119dzierowska Magdalena, Koprowski Robert, Lanza Michele [i in.], Computer Methods and Programs in Biomedicine, 2025, vol. 266, s.1-10, Numer artyku\u0142u:108770.<a href=\"http:\/\/dx.doi.org\/10.1016\/j.cmpb.2025.108770\" target=\"blank\" rel=\"noopener\">\u00a0DOI:10.1016\/j.cmpb.2025.108770 <\/a><\/div>\n<\/li>\n<li>\n<div class=\"entity-row-heading-wrapper\"><em><span id=\"entity-row-title-1239729112\"> Hemoglobin Concentration as an Indicator of Skin Radiation Damage During Radiation Therapy Treatments<\/span><\/em><span id=\"entity-row-title-1239729112\">, <\/span>Kondzio\u0142ka Joanna, Michalecki \u0141ukasz, Hajek Joanna, Koprowski Robert [i in.], International Journal of Radiation Oncology Biology Physics, 2024, vol. 120, nr 4, s.1076-1083.<a href=\"http:\/\/dx.doi.org\/10.1016\/j.ijrobp.2024.05.027\" target=\"blank\" rel=\"noopener\">\u00a0DOI:10.1016\/j.ijrobp.2024.05.027 <\/a><\/div>\n<\/li>\n<\/ul>\n<p>\n<\/div>\r\n                    <\/div>\r\n                <\/div><div class=\"container\"><div class=\"separator\" style=\"background-color: #002E5A\"><\/div><\/div>[\/vc_column][\/vc_row][vc_row][vc_column][vc_column_text]<\/p>","protected":false},"excerpt":{"rendered":"<p>[vc_row][vc_column][vc_column_text css_animation=&#8221;slideInRight&#8221;] Grupa badawcza analizy i przetwarzania obraz\u00f3w medycznych [\/vc_column_text][\/vc_column][\/vc_row][vc_row][vc_column][vc_single_image image=&#8221;1553&#8243; img_size=&#8221;medium&#8221; alignment=&#8221;center&#8221; style=&#8221;vc_box_circle_2&#8243; css_animation=&#8221;fadeInLeft&#8221; title=&#8221;Kierownik grupy &#8211; prof. dr hab. in\u017c. Robert Koprowski&#8221;][vc_column_text][\/vc_column_text][\/vc_column][\/vc_row][vc_row][vc_column][vc_column_text] [&#8230;]<\/p>\n<p><a class=\"btn btn-secondary understrap-read-more-link\" href=\"https:\/\/us.edu.pl\/instytut\/iib\/grupa-badawcza-analizy-i-przetwarzania-obrazow-medycznych\/\">Read More&#8230;<\/a><\/p>\n","protected":false},"author":128,"featured_media":0,"parent":0,"menu_order":0,"comment_status":"closed","ping_status":"closed","template":"","meta":{"_expiration-date-status":"","_expiration-date":0,"_expiration-date-type":"","_expiration-date-categories":[],"_expiration-date-options":[]},"acf":[],"_links":{"self":[{"href":"https:\/\/us.edu.pl\/instytut\/iib\/wp-json\/wp\/v2\/pages\/3256"}],"collection":[{"href":"https:\/\/us.edu.pl\/instytut\/iib\/wp-json\/wp\/v2\/pages"}],"about":[{"href":"https:\/\/us.edu.pl\/instytut\/iib\/wp-json\/wp\/v2\/types\/page"}],"author":[{"embeddable":true,"href":"https:\/\/us.edu.pl\/instytut\/iib\/wp-json\/wp\/v2\/users\/128"}],"replies":[{"embeddable":true,"href":"https:\/\/us.edu.pl\/instytut\/iib\/wp-json\/wp\/v2\/comments?post=3256"}],"version-history":[{"count":10,"href":"https:\/\/us.edu.pl\/instytut\/iib\/wp-json\/wp\/v2\/pages\/3256\/revisions"}],"predecessor-version":[{"id":3382,"href":"https:\/\/us.edu.pl\/instytut\/iib\/wp-json\/wp\/v2\/pages\/3256\/revisions\/3382"}],"wp:attachment":[{"href":"https:\/\/us.edu.pl\/instytut\/iib\/wp-json\/wp\/v2\/media?parent=3256"}],"curies":[{"name":"wp","href":"https:\/\/api.w.org\/{rel}","templated":true}]}}