{"id":3304,"date":"2025-01-27T09:48:09","date_gmt":"2025-01-27T08:48:09","guid":{"rendered":"https:\/\/us.edu.pl\/instytut\/iib\/?page_id=3304"},"modified":"2025-10-17T08:26:24","modified_gmt":"2025-10-17T06:26:24","slug":"grupa-badawcza-zastosowan-mikrotomografii-komputerowej-w-medycynie-i-farmacji","status":"publish","type":"page","link":"https:\/\/us.edu.pl\/instytut\/iib\/grupa-badawcza-zastosowan-mikrotomografii-komputerowej-w-medycynie-i-farmacji\/","title":{"rendered":"Grupa badawcza zastosowa\u0144 mikrotomografii komputerowej w medycynie i farmacji"},"content":{"rendered":"<p>[vc_row][vc_column][vc_column_text][\/vc_column_text][\/vc_column][\/vc_row][vc_row][vc_column][vc_column_text css_animation=&#8221;slideInRight&#8221;]<\/p>\n<h2 style=\"text-align: center;\"><strong>Grupa badawcza zastosowa\u0144 mikrotomografii komputerowej w medycynie i farmacji<\/strong><\/h2>\n<p>[\/vc_column_text][\/vc_column][\/vc_row][vc_row][vc_column]<div class=\"container\"><div class=\"separator\" style=\"background-color: #002E5A\"><\/div><\/div>[vc_single_image image=&#8221;1468&#8243; img_size=&#8221;medium&#8221; alignment=&#8221;center&#8221; style=&#8221;vc_box_circle_2&#8243; css_animation=&#8221;fadeInLeft&#8221; title=&#8221;Kierownik grupy &#8211; dr in\u017c. Piotr Duda, prof. U\u015a&#8221;]<div class=\"container\"><div class=\"separator\" style=\"background-color: #002E5A\"><\/div><\/div>[\/vc_column][\/vc_row][vc_row][vc_column]\r\n                <div class=\"text-modules\">\r\n                    <div class=\"container\">\r\n                        \r\n                        <div class=\"text-modules__content\"><p><strong>Opis grupy:<\/strong><\/p>\n<p class=\"Opisgrupybadawczej\">Grupa specjalizuje si\u0119 w zaawansowanych, nieniszcz\u0105cych badaniach strukturalnych materia\u0142\u00f3w z wykorzystaniem wysokorozdzielczej mikrotomografii rentgenowskiej (mikro<sub>&#8211;<\/sub>CT).<\/p>\n<p class=\"Opisgrupybadawczej\"><strong>Cel grupy i obszar dzia\u0142ania:<\/strong><\/p>\n<p class=\"Opisgrupybadawczej\">G\u0142\u00f3wne obszary dzia\u0142alno\u015bci obejmuj\u0105 analiz\u0119 materia\u0142\u00f3w farmaceutycznych i stomatologicznych, w tym ocen\u0119 homogeniczno\u015bci produkt\u00f3w, rozk\u0142adu substancji, porowato\u015bci oraz charakterystyk\u0119 mikrostrukturaln\u0105. Prowadzone s\u0105 r\u00f3wnie\u017c badania nad nowymi metodami preparatyki i analizy pr\u00f3bek, w tym z wykorzystaniem technik modyfikacji powierzchni. Kompetencje grupy w zakresie tr\u00f3jwymiarowego obrazowania i analizy danych znajduj\u0105 tak\u017ce zastosowanie w badaniach materia\u0142\u00f3w biologicznych i paleontologicznych, przyczyniaj\u0105c si\u0119 do rozwoju metodologii wizualizacji i segmentacji z\u0142o\u017conych struktur.<\/p>\n<p><strong>Wybrane publikacje:<\/strong><\/p>\n<ul style=\"list-style-type: square;\">\n<li>\n<div class=\"entity-row-heading-wrapper\">\n<div class=\"select-row-checkbox-wrapper\"><em><span id=\"entity-row-title-911734483\">Evaluation of the Safety and Regenerative Potential of Human Mesenchymal Stem Cells and Their Extracellular Vesicles in a Transgenic Pig Model of Cartilage-Bone Injury In Vivo &#8211; Preclinical Study<\/span><\/em><span id=\"entity-row-title-911734483\">, <\/span>\u0141ab\u0119d\u017a-Mas\u0142owska Anna, Wieczorek Jaros\u0142aw, Mierzwi\u0144ski Maciej, Duda Piotr [i in.], Stem Cell Reviews and Reports, 2025, vol. 21, nr 4, s.1075-1095. <a href=\"http:\/\/dx.doi.org\/10.1007\/s12015-025-10853-4\" target=\"blank\" rel=\"noopener\">\u00a0DOI:10.1007\/s12015-025-10853-4 <\/a><\/div>\n<\/div>\n<\/li>\n<li>\n<div class=\"entity-row-heading-wrapper\"><em> <span id=\"entity-row-title-1834522291\"> A comprehensive study on the degradation process of medical-grade polydioxanone at low pH<\/span><\/em><span id=\"entity-row-title-1834522291\">, <\/span>Dodzi Lelkes Krisztina, Jezbera Daniel, Svoboda Roman, Duda Piotr [i in.], Polymer Testing, 2024, vol. 138, s.1-20, Numer artyku\u0142u:108536. <a href=\"http:\/\/dx.doi.org\/10.1016\/j.polymertesting.2024.108536\" target=\"blank\" rel=\"noopener\"> DOI:10.1016\/j.polymertesting.2024.108536 <\/a><\/div>\n<\/li>\n<li>\n<div class=\"entity-row-heading-wrapper\">\n<div class=\"select-row-checkbox-wrapper\"><span id=\"entity-row-title-519784123\"><em>The influence of burrow-generated pseudobreccia on the preservation of fossil concentrations<\/em>, <\/span>Machalski Marcin, Duda Piotr Jan, Scientific Reports, 2024, vol. 14, nr 1, s.1-11, Numer artyku\u0142u:18893. <a href=\"http:\/\/dx.doi.org\/10.1038\/s41598-024-69846-x\" target=\"blank\" rel=\"noopener\"> DOI:10.1038\/s41598-024-69846-x <\/a><\/div>\n<\/div>\n<\/li>\n<\/ul>\n<p>&nbsp;<\/p>\n<p>&nbsp;<\/p>\n<p>\n<\/div>\r\n                    <\/div>\r\n                <\/div><div class=\"container\"><div class=\"separator\" style=\"background-color: #002E5A\"><\/div><\/div>[\/vc_column][\/vc_row][vc_row][vc_column]            \r\n                    <div class=\"container\">\r\n                        <div class=\"gallery gallery_2\" data-images-in-row=\"2\">\r\n                            \r\n                            <div class=\"row m-0\">\r\n                                <a data-fancybox-group=\"button\" title=\"fot. dr in\u017c. P. Duda\" data-fancybox=\"401\" href=\"https:\/\/us.edu.pl\/instytut\/iib\/wp-content\/uploads\/sites\/41\/Bez-kategorii\/Zdjecie_EBI-scaled.jpg\" class=\"gallery__item thumbnail\"\r\n                                    style=\"background-image: url(https:\/\/us.edu.pl\/instytut\/iib\/wp-content\/uploads\/sites\/41\/Bez-kategorii\/Zdjecie_EBI-1024x831.jpg)\"> <span class=\"d-none\">https:\/\/us.edu.pl\/instytut\/iib\/wp-content\/uploads\/sites\/41\/Bez-kategorii\/Zdjecie_EBI-scaled.jpg<\/span> <\/a><a data-fancybox-group=\"button\" title=\"dr in\u017c. P. Duda\" data-fancybox=\"401\" href=\"https:\/\/us.edu.pl\/instytut\/iib\/wp-content\/uploads\/sites\/41\/Nieprzypisane\/P.-Duda.jpg\" class=\"gallery__item thumbnail\"\r\n                                    style=\"background-image: url(https:\/\/us.edu.pl\/instytut\/iib\/wp-content\/uploads\/sites\/41\/Nieprzypisane\/P.-Duda.jpg)\"> <span class=\"d-none\">https:\/\/us.edu.pl\/instytut\/iib\/wp-content\/uploads\/sites\/41\/Nieprzypisane\/P.-Duda.jpg<\/span> <\/a>\r\n                            <\/div>\r\n                    <\/div>\r\n                <\/div>[\/vc_column][\/vc_row][vc_row][vc_column][vc_column_text][\/vc_column_text][\/vc_column][\/vc_row][vc_row][vc_column][vc_column_text][\/vc_column_text][\/vc_column][\/vc_row][vc_row][vc_column][vc_column_text]<\/p>","protected":false},"excerpt":{"rendered":"<p>[vc_row][vc_column][vc_column_text][\/vc_column_text][\/vc_column][\/vc_row][vc_row][vc_column][vc_column_text css_animation=&#8221;slideInRight&#8221;] Grupa badawcza zastosowa\u0144 mikrotomografii komputerowej w medycynie i farmacji [\/vc_column_text][\/vc_column][\/vc_row][vc_row][vc_column][vc_single_image image=&#8221;1468&#8243; img_size=&#8221;medium&#8221; alignment=&#8221;center&#8221; style=&#8221;vc_box_circle_2&#8243; css_animation=&#8221;fadeInLeft&#8221; title=&#8221;Kierownik grupy &#8211; dr in\u017c. Piotr Duda, prof. U\u015a&#8221;][\/vc_column][\/vc_row][vc_row][vc_column][\/vc_column][\/vc_row][vc_row][vc_column][\/vc_column][\/vc_row][vc_row][vc_column][vc_column_text][\/vc_column_text][\/vc_column][\/vc_row][vc_row][vc_column][vc_column_text][\/vc_column_text][\/vc_column][\/vc_row][vc_row][vc_column][vc_column_text] [&#8230;]<\/p>\n<p><a class=\"btn btn-secondary understrap-read-more-link\" href=\"https:\/\/us.edu.pl\/instytut\/iib\/grupa-badawcza-zastosowan-mikrotomografii-komputerowej-w-medycynie-i-farmacji\/\">Read More&#8230;<\/a><\/p>\n","protected":false},"author":128,"featured_media":0,"parent":0,"menu_order":0,"comment_status":"closed","ping_status":"closed","template":"","meta":{"_expiration-date-status":"","_expiration-date":0,"_expiration-date-type":"","_expiration-date-categories":[],"_expiration-date-options":[]},"acf":[],"_links":{"self":[{"href":"https:\/\/us.edu.pl\/instytut\/iib\/wp-json\/wp\/v2\/pages\/3304"}],"collection":[{"href":"https:\/\/us.edu.pl\/instytut\/iib\/wp-json\/wp\/v2\/pages"}],"about":[{"href":"https:\/\/us.edu.pl\/instytut\/iib\/wp-json\/wp\/v2\/types\/page"}],"author":[{"embeddable":true,"href":"https:\/\/us.edu.pl\/instytut\/iib\/wp-json\/wp\/v2\/users\/128"}],"replies":[{"embeddable":true,"href":"https:\/\/us.edu.pl\/instytut\/iib\/wp-json\/wp\/v2\/comments?post=3304"}],"version-history":[{"count":9,"href":"https:\/\/us.edu.pl\/instytut\/iib\/wp-json\/wp\/v2\/pages\/3304\/revisions"}],"predecessor-version":[{"id":4391,"href":"https:\/\/us.edu.pl\/instytut\/iib\/wp-json\/wp\/v2\/pages\/3304\/revisions\/4391"}],"wp:attachment":[{"href":"https:\/\/us.edu.pl\/instytut\/iib\/wp-json\/wp\/v2\/media?parent=3304"}],"curies":[{"name":"wp","href":"https:\/\/api.w.org\/{rel}","templated":true}]}}

Grupa badawcza zastosowań mikrotomografii komputerowej w medycynie i farmacji

<p>[vc_row][vc_column][vc_column_text][/vc_column_text][/vc_column][/vc_row][vc_row][vc_column][vc_column_text css_animation=&#8221;slideInRight&#8221;]</p>
<h2 style="text-align: center;"><strong>Grupa badawcza zastosowań mikrotomografii komputerowej w medycynie i farmacji</strong></h2>
<p>[/vc_column_text][/vc_column][/vc_row][vc_row][vc_column]<div class="container"><div class="separator" style="background-color: #002E5A"></div></div>[vc_single_image image=&#8221;1468&#8243; img_size=&#8221;medium&#8221; alignment=&#8221;center&#8221; style=&#8221;vc_box_circle_2&#8243; css_animation=&#8221;fadeInLeft&#8221; title=&#8221;Kierownik grupy &#8211; dr inż. Piotr Duda, prof. UŚ&#8221;]<div class="container"><div class="separator" style="background-color: #002E5A"></div></div>[/vc_column][/vc_row][vc_row][vc_column]
                <div class="text-modules">
                    <div class="container">
                        
                        <div class="text-modules__content"><p><strong>Opis grupy:</strong></p>
<p class="Opisgrupybadawczej">Grupa specjalizuje się w zaawansowanych, nieniszczących badaniach strukturalnych materiałów z wykorzystaniem wysokorozdzielczej mikrotomografii rentgenowskiej (mikro<sub>&#8211;</sub>CT).</p>
<p class="Opisgrupybadawczej"><strong>Cel grupy i obszar działania:</strong></p>
<p class="Opisgrupybadawczej">Główne obszary działalności obejmują analizę materiałów farmaceutycznych i stomatologicznych, w tym ocenę homogeniczności produktów, rozkładu substancji, porowatości oraz charakterystykę mikrostrukturalną. Prowadzone są również badania nad nowymi metodami preparatyki i analizy próbek, w tym z wykorzystaniem technik modyfikacji powierzchni. Kompetencje grupy w zakresie trójwymiarowego obrazowania i analizy danych znajdują także zastosowanie w badaniach materiałów biologicznych i paleontologicznych, przyczyniając się do rozwoju metodologii wizualizacji i segmentacji złożonych struktur.</p>
<p><strong>Wybrane publikacje:</strong></p>
<ul style="list-style-type: square;">
<li>
<div class="entity-row-heading-wrapper">
<div class="select-row-checkbox-wrapper"><em><span id="entity-row-title-911734483">Evaluation of the Safety and Regenerative Potential of Human Mesenchymal Stem Cells and Their Extracellular Vesicles in a Transgenic Pig Model of Cartilage-Bone Injury In Vivo &#8211; Preclinical Study</span></em><span id="entity-row-title-911734483">, </span>Łabędź-Masłowska Anna, Wieczorek Jarosław, Mierzwiński Maciej, Duda Piotr [i in.], Stem Cell Reviews and Reports, 2025, vol. 21, nr 4, s.1075-1095. <a href="http://dx.doi.org/10.1007/s12015-025-10853-4" target="blank" rel="noopener"> DOI:10.1007/s12015-025-10853-4 </a></div>
</div>
</li>
<li>
<div class="entity-row-heading-wrapper"><em> <span id="entity-row-title-1834522291"> A comprehensive study on the degradation process of medical-grade polydioxanone at low pH</span></em><span id="entity-row-title-1834522291">, </span>Dodzi Lelkes Krisztina, Jezbera Daniel, Svoboda Roman, Duda Piotr [i in.], Polymer Testing, 2024, vol. 138, s.1-20, Numer artykułu:108536. <a href="http://dx.doi.org/10.1016/j.polymertesting.2024.108536" target="blank" rel="noopener"> DOI:10.1016/j.polymertesting.2024.108536 </a></div>
</li>
<li>
<div class="entity-row-heading-wrapper">
<div class="select-row-checkbox-wrapper"><span id="entity-row-title-519784123"><em>The influence of burrow-generated pseudobreccia on the preservation of fossil concentrations</em>, </span>Machalski Marcin, Duda Piotr Jan, Scientific Reports, 2024, vol. 14, nr 1, s.1-11, Numer artykułu:18893. <a href="http://dx.doi.org/10.1038/s41598-024-69846-x" target="blank" rel="noopener"> DOI:10.1038/s41598-024-69846-x </a></div>
</div>
</li>
</ul>
<p>&nbsp;</p>
<p>&nbsp;</p>
<p>
</div>
                    </div>
                </div><div class="container"><div class="separator" style="background-color: #002E5A"></div></div>[/vc_column][/vc_row][vc_row][vc_column]            
                    <div class="container">
                        <div class="gallery gallery_2" data-images-in-row="2">
                            
                            <div class="row m-0">
                                <a data-fancybox-group="button" title="fot. dr inż. P. Duda" data-fancybox="401" href="https://us.edu.pl/instytut/iib/wp-content/uploads/sites/41/Bez-kategorii/Zdjecie_EBI-scaled.jpg" class="gallery__item thumbnail"
                                    style="background-image: url(https://us.edu.pl/instytut/iib/wp-content/uploads/sites/41/Bez-kategorii/Zdjecie_EBI-1024x831.jpg)"> <span class="d-none">https://us.edu.pl/instytut/iib/wp-content/uploads/sites/41/Bez-kategorii/Zdjecie_EBI-scaled.jpg</span> </a><a data-fancybox-group="button" title="dr inż. P. Duda" data-fancybox="401" href="https://us.edu.pl/instytut/iib/wp-content/uploads/sites/41/Nieprzypisane/P.-Duda.jpg" class="gallery__item thumbnail"
                                    style="background-image: url(https://us.edu.pl/instytut/iib/wp-content/uploads/sites/41/Nieprzypisane/P.-Duda.jpg)"> <span class="d-none">https://us.edu.pl/instytut/iib/wp-content/uploads/sites/41/Nieprzypisane/P.-Duda.jpg</span> </a>
                            </div>
                    </div>
                </div>[/vc_column][/vc_row][vc_row][vc_column][vc_column_text][/vc_column_text][/vc_column][/vc_row][vc_row][vc_column][vc_column_text][/vc_column_text][/vc_column][/vc_row][vc_row][vc_column][vc_column_text]</p>

<p>[vc_row][vc_column][vc_column_text][/vc_column_text][/vc_column][/vc_row][vc_row][vc_column][vc_column_text css_animation=&#8221;slideInRight&#8221;] Grupa badawcza zastosowań mikrotomografii komputerowej w medycynie i farmacji [/vc_column_text][/vc_column][/vc_row][vc_row][vc_column][vc_single_image image=&#8221;1468&#8243; img_size=&#8221;medium&#8221; alignment=&#8221;center&#8221; style=&#8221;vc_box_circle_2&#8243; css_animation=&#8221;fadeInLeft&#8221; title=&#8221;Kierownik grupy &#8211; dr inż. Piotr Duda, prof. UŚ&#8221;][/vc_column][/vc_row][vc_row][vc_column][/vc_column][/vc_row][vc_row][vc_column][/vc_column][/vc_row][vc_row][vc_column][vc_column_text][/vc_column_text][/vc_column][/vc_row][vc_row][vc_column][vc_column_text][/vc_column_text][/vc_column][/vc_row][vc_row][vc_column][vc_column_text] [&#8230;]</p>
<p><a class="btn btn-secondary understrap-read-more-link" href="https://us.edu.pl/instytut/iib/grupa-badawcza-zastosowan-mikrotomografii-komputerowej-w-medycynie-i-farmacji/">Read More&#8230;</a></p>
