{"id":3880,"date":"2025-05-22T09:12:07","date_gmt":"2025-05-22T07:12:07","guid":{"rendered":"https:\/\/us.edu.pl\/instytut\/iib\/?page_id=3880"},"modified":"2025-05-26T12:56:27","modified_gmt":"2025-05-26T10:56:27","slug":"mgr-inz-a-mrowiec-wystapienie","status":"publish","type":"page","link":"https:\/\/us.edu.pl\/instytut\/iib\/mgr-inz-a-mrowiec-wystapienie\/","title":{"rendered":"mgr in\u017c. A. Mrowiec-wyst\u0105pienie"},"content":{"rendered":"<p>[vc_row][vc_column][vc_column_text][\/vc_column_text][\/vc_column][\/vc_row][vc_row][vc_column]\r\n                <div class=\"text-modules \">\r\n                    <div class=\"container\">\r\n                         \r\n                        <div class=\"row m-0\">\r\n                            <div class=\"text-modules__content\">\r\n                                <em><strong>Wykorzystanie obrazowania termicznego w diagnostyce skrzywie\u0144 kr\u0119gos\u0142upa u dzieci i nastolatk\u00f3w<\/strong><\/em><\/p>\n<p>Aleksandra Mrowiec<sup>1<\/sup>, Agnieszka Szurko<sup>1<\/sup>, Agnieszka Kie\u0142bon<sup>1<\/sup>, Agata Stanek<sup>2<\/sup>, Anna Brz\u0119k<sup>2<\/sup>, Armand Cholewka<sup>1<\/sup><\/p>\n<p><sup>1<\/sup>Wydzia\u0142 Nauk \u015acis\u0142ych i Technicznych, Instytut In\u017cynierii Biomedycznej, Uniwersytet \u015al\u0105ski w Katowicach, ul. Bankowa 12, 40-007 Katowice<\/p>\n<p><sup>2<\/sup>Klinika Chor\u00f3b Wewn\u0119trznych, Metabolicznych i Angiologii Katedry Chor\u00f3b Wewn\u0119trznych Wydzia\u0142 Nauk o Zdrowiu w Katowicach, \u015al\u0105ski Uniwersytet Medyczny w Katowicach, ul. Zio\u0142owa 45\/47, 40-635 Katowice-Ochojec<\/p>\n<p><sup>3<\/sup>Zak\u0142ad Fizjoterapii, Wydzia\u0142 Nauk o Zdrowiu, \u015al\u0105ski Uniwersytet Medyczny w Katowicach, ul. Poniatowskiego 15, 40-055 Katowice, Polska<\/p>\n<p>Pomimo rozwoju technologii diagnostycznych, nieinwazyjne metody wykrywania skrzywie\u0144 kr\u0119gos\u0142upa wci\u0105\u017c nie s\u0105 szeroko stosowane. Standardowe badania, takie jak RTG, nios\u0105 ryzyko dla zdrowia, a brakuje skutecznych, szybkich i bezpiecznych metod przesiewowych. Wczesne wykrycie skrzywie\u0144 u dzieci i m\u0142odzie\u017cy mo\u017ce zapobiec ich pog\u0142\u0119bianiu si\u0119, dlatego poszukiwanie alternatywnych rozwi\u0105za\u0144 diagnostycznych jest istotne.<\/p>\n<p>Jednym z pierwszych objaw\u00f3w deformacji kr\u0119gos\u0142upa jest asymetria gradientu temperatury wzd\u0142u\u017c jego przebiegu, wynikaj\u0105ca z napi\u0119cia mi\u0119\u015bniowego. Termografia mo\u017ce wykrywa\u0107 te r\u00f3\u017cnice, a zastosowanie kontrolowanego ch\u0142odzenia cia\u0142a przed badaniem mo\u017ce dodatkowo zwi\u0119kszy\u0107 jego skuteczno\u015b\u0107 diagnostyczn\u0105.<\/p>\n<p>Badanie przeprowadzono w Instytucie In\u017cynierii Biomedycznej Uniwersytetu \u015al\u0105skiego w Katowicach na grupie dzieci i m\u0142odzie\u017cy w okresie dojrzewania. Termografi\u0119 wykonano przed i po kr\u00f3tkim sch\u0142odzeniu cia\u0142a nawiewem o temperaturze 0\u00b0C. Wyniki wykaza\u0142y, \u017ce stopie\u0144 skrzywienia kr\u0119gos\u0142upa koreluje z nier\u00f3wnowag\u0105 termiczn\u0105, a wst\u0119pne ch\u0142odzenie zwi\u0119ksza czu\u0142o\u015b\u0107 diagnostyczn\u0105 metody.<\/p>\n<p>Uzyskane dane sugeruj\u0105, \u017ce termografia dynamiczna mo\u017ce by\u0107 warto\u015bciow\u0105, nieinwazyjn\u0105 metod\u0105 przesiewow\u0105 do wykrywania bocznych skrzywie\u0144 kr\u0119gos\u0142upa u dzieci i m\u0142odzie\u017cy, co mo\u017ce mie\u0107 znaczenie w profilaktyce wad postawy oraz opracowywaniu nowych strategii diagnostycznych.<\/p>\n<p>S\u0142owa kluczowe: Diagnostyka termowizyjna w medycynie, skolioza, obrazowanie termiczne, wst\u0119pne sch\u0142odzenie cia\u0142a<\/p>\n<div class=\"mt-3\"><\/div>\r\n                            <\/div>\r\n                            \r\n                            \r\n                        <\/div>\r\n                    <\/div>\r\n                <\/div>[\/vc_column][\/vc_row][vc_row][vc_column]            \r\n                \r\n                <div class=\"container\">\r\n                     <div class=\"gallery-big \">\r\n                        \r\n                        <div class=\"row m-0\">\r\n                        <a data-fancybox=\"7932\" href=\"https:\/\/us.edu.pl\/instytut\/iib\/wp-content\/uploads\/sites\/41\/2025\/05\/208A6526.jpg\"\r\n                        title=\"Wyst\u0105pienie mgr in\u017c. A. Mrowiec \/ fot. T. Kasprzyk-Kucewicz\" \r\n                        class=\"gallery-big__item gallery-big__item_big thumbnail\"\r\n                        style=\"background-image: url(https:\/\/us.edu.pl\/instytut\/iib\/wp-content\/uploads\/sites\/41\/2025\/05\/208A6526-1024x683.jpg)\"><span class=\"d-none\">https:\/\/us.edu.pl\/instytut\/iib\/wp-content\/uploads\/sites\/41\/2025\/05\/208A6526.jpg<\/span><\/a><\/div><\/div>\r\n                    <\/div>\r\n                <\/div>[vc_column_text][\/vc_column_text][\/vc_column][\/vc_row]<\/p>","protected":false},"excerpt":{"rendered":"<p>[vc_row][vc_column][vc_column_text][\/vc_column_text][\/vc_column][\/vc_row][vc_row][vc_column][\/vc_column][\/vc_row][vc_row][vc_column][vc_column_text][\/vc_column_text][\/vc_column][\/vc_row] [&#8230;]<\/p>\n<p><a class=\"btn btn-secondary understrap-read-more-link\" href=\"https:\/\/us.edu.pl\/instytut\/iib\/mgr-inz-a-mrowiec-wystapienie\/\">Read More&#8230;<\/a><\/p>\n","protected":false},"author":128,"featured_media":0,"parent":0,"menu_order":0,"comment_status":"closed","ping_status":"closed","template":"","meta":{"_expiration-date-status":"","_expiration-date":0,"_expiration-date-type":"","_expiration-date-categories":[],"_expiration-date-options":[]},"acf":[],"_links":{"self":[{"href":"https:\/\/us.edu.pl\/instytut\/iib\/wp-json\/wp\/v2\/pages\/3880"}],"collection":[{"href":"https:\/\/us.edu.pl\/instytut\/iib\/wp-json\/wp\/v2\/pages"}],"about":[{"href":"https:\/\/us.edu.pl\/instytut\/iib\/wp-json\/wp\/v2\/types\/page"}],"author":[{"embeddable":true,"href":"https:\/\/us.edu.pl\/instytut\/iib\/wp-json\/wp\/v2\/users\/128"}],"replies":[{"embeddable":true,"href":"https:\/\/us.edu.pl\/instytut\/iib\/wp-json\/wp\/v2\/comments?post=3880"}],"version-history":[{"count":3,"href":"https:\/\/us.edu.pl\/instytut\/iib\/wp-json\/wp\/v2\/pages\/3880\/revisions"}],"predecessor-version":[{"id":4030,"href":"https:\/\/us.edu.pl\/instytut\/iib\/wp-json\/wp\/v2\/pages\/3880\/revisions\/4030"}],"wp:attachment":[{"href":"https:\/\/us.edu.pl\/instytut\/iib\/wp-json\/wp\/v2\/media?parent=3880"}],"curies":[{"name":"wp","href":"https:\/\/api.w.org\/{rel}","templated":true}]}}