{"id":3936,"date":"2025-05-23T12:58:38","date_gmt":"2025-05-23T10:58:38","guid":{"rendered":"https:\/\/us.edu.pl\/instytut\/iib\/?page_id=3936"},"modified":"2025-05-26T12:36:54","modified_gmt":"2025-05-26T10:36:54","slug":"dr-hab-a-turska-kawa-prof-us-wystapienie","status":"publish","type":"page","link":"https:\/\/us.edu.pl\/instytut\/iib\/dr-hab-a-turska-kawa-prof-us-wystapienie\/","title":{"rendered":"Dr hab. A. Turska-Kawa, prof. U\u015a &#8211; wyst\u0105pienie"},"content":{"rendered":"<p>[vc_row][vc_column][vc_column_text][\/vc_column_text][\/vc_column][\/vc_row][vc_row][vc_column]\r\n                <div class=\"text-modules\">\r\n                    <div class=\"container\">\r\n                        \r\n                        <div class=\"text-modules__content\"><p><span class=\"html-span xdj266r x11i5rnm xat24cr x1mh8g0r xexx8yu x4uap5 x18d9i69 xkhd6sd x1hl2dhg x16tdsg8 x1vvkbs x4k7w5x x1h91t0o x1h9r5lt x1jfb8zj xv2umb2 x1beo9mf xaigb6o x12ejxvf x3igimt xarpa2k xedcshv x1lytzrv x1t2pt76 x7ja8zs x1qrby5j\"><span class=\"x193iq5w xeuugli x13faqbe x1vvkbs x1xmvt09 x1lliihq x1s928wv xhkezso x1gmr53x x1cpjm7i x1fgarty x1943h6x xudqn12 x3x7a5m x6prxxf xvq8zen xo1l8bm x14ctfv\" dir=\"auto\">Na 21. Seminarium Fizyki Medycznej PTFM Pani Rektor wyg\u0142osi\u0142a wyk\u0142ad pt. &#8222;Teorie konspiracyjne. Nowy wymiar rozumienia rzeczywisto\u015bci?&#8221;. <\/span><\/span><\/p>\n<p><span class=\"html-span xdj266r x11i5rnm xat24cr x1mh8g0r xexx8yu x4uap5 x18d9i69 xkhd6sd x1hl2dhg x16tdsg8 x1vvkbs x4k7w5x x1h91t0o x1h9r5lt x1jfb8zj xv2umb2 x1beo9mf xaigb6o x12ejxvf x3igimt xarpa2k xedcshv x1lytzrv x1t2pt76 x7ja8zs x1qrby5j\"><span class=\"x193iq5w xeuugli x13faqbe x1vvkbs x1xmvt09 x1lliihq x1s928wv xhkezso x1gmr53x x1cpjm7i x1fgarty x1943h6x xudqn12 x3x7a5m x6prxxf xvq8zen xo1l8bm x14ctfv\" dir=\"auto\">Pani Rektor jest profesorem U\u015a w Instytucie Nauk Politycznych Wydzia\u0142u Nauk Spo\u0142ecznych U\u015a. Jest politologiem i psychologiem, a jej g\u0142\u00f3wnymi zainteresowaniami naukowo-badawczymi s\u0105 psychologia polityki, korupcja, oraz patologie demokracji. <\/span><\/span><\/p>\n<p><span class=\"html-span xdj266r x11i5rnm xat24cr x1mh8g0r xexx8yu x4uap5 x18d9i69 xkhd6sd x1hl2dhg x16tdsg8 x1vvkbs x4k7w5x x1h91t0o x1h9r5lt x1jfb8zj xv2umb2 x1beo9mf xaigb6o x12ejxvf x3igimt xarpa2k xedcshv x1lytzrv x1t2pt76 x7ja8zs x1qrby5j\"><span class=\"x193iq5w xeuugli x13faqbe x1vvkbs x1xmvt09 x1lliihq x1s928wv xhkezso x1gmr53x x1cpjm7i x1fgarty x1943h6x xudqn12 x3x7a5m x6prxxf xvq8zen xo1l8bm x14ctfv\" dir=\"auto\">Na wyk\u0142adzie Pani Rektor opowiada\u0142a o swoich najnowszych badaniach dotycz\u0105cych teorii konspiracyjnych. Przedstawi\u0142a m.in. wyniki uzyskane w ramach wsp\u00f3\u0142pracy z Uniwersytetem w Lublanie w ramach grantu w konsorcjum &#8222;Potencja\u0142 polityczny teorii spiskowych. Studium Polski i S\u0142owenii&#8221;. Omawiane zagadnienia dotyczy\u0142y m.in. postaw u\u017cytkownik\u00f3w grup spiskowych w mediach spo\u0142eczno\u015bciowych, zwi\u0105zku mi\u0119dzy czynnikami poznawczymi (np. styl my\u015blenia), motywacyjnymi (np. unikanie niepewno\u015bci), osobowo\u015bciowymi (np. narcyzm kolektywny), psychopatologicznymi (np. cechy Mrocznej Triady), politycznymi (np. orientacja ideologiczna) i spo\u0142eczno-kulturowymi a przekonaniami spiskowymi, a tak\u017ce procesu rozprzestrzeniania si\u0119 dezinformacji w mediach spo\u0142eczno\u015bciowych.<\/span><\/span><\/p>\n<\/div>\r\n                    <\/div>\r\n                <\/div>            \r\n                    <div class=\"container\">\r\n                        <div class=\"gallery gallery_3\" data-images-in-row=\"3\">\r\n                            \r\n                            <div class=\"row m-0\">\r\n                                <a data-fancybox-group=\"button\" title=\"Wyk\u0142ad dr hab. A. Turskiej-Kawy, prof. U\u015a \/ fot. M. Kasprzyk\" data-fancybox=\"647\" href=\"https:\/\/us.edu.pl\/instytut\/iib\/wp-content\/uploads\/sites\/41\/2025\/05\/prof.-Turska.jpg\" class=\"gallery__item thumbnail\"\r\n                                    style=\"background-image: url(https:\/\/us.edu.pl\/instytut\/iib\/wp-content\/uploads\/sites\/41\/2025\/05\/prof.-Turska-1024x768.jpg)\"> <span class=\"d-none\">https:\/\/us.edu.pl\/instytut\/iib\/wp-content\/uploads\/sites\/41\/2025\/05\/prof.-Turska.jpg<\/span> <\/a><a data-fancybox-group=\"button\" title=\"Wyk\u0142ad dr hab. A. Turskiej-Kawy, prof. U\u015a \/ fot. T. Kasprzyk-Kucewicz\" data-fancybox=\"647\" href=\"https:\/\/us.edu.pl\/instytut\/iib\/wp-content\/uploads\/sites\/41\/2025\/05\/208A6596.jpg\" class=\"gallery__item thumbnail\"\r\n                                    style=\"background-image: url(https:\/\/us.edu.pl\/instytut\/iib\/wp-content\/uploads\/sites\/41\/2025\/05\/208A6596-1024x683.jpg)\"> <span class=\"d-none\">https:\/\/us.edu.pl\/instytut\/iib\/wp-content\/uploads\/sites\/41\/2025\/05\/208A6596.jpg<\/span> <\/a><a data-fancybox-group=\"button\" title=\"Wyk\u0142ad dr hab. A. Turskiej-Kawy, prof. U\u015a \/ fot. T. Kasprzyk-Kucewicz\" data-fancybox=\"647\" href=\"https:\/\/us.edu.pl\/instytut\/iib\/wp-content\/uploads\/sites\/41\/2025\/05\/208A6599.jpg\" class=\"gallery__item thumbnail\"\r\n                                    style=\"background-image: url(https:\/\/us.edu.pl\/instytut\/iib\/wp-content\/uploads\/sites\/41\/2025\/05\/208A6599-1024x683.jpg)\"> <span class=\"d-none\">https:\/\/us.edu.pl\/instytut\/iib\/wp-content\/uploads\/sites\/41\/2025\/05\/208A6599.jpg<\/span> <\/a>\r\n                            <\/div>\r\n                    <\/div>\r\n                <\/div>[\/vc_column][\/vc_row][vc_row][vc_column][vc_column_text][\/vc_column_text][\/vc_column][\/vc_row][vc_row][vc_column][vc_column_text][\/vc_column_text][\/vc_column][\/vc_row]<\/p>","protected":false},"excerpt":{"rendered":"<p>[vc_row][vc_column][vc_column_text][\/vc_column_text][\/vc_column][\/vc_row][vc_row][vc_column][\/vc_column][\/vc_row][vc_row][vc_column][vc_column_text][\/vc_column_text][\/vc_column][\/vc_row][vc_row][vc_column][vc_column_text][\/vc_column_text][\/vc_column][\/vc_row] [&#8230;]<\/p>\n<p><a class=\"btn btn-secondary understrap-read-more-link\" href=\"https:\/\/us.edu.pl\/instytut\/iib\/dr-hab-a-turska-kawa-prof-us-wystapienie\/\">Read More&#8230;<\/a><\/p>\n","protected":false},"author":128,"featured_media":0,"parent":0,"menu_order":0,"comment_status":"closed","ping_status":"closed","template":"","meta":{"_expiration-date-status":"","_expiration-date":0,"_expiration-date-type":"","_expiration-date-categories":[],"_expiration-date-options":[]},"acf":[],"_links":{"self":[{"href":"https:\/\/us.edu.pl\/instytut\/iib\/wp-json\/wp\/v2\/pages\/3936"}],"collection":[{"href":"https:\/\/us.edu.pl\/instytut\/iib\/wp-json\/wp\/v2\/pages"}],"about":[{"href":"https:\/\/us.edu.pl\/instytut\/iib\/wp-json\/wp\/v2\/types\/page"}],"author":[{"embeddable":true,"href":"https:\/\/us.edu.pl\/instytut\/iib\/wp-json\/wp\/v2\/users\/128"}],"replies":[{"embeddable":true,"href":"https:\/\/us.edu.pl\/instytut\/iib\/wp-json\/wp\/v2\/comments?post=3936"}],"version-history":[{"count":4,"href":"https:\/\/us.edu.pl\/instytut\/iib\/wp-json\/wp\/v2\/pages\/3936\/revisions"}],"predecessor-version":[{"id":4004,"href":"https:\/\/us.edu.pl\/instytut\/iib\/wp-json\/wp\/v2\/pages\/3936\/revisions\/4004"}],"wp:attachment":[{"href":"https:\/\/us.edu.pl\/instytut\/iib\/wp-json\/wp\/v2\/media?parent=3936"}],"curies":[{"name":"wp","href":"https:\/\/api.w.org\/{rel}","templated":true}]}}

Dr hab. A. Turska-Kawa, prof. UŚ &#8211; wystąpienie

<p>[vc_row][vc_column][vc_column_text][/vc_column_text][/vc_column][/vc_row][vc_row][vc_column]
                <div class="text-modules">
                    <div class="container">
                        
                        <div class="text-modules__content"><p><span class="html-span xdj266r x11i5rnm xat24cr x1mh8g0r xexx8yu x4uap5 x18d9i69 xkhd6sd x1hl2dhg x16tdsg8 x1vvkbs x4k7w5x x1h91t0o x1h9r5lt x1jfb8zj xv2umb2 x1beo9mf xaigb6o x12ejxvf x3igimt xarpa2k xedcshv x1lytzrv x1t2pt76 x7ja8zs x1qrby5j"><span class="x193iq5w xeuugli x13faqbe x1vvkbs x1xmvt09 x1lliihq x1s928wv xhkezso x1gmr53x x1cpjm7i x1fgarty x1943h6x xudqn12 x3x7a5m x6prxxf xvq8zen xo1l8bm x14ctfv" dir="auto">Na 21. Seminarium Fizyki Medycznej PTFM Pani Rektor wygłosiła wykład pt. &#8222;Teorie konspiracyjne. Nowy wymiar rozumienia rzeczywistości?&#8221;. </span></span></p>
<p><span class="html-span xdj266r x11i5rnm xat24cr x1mh8g0r xexx8yu x4uap5 x18d9i69 xkhd6sd x1hl2dhg x16tdsg8 x1vvkbs x4k7w5x x1h91t0o x1h9r5lt x1jfb8zj xv2umb2 x1beo9mf xaigb6o x12ejxvf x3igimt xarpa2k xedcshv x1lytzrv x1t2pt76 x7ja8zs x1qrby5j"><span class="x193iq5w xeuugli x13faqbe x1vvkbs x1xmvt09 x1lliihq x1s928wv xhkezso x1gmr53x x1cpjm7i x1fgarty x1943h6x xudqn12 x3x7a5m x6prxxf xvq8zen xo1l8bm x14ctfv" dir="auto">Pani Rektor jest profesorem UŚ w Instytucie Nauk Politycznych Wydziału Nauk Społecznych UŚ. Jest politologiem i psychologiem, a jej głównymi zainteresowaniami naukowo-badawczymi są psychologia polityki, korupcja, oraz patologie demokracji. </span></span></p>
<p><span class="html-span xdj266r x11i5rnm xat24cr x1mh8g0r xexx8yu x4uap5 x18d9i69 xkhd6sd x1hl2dhg x16tdsg8 x1vvkbs x4k7w5x x1h91t0o x1h9r5lt x1jfb8zj xv2umb2 x1beo9mf xaigb6o x12ejxvf x3igimt xarpa2k xedcshv x1lytzrv x1t2pt76 x7ja8zs x1qrby5j"><span class="x193iq5w xeuugli x13faqbe x1vvkbs x1xmvt09 x1lliihq x1s928wv xhkezso x1gmr53x x1cpjm7i x1fgarty x1943h6x xudqn12 x3x7a5m x6prxxf xvq8zen xo1l8bm x14ctfv" dir="auto">Na wykładzie Pani Rektor opowiadała o swoich najnowszych badaniach dotyczących teorii konspiracyjnych. Przedstawiła m.in. wyniki uzyskane w ramach współpracy z Uniwersytetem w Lublanie w ramach grantu w konsorcjum &#8222;Potencjał polityczny teorii spiskowych. Studium Polski i Słowenii&#8221;. Omawiane zagadnienia dotyczyły m.in. postaw użytkowników grup spiskowych w mediach społecznościowych, związku między czynnikami poznawczymi (np. styl myślenia), motywacyjnymi (np. unikanie niepewności), osobowościowymi (np. narcyzm kolektywny), psychopatologicznymi (np. cechy Mrocznej Triady), politycznymi (np. orientacja ideologiczna) i społeczno-kulturowymi a przekonaniami spiskowymi, a także procesu rozprzestrzeniania się dezinformacji w mediach społecznościowych.</span></span></p>
</div>
                    </div>
                </div>            
                    <div class="container">
                        <div class="gallery gallery_3" data-images-in-row="3">
                            
                            <div class="row m-0">
                                <a data-fancybox-group="button" title="Wykład dr hab. A. Turskiej-Kawy, prof. UŚ / fot. M. Kasprzyk" data-fancybox="647" href="https://us.edu.pl/instytut/iib/wp-content/uploads/sites/41/2025/05/prof.-Turska.jpg" class="gallery__item thumbnail"
                                    style="background-image: url(https://us.edu.pl/instytut/iib/wp-content/uploads/sites/41/2025/05/prof.-Turska-1024x768.jpg)"> <span class="d-none">https://us.edu.pl/instytut/iib/wp-content/uploads/sites/41/2025/05/prof.-Turska.jpg</span> </a><a data-fancybox-group="button" title="Wykład dr hab. A. Turskiej-Kawy, prof. UŚ / fot. T. Kasprzyk-Kucewicz" data-fancybox="647" href="https://us.edu.pl/instytut/iib/wp-content/uploads/sites/41/2025/05/208A6596.jpg" class="gallery__item thumbnail"
                                    style="background-image: url(https://us.edu.pl/instytut/iib/wp-content/uploads/sites/41/2025/05/208A6596-1024x683.jpg)"> <span class="d-none">https://us.edu.pl/instytut/iib/wp-content/uploads/sites/41/2025/05/208A6596.jpg</span> </a><a data-fancybox-group="button" title="Wykład dr hab. A. Turskiej-Kawy, prof. UŚ / fot. T. Kasprzyk-Kucewicz" data-fancybox="647" href="https://us.edu.pl/instytut/iib/wp-content/uploads/sites/41/2025/05/208A6599.jpg" class="gallery__item thumbnail"
                                    style="background-image: url(https://us.edu.pl/instytut/iib/wp-content/uploads/sites/41/2025/05/208A6599-1024x683.jpg)"> <span class="d-none">https://us.edu.pl/instytut/iib/wp-content/uploads/sites/41/2025/05/208A6599.jpg</span> </a>
                            </div>
                    </div>
                </div>[/vc_column][/vc_row][vc_row][vc_column][vc_column_text][/vc_column_text][/vc_column][/vc_row][vc_row][vc_column][vc_column_text][/vc_column_text][/vc_column][/vc_row]</p>
