{"id":4131,"date":"2025-05-27T09:28:00","date_gmt":"2025-05-27T07:28:00","guid":{"rendered":"https:\/\/us.edu.pl\/instytut\/iib\/?page_id=4131"},"modified":"2025-05-27T09:28:00","modified_gmt":"2025-05-27T07:28:00","slug":"inz-j-cichon-wystapienie","status":"publish","type":"page","link":"https:\/\/us.edu.pl\/instytut\/iib\/inz-j-cichon-wystapienie\/","title":{"rendered":"in\u017c. J. Cicho\u0144 &#8211; wyst\u0105pienie"},"content":{"rendered":"<p>[vc_row][vc_column]\r\n                <div class=\"text-modules \">\r\n                    <div class=\"container\">\r\n                         \r\n                        <div class=\"row m-0\">\r\n                            <div class=\"text-modules__content\">\r\n                                <em><strong>Badania zu\u017cycia materia\u0142\u00f3w ortodontycznych<\/strong><\/em><\/p>\n<p>Cicho\u0144 Jakub<sup>1<\/sup>, Duda Piotr<sup>2<\/sup><\/p>\n<p><sup>1<\/sup> Student studia II stopnia In\u017cynieria Biomedyczna, Uniwersytet \u015al\u0105ski w Katowicach, ul. Bankowa 12, 40-007 Katowice<\/p>\n<p><sup>2<\/sup> Instytut In\u017cynierii Biomedycznej, Wydzia\u0142 Nauk \u015acis\u0142ych i Technicznych, Uniwersytet<\/p>\n<p>\u015al\u0105ski w Katowicach, ul. Bankowa 12, 40-007 Katowice<\/p>\n<p>Bada\u0144 tribologicznych materia\u0142\u00f3w stosowanych w protezach stomatologicznych koncentruje si\u0119 na analizie proces\u00f3w zu\u017cycia \u015bciernego, kt\u00f3re istotnie wp\u0142ywaj\u0105 na trwa\u0142o\u015b\u0107 i funkcjonalno\u015b\u0107 mi\u0119kkich pod\u015bciele\u0144. Akryl i silikon, jako kluczowe materia\u0142y w tej aplikacji, nara\u017cone s\u0105 na cykliczne obci\u0105\u017cenia mechaniczne oraz oddzia\u0142ywanie czynnik\u00f3w \u015brodowiskowych, co prowadzi do degradacji powierzchniowej i strukturalnej. W kontek\u015bcie protez ruchomych, gdzie pod\u015bcielenie pe\u0142ni rol\u0119 amortyzuj\u0105c\u0105 i przeciwdzia\u0142a podra\u017cnieniom tkanek mi\u0119kkich, zrozumienie mechanizm\u00f3w zu\u017cycia ma kluczowe znaczenie dla poprawy komfortu u\u017cytkowania oraz ograniczenia cz\u0119stotliwo\u015bci wymiany protez.<\/p>\n<p>W ramach eksperymentu przygotowano pr\u00f3bki z obu materia\u0142\u00f3w, kt\u00f3re poddano kontrolowanemu oddzia\u0142ywaniu \u015bcierniwa w warunkach laboratoryjnych. W badaniach wst\u0119pnych zastosowano testy abrazyjne z lu\u017anym \u015bcierniwem (piaskiem kwarcowym o okre\u015blonej gradacji), symuluj\u0105ce zintensyfikowane warunki eksploatacyjne w jamie ustnej. Metodyka obejmowa\u0142a ilo\u015bciow\u0105 ocen\u0119 zu\u017cycia poprzez pomiary ubytku masy i zmian geometrycznych, uzupe\u0142nion\u0105 o jako\u015bciow\u0105 analiz\u0119 powierzchni z wykorzystaniem mikroskopii optycznej. Dodatkowo, zastosowanie mikrotomografii komputerowej umo\u017cliwi\u0142o tr\u00f3jwymiarow\u0105 wizualizacj\u0119 uszkodze\u0144 wewn\u0119trznych.<\/p>\n<p>Uzyskane wyniki na etapie pocz\u0105tkowym wskazuj\u0105 na zr\u00f3\u017cnicowan\u0105 odporno\u015b\u0107 na \u015bcieranie pomi\u0119dzy akrylem a silikonem, co mo\u017ce mie\u0107 istotne znaczenie przy doborze materia\u0142u do indywidualnych potrzeb pacjent\u00f3w. Obserwacje mikroskopowe ujawni\u0142y charakterystyczne mechanizmy zu\u017cycia, takie jak mikrop\u0119kni\u0119cia i ubytki powierzchniowe, natomiast badania mikrotomograficzne pozwoli\u0142y na ocen\u0119 rozwoju uszkodze\u0144 w g\u0142\u0105b materia\u0142u. Wyniki te stanowi\u0105 podstaw\u0119 do dalszych, pog\u0142\u0119bionych analiz, kt\u00f3re pozwol\u0105 na optymalizacj\u0119 w\u0142a\u015bciwo\u015bci u\u017cytkowych mi\u0119kkich pod\u015bciele\u0144 protez.<\/p>\n<p>S\u0142owa kluczowe: protetyka stomatologiczna, polimery ortodontyczne, zu\u017cycie abrazyjne lu\u017anym \u015bcierniwem, mikrotomografia \r\n                                <div class=\"mt-3\"><\/div>\r\n                            <\/div>\r\n                            \r\n                            \r\n                        <\/div>\r\n                    <\/div>\r\n                <\/div>[\/vc_column][\/vc_row][vc_row][vc_column]            \r\n                \r\n                <div class=\"container\">\r\n                     <div class=\"gallery-big \">\r\n                        \r\n                        <div class=\"row m-0\">\r\n                        <a data-fancybox=\"8403\" href=\"https:\/\/us.edu.pl\/instytut\/iib\/wp-content\/uploads\/sites\/41\/2025\/05\/13.jpg\"\r\n                        title=\"Wyst\u0105pienie in\u017c. J. Cichonia \/ fot. S. Stach\" \r\n                        class=\"gallery-big__item gallery-big__item_big thumbnail\"\r\n                        style=\"background-image: url(https:\/\/us.edu.pl\/instytut\/iib\/wp-content\/uploads\/sites\/41\/2025\/05\/13-1024x768.jpg)\"><span class=\"d-none\">https:\/\/us.edu.pl\/instytut\/iib\/wp-content\/uploads\/sites\/41\/2025\/05\/13.jpg<\/span><\/a><div class=\"gallery-big__small-items\">\r\n                        <a data-fancybox=\"8403\" href=\"https:\/\/us.edu.pl\/instytut\/iib\/wp-content\/uploads\/sites\/41\/2025\/05\/14.jpg\"\r\n                        title=\"Wyst\u0105pienie in\u017c. J. Cichonia \/ fot. S. Stach\" \r\n                        class=\"gallery-big__item  thumbnail\"\r\n                        style=\"background-image: url(https:\/\/us.edu.pl\/instytut\/iib\/wp-content\/uploads\/sites\/41\/2025\/05\/14-1024x768.jpg)\"><span class=\"d-none\">https:\/\/us.edu.pl\/instytut\/iib\/wp-content\/uploads\/sites\/41\/2025\/05\/14.jpg<\/span><\/a><\/div><\/div>\r\n                    <\/div>\r\n                <\/div>[vc_column_text][\/vc_column_text][\/vc_column][\/vc_row][vc_row][vc_column][vc_column_text][\/vc_column_text][\/vc_column][\/vc_row][vc_row][vc_column][vc_column_text]<\/p>","protected":false},"excerpt":{"rendered":"<p>[vc_row][vc_column][\/vc_column][\/vc_row][vc_row][vc_column][vc_column_text][\/vc_column_text][\/vc_column][\/vc_row][vc_row][vc_column][vc_column_text][\/vc_column_text][\/vc_column][\/vc_row][vc_row][vc_column][vc_column_text] [&#8230;]<\/p>\n<p><a class=\"btn btn-secondary understrap-read-more-link\" href=\"https:\/\/us.edu.pl\/instytut\/iib\/inz-j-cichon-wystapienie\/\">Read More&#8230;<\/a><\/p>\n","protected":false},"author":128,"featured_media":0,"parent":0,"menu_order":0,"comment_status":"closed","ping_status":"closed","template":"","meta":{"_expiration-date-status":"","_expiration-date":0,"_expiration-date-type":"","_expiration-date-categories":[],"_expiration-date-options":[]},"acf":[],"_links":{"self":[{"href":"https:\/\/us.edu.pl\/instytut\/iib\/wp-json\/wp\/v2\/pages\/4131"}],"collection":[{"href":"https:\/\/us.edu.pl\/instytut\/iib\/wp-json\/wp\/v2\/pages"}],"about":[{"href":"https:\/\/us.edu.pl\/instytut\/iib\/wp-json\/wp\/v2\/types\/page"}],"author":[{"embeddable":true,"href":"https:\/\/us.edu.pl\/instytut\/iib\/wp-json\/wp\/v2\/users\/128"}],"replies":[{"embeddable":true,"href":"https:\/\/us.edu.pl\/instytut\/iib\/wp-json\/wp\/v2\/comments?post=4131"}],"version-history":[{"count":1,"href":"https:\/\/us.edu.pl\/instytut\/iib\/wp-json\/wp\/v2\/pages\/4131\/revisions"}],"predecessor-version":[{"id":4135,"href":"https:\/\/us.edu.pl\/instytut\/iib\/wp-json\/wp\/v2\/pages\/4131\/revisions\/4135"}],"wp:attachment":[{"href":"https:\/\/us.edu.pl\/instytut\/iib\/wp-json\/wp\/v2\/media?parent=4131"}],"curies":[{"name":"wp","href":"https:\/\/api.w.org\/{rel}","templated":true}]}}