{"id":4142,"date":"2025-05-27T09:36:20","date_gmt":"2025-05-27T07:36:20","guid":{"rendered":"https:\/\/us.edu.pl\/instytut\/iib\/?page_id=4142"},"modified":"2025-05-27T09:36:54","modified_gmt":"2025-05-27T07:36:54","slug":"inz-j-cichon-wystapienie-2","status":"publish","type":"page","link":"https:\/\/us.edu.pl\/instytut\/iib\/inz-j-cichon-wystapienie-2\/","title":{"rendered":"dr K. Maciejewska, prof. U\u015a &#8211; wyst\u0105pienie"},"content":{"rendered":"<p>[vc_row][vc_column][vc_column_text][\/vc_column_text][\/vc_column][\/vc_row][vc_row][vc_column]\r\n                <div class=\"text-modules \">\r\n                    <div class=\"container\">\r\n                         \r\n                        <div class=\"row m-0\">\r\n                            <div class=\"text-modules__content\">\r\n                                <strong><em>Wykorzystanie wirtualnej rzeczywisto\u015bci (VR) w badaniu sygna\u0142\u00f3w biomedycznych<\/em><\/strong><\/p>\n<p>Karina Maciejewska<sup>1<\/sup><\/p>\n<p>Instytut In\u017cynierii Biomedycznej, Wydzia\u0142 Nauk \u015acis\u0142ych i Technicznych, Uniwersytet \u015al\u0105ski w Katowicach, ul. Bankowa 12, 40-007 Katowice<\/p>\n<p>Sygna\u0142y biomedyczne s\u0105 cennym narz\u0119dziem w neuroin\u017cynierii i neuronauce. Pozwalaj\u0105 mierzy\u0107 aktywno\u015b\u0107 fizjologiczn\u0105 ludzkiego cia\u0142a, co mo\u017ce by\u0107 wykorzystywane w interfejsach m\u00f3zg-maszyna (BMI), interakcjach cz\u0142owiek-robot lub w celu lepszego kontrolowania neuroprotez. Elektroencefalografia (EEG) jest wykorzystywana do badania aktywno\u015bci elektrycznej m\u00f3zgu. Inne sygna\u0142y fizjologiczne, takie jak elektrokardiografia (EKG), elektromiografia (EMG), oddychanie lub aktywno\u015b\u0107 elektrodermalna (EDA), dostarczaj\u0105 dodatkowych informacji o obwodowym uk\u0142adzie nerwowym. Zazwyczaj takie sygna\u0142y biomedyczne s\u0105 mierzone w \u015bci\u015ble kontrolowanym, statycznym \u015brodowisku, w kt\u00f3rym uczestnicy pozostaj\u0105 nieruchomi. Je\u015bli badanie koncentruje si\u0119 na reakcjach m\u00f3zgu na bod\u017ace, mierzone s\u0105 poznawcze potencja\u0142y wywo\u0142ane (ERP). ERP to potencja\u0142y m\u00f3zgowe zsynchronizowane czasowo z bod\u017acami prezentowanymi na dwuwymiarowym ekranie komputera (w modalno\u015bci wzrokowej) lub w s\u0142uchawkach (w modalno\u015bci s\u0142uchowej). Jednak te sztuczne warunki mog\u0105 wp\u0142ywa\u0107 na mo\u017cliwo\u015b\u0107 uog\u00f3lnienia rezultat\u00f3w bada\u0144. Integracja technologii VR z badaniami wykorzystuj\u0105cymi sygna\u0142y biomedyczne zwi\u0119ksza trafno\u015b\u0107 ekologiczn\u0105 przy jednoczesnym zachowaniu rygoru naukowego. Najwygodniejszym rozwi\u0105zaniem s\u0105 wy\u015bwietlacze montowane na g\u0142owie uczestnika (HMD). Jednak w badaniach EEG, HMD mog\u0105 powodowa\u0107 artefakty mechaniczne i\/lub elektromagnetyczne. Dzieje si\u0119 tak, poniewa\u017c mog\u0105 one wywiera\u0107 si\u0142\u0119 mechaniczn\u0105 na elektrody, podczas gdy cz\u0119stotliwo\u015b\u0107 od\u015bwie\u017cania i transmisji mog\u0105 wp\u0142ywa\u0107 na charakterystyk\u0119 widmow\u0105 EEG. Mo\u017ce to prowadzi\u0107 do pogorszenia jako\u015bci sygna\u0142u EEG. W tym wyk\u0142adzie przedstawi\u0119 nasze ostatnie badania dotycz\u0105ce wp\u0142ywu VR HMD na EEG i ERP. Taka ocena wp\u0142ywu VR na jako\u015b\u0107 sygna\u0142u EEG podczas eksperyment\u00f3w neuropoznawczych jest niezb\u0119dna do prawid\u0142owej interpretacji danych EEG w badaniach, kt\u00f3re wykorzystuj\u0105 narz\u0119dzia do symulacji rzeczywistych proces\u00f3w neuropoznawczych. \r\n                                <div class=\"mt-3\"><\/div>\r\n                            <\/div>\r\n                            \r\n                            \r\n                        <\/div>\r\n                    <\/div>\r\n                <\/div>[\/vc_column][\/vc_row][vc_row][vc_column]            \r\n                \r\n                <div class=\"container\">\r\n                     <div class=\"gallery-big \">\r\n                        \r\n                        <div class=\"row m-0\">\r\n                        <a data-fancybox=\"3299\" href=\"https:\/\/us.edu.pl\/instytut\/iib\/wp-content\/uploads\/sites\/41\/2025\/05\/208A6688.jpg\"\r\n                        title=\"Wyst\u0105pienie dr K. Maciejewskiej, prof. U\u015a \/ fot. T. Kasprzyk-Kucewicz\" \r\n                        class=\"gallery-big__item gallery-big__item_big thumbnail\"\r\n                        style=\"background-image: url(https:\/\/us.edu.pl\/instytut\/iib\/wp-content\/uploads\/sites\/41\/2025\/05\/208A6688-1024x683.jpg)\"><span class=\"d-none\">https:\/\/us.edu.pl\/instytut\/iib\/wp-content\/uploads\/sites\/41\/2025\/05\/208A6688.jpg<\/span><\/a><div class=\"gallery-big__small-items\">\r\n                        <a data-fancybox=\"3299\" href=\"https:\/\/us.edu.pl\/instytut\/iib\/wp-content\/uploads\/sites\/41\/2025\/05\/208A6692.jpg\"\r\n                        title=\"Wyst\u0105pienie dr K. Maciejewskiej, prof. U\u015a \/ fot. T. Kasprzyk-Kucewicz\" \r\n                        class=\"gallery-big__item  thumbnail\"\r\n                        style=\"background-image: url(https:\/\/us.edu.pl\/instytut\/iib\/wp-content\/uploads\/sites\/41\/2025\/05\/208A6692-1024x683.jpg)\"><span class=\"d-none\">https:\/\/us.edu.pl\/instytut\/iib\/wp-content\/uploads\/sites\/41\/2025\/05\/208A6692.jpg<\/span><\/a>\r\n                        <a data-fancybox=\"3299\" href=\"https:\/\/us.edu.pl\/instytut\/iib\/wp-content\/uploads\/sites\/41\/2025\/05\/15.jpg\"\r\n                        title=\"Wyst\u0105pienie dr K. Maciejewskiej, prof. U\u015a \/ fot. S. Stach\" \r\n                        class=\"gallery-big__item  thumbnail\"\r\n                        style=\"background-image: url(https:\/\/us.edu.pl\/instytut\/iib\/wp-content\/uploads\/sites\/41\/2025\/05\/15-1024x768.jpg)\"><span class=\"d-none\">https:\/\/us.edu.pl\/instytut\/iib\/wp-content\/uploads\/sites\/41\/2025\/05\/15.jpg<\/span><\/a><\/div><\/div>\r\n                    <\/div>\r\n                <\/div>[vc_column_text][\/vc_column_text][\/vc_column][\/vc_row][vc_row][vc_column][vc_column_text][\/vc_column_text][\/vc_column][\/vc_row][vc_row][vc_column][vc_column_text]<\/p>","protected":false},"excerpt":{"rendered":"<p>[vc_row][vc_column][vc_column_text][\/vc_column_text][\/vc_column][\/vc_row][vc_row][vc_column][\/vc_column][\/vc_row][vc_row][vc_column][vc_column_text][\/vc_column_text][\/vc_column][\/vc_row][vc_row][vc_column][vc_column_text][\/vc_column_text][\/vc_column][\/vc_row][vc_row][vc_column][vc_column_text] [&#8230;]<\/p>\n<p><a class=\"btn btn-secondary understrap-read-more-link\" href=\"https:\/\/us.edu.pl\/instytut\/iib\/inz-j-cichon-wystapienie-2\/\">Read More&#8230;<\/a><\/p>\n","protected":false},"author":128,"featured_media":0,"parent":0,"menu_order":0,"comment_status":"closed","ping_status":"closed","template":"","meta":{"_expiration-date-status":"","_expiration-date":0,"_expiration-date-type":"","_expiration-date-categories":[],"_expiration-date-options":[]},"acf":[],"_links":{"self":[{"href":"https:\/\/us.edu.pl\/instytut\/iib\/wp-json\/wp\/v2\/pages\/4142"}],"collection":[{"href":"https:\/\/us.edu.pl\/instytut\/iib\/wp-json\/wp\/v2\/pages"}],"about":[{"href":"https:\/\/us.edu.pl\/instytut\/iib\/wp-json\/wp\/v2\/types\/page"}],"author":[{"embeddable":true,"href":"https:\/\/us.edu.pl\/instytut\/iib\/wp-json\/wp\/v2\/users\/128"}],"replies":[{"embeddable":true,"href":"https:\/\/us.edu.pl\/instytut\/iib\/wp-json\/wp\/v2\/comments?post=4142"}],"version-history":[{"count":2,"href":"https:\/\/us.edu.pl\/instytut\/iib\/wp-json\/wp\/v2\/pages\/4142\/revisions"}],"predecessor-version":[{"id":4148,"href":"https:\/\/us.edu.pl\/instytut\/iib\/wp-json\/wp\/v2\/pages\/4142\/revisions\/4148"}],"wp:attachment":[{"href":"https:\/\/us.edu.pl\/instytut\/iib\/wp-json\/wp\/v2\/media?parent=4142"}],"curies":[{"name":"wp","href":"https:\/\/api.w.org\/{rel}","templated":true}]}}