{"id":452,"date":"2020-02-20T11:37:07","date_gmt":"2020-02-20T10:37:07","guid":{"rendered":"http:\/\/us.edu.pl\/instytut\/iib\/?page_id=452"},"modified":"2024-11-12T11:37:31","modified_gmt":"2024-11-12T10:37:31","slug":"kierunki-badawcze","status":"publish","type":"page","link":"https:\/\/us.edu.pl\/instytut\/iib\/badaniainauka\/kierunki-badawcze\/","title":{"rendered":"Kierunki badawcze"},"content":{"rendered":"<p>[vc_row][vc_column]\r\n                <div class=\"text-modules\">\r\n                    <div class=\"container\">\r\n                        <h3 class=\"page-title text__title\">Kierunki badawcze<\/h3>\r\n                        <div class=\"text-modules__content\"><\/p>\n<ul style=\"list-style-type: square;\">\n<li>Badania system\u00f3w sensorowych w zastosowaniach do monitorowania czynno\u015bci \u017cyciowych.<\/li>\n<li>Zastosowania tekstroniki w monitorowaniu organizmu i rehabilitacji.<\/li>\n<li>Wykorzystanie system\u00f3w mobilnych i Internetu Rzeczy w podnoszeniu komfortu \u017cycia.<\/li>\n<li>Badanie wykorzystania technologii wirtualizacji rzeczywisto\u015bci w celach fizjoterapeutycznych oraz w aplikacjach sterowania i kontrolno-pomiarowych.<\/li>\n<li>Badania aktywno\u015bci elektrycznej m\u00f3zgu i uk\u0142adu nerwowego cz\u0142owieka (EEG, potencja\u0142y wywo\u0142ane, inne sygna\u0142y biomedyczne) w neuronauce poznawczej.<\/li>\n<li>Zastosowanie termografii w podczerwieni w stomatologii, chorobach onkologicznych, medycynie fizykalnej oraz sporcie.<\/li>\n<li>Badania p\u0142yn\u00f3w fizjologicznych metod\u0105 r\u00f3\u017cnicowej kalorymetrii skaningowej w celu rozwijania niekonwencjonalnych metod w diagnostyce medycznej i w medycynie sportowej.<\/li>\n<li>Ilo\u015bciowe analizy i modelowania powierzchni biomateria\u0142\u00f3w.<\/li>\n<li>Systemy sztucznej inteligencji dla optycznej tomografii koherentnej OCT.<\/li>\n<li>Technologie mobilne (telemedyczny system) do automatycznego nadzoru nad pacjentem.<\/li>\n<li>Zastosowanie oprogramowania in\u017cynierskiego i technologii przyrostowych (druk 3D) w chirurgii i ortopedii.<\/li>\n<li>Wykorzystanie wzornik\u00f3w do okre\u015blania g\u0119sto\u015bci pr\u00f3bek biologicznych w badaniach mikrotomograficznych.<\/li>\n<li>Analiza, przetwarzanie i rozpoznawanie sygna\u0142\u00f3w i obraz\u00f3w biomedycznych.<\/li>\n<li>Realizacja prac dyplomowych\u00a0magisterskich zwi\u0105zanych z prowadzonymi badaniami w zakresie in\u017cynierii biomedycznej.<\/li>\n<\/ul>\n<p>\n<\/div>\r\n                    <\/div>\r\n                <\/div>[\/vc_column][\/vc_row][vc_row][vc_column][vc_column_text][\/vc_column_text][\/vc_column][\/vc_row][vc_row][vc_column][vc_column_text][\/vc_column_text][\/vc_column][\/vc_row][vc_row][vc_column][vc_column_text][\/vc_column_text][\/vc_column][\/vc_row]<\/p>","protected":false},"excerpt":{"rendered":"<p>[vc_row][vc_column][\/vc_column][\/vc_row][vc_row][vc_column][vc_column_text][\/vc_column_text][\/vc_column][\/vc_row][vc_row][vc_column][vc_column_text][\/vc_column_text][\/vc_column][\/vc_row][vc_row][vc_column][vc_column_text][\/vc_column_text][\/vc_column][\/vc_row] [&#8230;]<\/p>\n<p><a class=\"btn btn-secondary understrap-read-more-link\" href=\"https:\/\/us.edu.pl\/instytut\/iib\/badaniainauka\/kierunki-badawcze\/\">Read More&#8230;<\/a><\/p>\n","protected":false},"author":128,"featured_media":0,"parent":196,"menu_order":0,"comment_status":"closed","ping_status":"closed","template":"page-templates\/inner-page.php","meta":{"_expiration-date-status":"","_expiration-date":0,"_expiration-date-type":"","_expiration-date-categories":[],"_expiration-date-options":[]},"acf":[],"_links":{"self":[{"href":"https:\/\/us.edu.pl\/instytut\/iib\/wp-json\/wp\/v2\/pages\/452"}],"collection":[{"href":"https:\/\/us.edu.pl\/instytut\/iib\/wp-json\/wp\/v2\/pages"}],"about":[{"href":"https:\/\/us.edu.pl\/instytut\/iib\/wp-json\/wp\/v2\/types\/page"}],"author":[{"embeddable":true,"href":"https:\/\/us.edu.pl\/instytut\/iib\/wp-json\/wp\/v2\/users\/128"}],"replies":[{"embeddable":true,"href":"https:\/\/us.edu.pl\/instytut\/iib\/wp-json\/wp\/v2\/comments?post=452"}],"version-history":[{"count":10,"href":"https:\/\/us.edu.pl\/instytut\/iib\/wp-json\/wp\/v2\/pages\/452\/revisions"}],"predecessor-version":[{"id":2780,"href":"https:\/\/us.edu.pl\/instytut\/iib\/wp-json\/wp\/v2\/pages\/452\/revisions\/2780"}],"up":[{"embeddable":true,"href":"https:\/\/us.edu.pl\/instytut\/iib\/wp-json\/wp\/v2\/pages\/196"}],"wp:attachment":[{"href":"https:\/\/us.edu.pl\/instytut\/iib\/wp-json\/wp\/v2\/media?parent=452"}],"curies":[{"name":"wp","href":"https:\/\/api.w.org\/{rel}","templated":true}]}}