{"id":5271,"date":"2025-10-20T11:37:37","date_gmt":"2025-10-20T09:37:37","guid":{"rendered":"https:\/\/us.edu.pl\/instytut\/iib\/?page_id=5271"},"modified":"2025-10-24T09:33:19","modified_gmt":"2025-10-24T07:33:19","slug":"dr-inz-zaneta-garczyk-mundala","status":"publish","type":"page","link":"https:\/\/us.edu.pl\/instytut\/iib\/dr-inz-zaneta-garczyk-mundala\/","title":{"rendered":"Dr in\u017c. \u017baneta Garczyk-Munda\u0142a"},"content":{"rendered":"<p>[vc_row][vc_column width=&#8221;1\/4&#8243;][vc_single_image image=&#8221;1302&#8243; img_size=&#8221;medium&#8221; style=&#8221;vc_box_shadow_3d&#8221; css_animation=&#8221;fadeInLeft&#8221;][\/vc_column][vc_column width=&#8221;3\/4&#8243;][vc_column_text]<\/p>\n<table style=\"border-collapse: collapse; width: 100%; height: 170px;\">\n<tbody>\n<tr style=\"height: 170px;\">\n<td style=\"width: 13.7887%; vertical-align: top; height: 170px;\">&nbsp;<\/p>\n<p><strong><span style=\"font-family: trebuchet ms, geneva, sans-serif; font-size: 12pt; color: #000000;\">Stanowisko:<\/span><\/strong><\/p>\n<p><strong><span style=\"color: #000000; font-family: trebuchet ms, geneva, sans-serif; font-size: 12pt;\">Grupa:<\/span><\/strong><\/p>\n<p><strong><span style=\"font-family: trebuchet ms, geneva, sans-serif; font-size: 12pt; color: #000000;\">Telefon:<\/span><\/strong><\/p>\n<p><strong><span style=\"font-family: trebuchet ms, geneva, sans-serif; font-size: 12pt; color: #000000;\">E-mail:<\/span><\/strong><\/p>\n<p><span style=\"font-family: trebuchet ms, geneva, sans-serif; font-size: 12pt;\"><img class=\"wp-image-275 size-full\" src=\"https:\/\/us.edu.pl\/instytut\/im\/wp-content\/uploads\/sites\/43\/Nieprzypisane\/ORCID.png\" alt=\"Logo ORCID\" width=\"71\" height=\"22\" \/><\/span><\/td>\n<td style=\"width: 94.0094%; vertical-align: top; height: 170px;\">&nbsp;<\/p>\n<p><span style=\"font-family: trebuchet ms, geneva, sans-serif; font-size: 12pt; color: #000000;\">adiunkt<\/span><\/p>\n<p><span style=\"font-family: trebuchet ms, geneva, sans-serif; font-size: 12pt; color: #000000;\">badawczo-dydaktyczni<\/span><\/p>\n<p><span style=\"font-family: trebuchet ms, geneva, sans-serif; font-size: 12pt;\">32 3689745<\/span><\/p>\n<p><span style=\"font-family: trebuchet ms, geneva, sans-serif; font-size: 12pt; color: #000000;\"><a style=\"color: #000000;\" href=\"zaneta.garczyk-mundala@us.edu.pl\"><span style=\"text-decoration: underline;\">zaneta.garczyk-mundala@us.edu.pl<\/span><\/a><\/span><\/p>\n<p><span style=\"font-family: trebuchet ms, geneva, sans-serif;\"><a href=\"https:\/\/orcid.org\/0000-0003-4345-5315\"><span style=\"font-size: 12pt;\"><span style=\"color: #000000;\">0000-0003-4345-5315<\/span><\/span><\/a><\/span><\/td>\n<\/tr>\n<\/tbody>\n<\/table>\n<p>[\/vc_column_text][\/vc_column][\/vc_row][vc_row][vc_column][vc_separator color=&#8221;black&#8221; style=&#8221;shadow&#8221; border_width=&#8221;2&#8243;][\/vc_column][\/vc_row][vc_row][vc_column][vc_column_text]<\/p>","protected":false},"excerpt":{"rendered":"<p>[vc_row][vc_column width=&#8221;1\/4&#8243;][vc_single_image image=&#8221;1302&#8243; img_size=&#8221;medium&#8221; style=&#8221;vc_box_shadow_3d&#8221; css_animation=&#8221;fadeInLeft&#8221;][\/vc_column][vc_column width=&#8221;3\/4&#8243;][vc_column_text] &nbsp; Stanowisko: Grupa: Telefon: E-mail: &nbsp; adiunkt badawczo-dydaktyczni 32 3689745 zaneta.garczyk-mundala@us.edu.pl 0000-0003-4345-5315 [\/vc_column_text][\/vc_column][\/vc_row][vc_row][vc_column][vc_separator color=&#8221;black&#8221; style=&#8221;shadow&#8221; border_width=&#8221;2&#8243;][\/vc_column][\/vc_row][vc_row][vc_column][vc_column_text] [&#8230;]<\/p>\n<p><a class=\"btn btn-secondary understrap-read-more-link\" href=\"https:\/\/us.edu.pl\/instytut\/iib\/dr-inz-zaneta-garczyk-mundala\/\">Read More&#8230;<\/a><\/p>\n","protected":false},"author":128,"featured_media":0,"parent":0,"menu_order":0,"comment_status":"closed","ping_status":"closed","template":"page-templates\/page-with-bookmarks.php","meta":{"_expiration-date-status":"","_expiration-date":0,"_expiration-date-type":"","_expiration-date-categories":[],"_expiration-date-options":[]},"acf":[],"_links":{"self":[{"href":"https:\/\/us.edu.pl\/instytut\/iib\/wp-json\/wp\/v2\/pages\/5271"}],"collection":[{"href":"https:\/\/us.edu.pl\/instytut\/iib\/wp-json\/wp\/v2\/pages"}],"about":[{"href":"https:\/\/us.edu.pl\/instytut\/iib\/wp-json\/wp\/v2\/types\/page"}],"author":[{"embeddable":true,"href":"https:\/\/us.edu.pl\/instytut\/iib\/wp-json\/wp\/v2\/users\/128"}],"replies":[{"embeddable":true,"href":"https:\/\/us.edu.pl\/instytut\/iib\/wp-json\/wp\/v2\/comments?post=5271"}],"version-history":[{"count":10,"href":"https:\/\/us.edu.pl\/instytut\/iib\/wp-json\/wp\/v2\/pages\/5271\/revisions"}],"predecessor-version":[{"id":5285,"href":"https:\/\/us.edu.pl\/instytut\/iib\/wp-json\/wp\/v2\/pages\/5271\/revisions\/5285"}],"wp:attachment":[{"href":"https:\/\/us.edu.pl\/instytut\/iib\/wp-json\/wp\/v2\/media?parent=5271"}],"curies":[{"name":"wp","href":"https:\/\/api.w.org\/{rel}","templated":true}]}}