{"id":5734,"date":"2026-01-02T12:18:07","date_gmt":"2026-01-02T11:18:07","guid":{"rendered":"https:\/\/us.edu.pl\/instytut\/iib\/?page_id=5734"},"modified":"2026-01-02T12:29:46","modified_gmt":"2026-01-02T11:29:46","slug":"spojnosc-ze-strategia-us","status":"publish","type":"page","link":"https:\/\/us.edu.pl\/instytut\/iib\/strategia\/spojnosc-ze-strategia-us\/","title":{"rendered":"Sp\u00f3jno\u015b\u0107 ze Strategi\u0105 U\u015a"},"content":{"rendered":"<p>[vc_row][vc_column]\r\n                <div class=\"text-modules\">\r\n                    <div class=\"container\">\r\n                        \r\n                        <div class=\"text-modules__content\"><\/p>\n<h1><span style=\"font-family: verdana, geneva, sans-serif;\">Sp\u00f3jno\u015b\u0107 ze Strategi\u0105 Uniwersytetu \u015al\u0105skiego<\/span><\/h1>\n<p><span style=\"font-family: verdana, geneva, sans-serif;\">Strategia badawcza Instytutu In\u017cynierii Biomedycznej zosta\u0142a przygotowana w \u015bcis\u0142ym powi\u0105zaniu ze Strategi\u0105 Rozwoju Uniwersytetu \u015al\u0105skiego na lata 2026\u20132029. Przyj\u0119te cele operacyjne stanowi\u0105 bezpo\u015brednie odzwierciedlenie priorytet\u00f3w uczelnianych w obszarze nauk \u015bcis\u0142ych i technicznych.<\/span><\/p>\n<p><span style=\"font-family: verdana, geneva, sans-serif;\">Dzia\u0142ania Instytutu realizuj\u0105 za\u0142o\u017cenia strategii uniwersyteckiej w czterech podstawowych wymiarach:<\/span><\/p>\n<p><span style=\"font-family: verdana, geneva, sans-serif;\"><b>1. Jako\u015b\u0107 dzia\u0142alno\u015bci naukowej<\/b><br \/>\nRealizujemy polityk\u0119 uczelni w zakresie parametryzacji poprzez publikowanie wynik\u00f3w bada\u0144 w czasopismach o zasi\u0119gu mi\u0119dzynarodowym. Naszym celem jest budowanie dorobku, kt\u00f3ry stanowi podstaw\u0119 do rzetelnej oceny jako\u015bci dzia\u0142alno\u015bci naukowej w dyscyplinie in\u017cynieria biomedyczna.<\/span><\/p>\n<p><span style=\"font-family: verdana, geneva, sans-serif;\"><b>2. Interdyscyplinarno\u015b\u0107<\/b><br \/>\nZgodnie z zasadami dzia\u0142ania Uniwersytetu, \u0142\u0105czymy wiedz\u0119 i metody badawcze z r\u00f3\u017cnych dziedzin. Instytut integruje kompetencje z zakresu in\u017cynierii materia\u0142owej, informatyki i nauk o zdrowiu, realizuj\u0105c w praktyce postulat prowadzenia bada\u0144 na styku dyscyplin.<\/span><\/p>\n<p><span style=\"font-family: verdana, geneva, sans-serif;\"><b>3. Relacje z otoczeniem<\/b><br \/>\nWpisujemy si\u0119 w misj\u0119 spo\u0142ecznej odpowiedzialno\u015bci uczelni poprzez wsp\u00f3\u0142prac\u0119 ze \u015brodowiskiem klinicznym oraz partnerami gospodarczymi. Nasze dzia\u0142ania koncentruj\u0105 si\u0119 na transferze wiedzy i opracowywaniu rozwi\u0105za\u0144 technicznych, kt\u00f3re znajduj\u0105 zastosowanie w ochronie zdrowia.<\/span><\/p>\n<p><span style=\"font-family: verdana, geneva, sans-serif;\"><b>4. Rozw\u00f3j kadry<\/b><br \/>\nWspieramy rozw\u00f3j naukowy pracownik\u00f3w i doktorant\u00f3w, realizuj\u0105c polityk\u0119 kadrow\u0105 Uniwersytetu. K\u0142adziemy nacisk na systematyczne podnoszenie kompetencji badawczych, uzyskiwanie kolejnych stopni naukowych oraz mobilno\u015b\u0107 akademick\u0105.<\/span><\/p>\n<\/div>\r\n                    <\/div>\r\n                <\/div>[\/vc_column][\/vc_row][vc_row][vc_column][vc_column_text][\/vc_column_text][\/vc_column][\/vc_row][vc_row][vc_column][vc_column_text][\/vc_column_text][\/vc_column][\/vc_row][vc_row][vc_column][vc_column_text]<\/p>","protected":false},"excerpt":{"rendered":"<p>[vc_row][vc_column][\/vc_column][\/vc_row][vc_row][vc_column][vc_column_text][\/vc_column_text][\/vc_column][\/vc_row][vc_row][vc_column][vc_column_text][\/vc_column_text][\/vc_column][\/vc_row][vc_row][vc_column][vc_column_text] [&#8230;]<\/p>\n<p><a class=\"btn btn-secondary understrap-read-more-link\" href=\"https:\/\/us.edu.pl\/instytut\/iib\/strategia\/spojnosc-ze-strategia-us\/\">Read More&#8230;<\/a><\/p>\n","protected":false},"author":128,"featured_media":0,"parent":5654,"menu_order":2,"comment_status":"closed","ping_status":"closed","template":"page-templates\/page-with-sidebar-and-bookmarks.php","meta":{"_expiration-date-status":"","_expiration-date":0,"_expiration-date-type":"","_expiration-date-categories":[],"_expiration-date-options":[]},"acf":[],"_links":{"self":[{"href":"https:\/\/us.edu.pl\/instytut\/iib\/wp-json\/wp\/v2\/pages\/5734"}],"collection":[{"href":"https:\/\/us.edu.pl\/instytut\/iib\/wp-json\/wp\/v2\/pages"}],"about":[{"href":"https:\/\/us.edu.pl\/instytut\/iib\/wp-json\/wp\/v2\/types\/page"}],"author":[{"embeddable":true,"href":"https:\/\/us.edu.pl\/instytut\/iib\/wp-json\/wp\/v2\/users\/128"}],"replies":[{"embeddable":true,"href":"https:\/\/us.edu.pl\/instytut\/iib\/wp-json\/wp\/v2\/comments?post=5734"}],"version-history":[{"count":4,"href":"https:\/\/us.edu.pl\/instytut\/iib\/wp-json\/wp\/v2\/pages\/5734\/revisions"}],"predecessor-version":[{"id":5765,"href":"https:\/\/us.edu.pl\/instytut\/iib\/wp-json\/wp\/v2\/pages\/5734\/revisions\/5765"}],"up":[{"embeddable":true,"href":"https:\/\/us.edu.pl\/instytut\/iib\/wp-json\/wp\/v2\/pages\/5654"}],"wp:attachment":[{"href":"https:\/\/us.edu.pl\/instytut\/iib\/wp-json\/wp\/v2\/media?parent=5734"}],"curies":[{"name":"wp","href":"https:\/\/api.w.org\/{rel}","templated":true}]}}