{"id":5804,"date":"2026-02-12T12:18:18","date_gmt":"2026-02-12T11:18:18","guid":{"rendered":"https:\/\/us.edu.pl\/instytut\/iib\/?page_id=5804"},"modified":"2026-02-12T12:18:18","modified_gmt":"2026-02-12T11:18:18","slug":"tematy-badawcze-2026-2027","status":"publish","type":"page","link":"https:\/\/us.edu.pl\/instytut\/iib\/tematy-badawcze-2026-2027\/","title":{"rendered":"Tematy badawcze 2026\/2027"},"content":{"rendered":"<p>[vc_row][vc_column]\r\n                <div class=\"text-modules\">\r\n                    <div class=\"container\">\r\n                        \r\n                        <div class=\"text-modules__content\"><\/p>\n<p style=\"text-align: center;\"><strong>Temat 1:<\/strong><\/p>\n<p><strong>Promotor:<\/strong> dr hab. Sebastian Stach, prof. U\u015a<\/p>\n<p><strong>Temat projektu badawczego:<\/strong> <em>Mapowanie proces\u00f3w poznawczych za pomoc\u0105 elektroencefalografii (EEG) i mobilnego obrazowania m\u00f3zgu i cia\u0142a (MoBI) ze standardowych uk\u0142ad\u00f3w eksperymentalnych do \u015brodowiska wirtualnej rzeczywisto\u015bci (VR)<\/em><\/p>\n<p><span class=\"text-format-content \"><strong>Charakterystyka za\u0142o\u017ce\u0144 i cel\u00f3w badawczych:<\/strong> W ramach pracy doktorskiej doktorant\/ka wykona seri\u0119 eksperyment\u00f3w naukowych z udzia\u0142em zdrowych os\u00f3b, z zakresu neuroin\u017cynierii i neuronauki z wykorzystaniem innowacyjnych rozwi\u0105za\u0144 in\u017cynierskich, takich jak systemy VR i MoBI, pozwalaj\u0105ce na realistyczn\u0105 symulacj\u0119 bod\u017ac\u00f3w i reakcji badanych. Badania b\u0119d\u0105 mia\u0142y na celu zmapowanie kluczowych proces\u00f3w poznawczych cz\u0142owieka ze standardowych uk\u0142ad\u00f3w eksperymentalnych do \u015brodowiska VR. To pozwoli na ocen\u0119 wzorc\u00f3w aktywno\u015bci elektrycznej m\u00f3zgu mierzonych za pomoc\u0105 EEG i potencja\u0142\u00f3w wywo\u0142anych m\u00f3zgu (ERP), oraz innych sygna\u0142\u00f3w biomedycznych, w warunkach o podwy\u017cszonej ekologicznej trafno\u015bci. W tym celu, doktorant\/ka: (1) zaprojektuje protoko\u0142y badawcze do poszczeg\u00f3lnych eksperyment\u00f3w, (2) opracuje i skonfiguruje specyficzny dla swojego projektu doktoranckiego, system eksperymentalny, pozwalaj\u0105cy na integracj\u0119 i synchronizacj\u0119 wielostrumieniowych danych (EEG, inne sygna\u0142y biomedyczne, \u015brodowisko VR, przesy\u0142anie marker\u00f3w, system do projektowania, prezentacji i kontroli bod\u017ac\u00f3w w VR, np. z wykorzystaniem silnika gier komputerowych Unity), (3) zaprojektuje \u015brodowisko VR, np. za pomoc\u0105 silnika Unity, (4) zrekrutuje i dokona akwizycji danych badawczych na grupach os\u00f3b uczestnicz\u0105cych w badaniu, (5) dokona przetwarzania i analizy zebranych sygna\u0142\u00f3w biomedycznych, i (6) zanalizuje i zinterpretuje otrzymane wyniki bada\u0144.<\/span><\/p>\n<p><strong><span class=\"text-format-content \">Planowany wk\u0142ad w rozw\u00f3j dyscypliny<\/span>:<\/strong> Projekt wnosi znacz\u0105cy wk\u0142ad w rozw\u00f3j in\u017cynierii biomedycznej poprzez opracowanie i zastosowanie zintegrowanych, neuroin\u017cynieryjnych metod rejestracji i analizy sygna\u0142\u00f3w biomedycznych w realistycznych \u015brodowiskach wirtualnych, co umo\u017cliwia nowy poziom zrozumienia relacji mi\u0119dzy aktywno\u015bci\u0105 m\u00f3zgu, cia\u0142a i zachowaniem cz\u0142owieka. Uzyskane wyniki i opracowane narz\u0119dzia mog\u0105 by\u0107 wykorzystane do projektowania i walidacji system\u00f3w rejestracji oraz analizy sygna\u0142\u00f3w biomedycznych w warunkach naturalistycznych, a tak\u017ce w rozwoju inteligentnych technologii neurointerfejs\u00f3w, adaptacyjnych \u015brodowisk VR, i system\u00f3w wspomagaj\u0105cych neurorehabilitacj\u0119.<\/p>\n<p><strong><span class=\"text-format-content \">Opis wymaga\u0144\u00a0\u2013 wiedza, umiej\u0119tno\u015bci i kompetencje spo\u0142eczne kandydata<\/span>:<\/strong> Do\u015bwiadczenie w akwizycji sygna\u0142u EEG; do\u015bwiadczenie w prowadzeniu bada\u0144 naukowych z zakresu neuronauki i\/lub neuroin\u017cynierii z wykorzystaniem EEG i VR; umiej\u0119tno\u015b\u0107 projektowania scenariuszy z zakresu neuronauki i\/lub neuroin\u017cynierii z wykorzystaniem sygna\u0142\u00f3w biomedycznych z wykorzystaniem oprogramowania PsychoPy; znajomo\u015b\u0107 metod przetwarzania i analizy sygna\u0142u EEG, w szczeg\u00f3lno\u015bci m\u00f3zgowych potencja\u0142\u00f3w wywo\u0142anych (ERP) z wykorzystaniem oprogramowania MATLAB; wiedza na temat proces\u00f3w poznawczych cz\u0142owieka, neurofizjologii; do\u015bwiadczenie w prezentacji wynik\u00f3w bada\u0144 na konferencjach naukowych i wydarzeniach popularyzuj\u0105cych nauk\u0119; do\u015bwiadczenie w realizacji projekt\u00f3w badawczych.<\/p>\n<p style=\"text-align: center;\"><strong>Temat 2:<\/strong><\/p>\n<p><strong>Promotor:<\/strong> dr hab. Sebastian Stach, prof. U\u015a<\/p>\n<p><strong>Temat projektu badawczego:<\/strong> <em>Badanie wska\u017anik\u00f3w aktywno\u015bci autonomicznego uk\u0142adu nerwowego (AUN) i reakcji behawioralnych za pomoc\u0105 sygna\u0142\u00f3w biomedycznych w odpowiedzi na bod\u017ace ze \u015brodowiska w naturalnych warunkach \u015brodowiskowych wykorzystuj\u0105c mobilne obrazowanie m\u00f3zgu i cia\u0142a (MoBI)\u00a0<\/em><\/p>\n<p><span class=\"text-format-content \"><strong>Charakterystyka za\u0142o\u017ce\u0144 i cel\u00f3w badawczych:<\/strong><\/span> W ramach pracy doktorskiej doktorant\/ka skupi si\u0119 na badaniu wska\u017anik\u00f3w aktywno\u015bci autonomicznego uk\u0142adu nerwowego (AUN) i reakcji behawioralnych w odpowiedzi na bod\u017ace docieraj\u0105ce do cz\u0142owieka z otoczenia w naturalnych warunkach \u015brodowiskowych. W tym celu, dokona serii eksperyment\u00f3w naukowych z udzia\u0142em zdrowych os\u00f3b, opartych na pomiarze peryferyjnych sygna\u0142\u00f3w biomedycznych, w szczeg\u00f3lno\u015bci elektrokardiografii (EKG) i sygna\u0142u oddechowego. Zastosowanie MoBI pozwoli na rejestracj\u0119 sygna\u0142\u00f3w podczas ruchu, np. chodzenia i manipulowania obiektami, dzi\u0119ki czemu doktorant\/ka b\u0119dzie mog\u0142a zbada\u0107 autonomiczne i neuronalne reakcje cz\u0142owieka w kontek\u015bcie rzeczywistego zachowania w realistycznych warunkach zbli\u017conych do rzeczywistych warunk\u00f3w \u015brodowiskowych, kt\u00f3rych cz\u0142owiek do\u015bwiadcza w codziennym \u017cyciu. W tym celu, doktorant\/ka: (1) zaprojektuje protoko\u0142y badawcze do poszczeg\u00f3lnych eksperyment\u00f3w, (2) opracuje i skonfiguruje specyficzny dla swojego projektu doktoranckiego, system eksperymentalny, pozwalaj\u0105cy na integracj\u0119 i synchronizacj\u0119 wielostrumieniowych danych (EKG, sygna\u0142 oddechowy, ewentualne inne sygna\u0142y biomedyczne, przesy\u0142anie marker\u00f3w, system do projektowania, prezentacji i kontroli bod\u017ac\u00f3w), (3) zrekrutuje i dokona akwizycji danych badawczych na grupie os\u00f3b uczestnicz\u0105cych w badaniu, (4) dokona przetwarzania i analizy zebranych sygna\u0142\u00f3w biomedycznych, i (5) zanalizuje i zinterpretuje otrzymane wyniki bada\u0144.<\/p>\n<p><strong><span class=\"text-format-content \">Planowany wk\u0142ad w rozw\u00f3j dyscypliny<\/span>:<\/strong> Projekt wnosi znacz\u0105cy wk\u0142ad w rozw\u00f3j in\u017cynierii biomedycznej poprzez opracowanie i zastosowanie mobilnych, wielomodalnych metod rejestracji sygna\u0142\u00f3w autonomicznych umo\u017cliwiaj\u0105cych monitorowanie reakcji fizjologicznych cz\u0142owieka w realistycznych warunkach \u015brodowiskowych, co mo\u017ce znale\u017a\u0107 zastosowanie w badaniach nad stresem, emocjami i regulacj\u0105 autonomiczn\u0105 w kontek\u015bcie zdrowia i funkcjonowania poznawczego. Opracowane rozwi\u0105zania mog\u0105 zosta\u0107 wykorzystane do tworzenia bardziej adaptacyjnych i ergonomicznych technologii interakcji cz\u0142owiek\u2013\u015brodowisko oraz cz\u0142owiek\u2013technologia, dzi\u0119ki pog\u0142\u0119bionej wiedzy o autonomicznych reakcjach organizmu na bod\u017ace zewn\u0119trzne i informacyjne, co mo\u017ce wspiera\u0107 rozw\u00f3j technologii lepiej dostosowanych do fizjologii i reaktywno\u015bci cz\u0142owieka, wspomagaj\u0105cych zdrowie, koncentracj\u0119 i dobrostan w \u015brodowiskach wysokiego obci\u0105\u017cenia informacyjnego.<\/p>\n<p><strong><span class=\"text-format-content \">Opis wymaga\u0144\u00a0\u2013 wiedza, umiej\u0119tno\u015bci i kompetencje spo\u0142eczne kandydata<\/span>: <\/strong>Do\u015bwiadczenie w akwizycji bezprzewodowego sygna\u0142u oddechowego i EKG; do\u015bwiadczenie w prowadzeniu bada\u0144 naukowych z zakresu neuronauki i\/lub neuroin\u017cynierii z wykorzystaniem sygna\u0142u oddechowego, EKG i VR; umiej\u0119tno\u015b\u0107 projektowania scenariuszy z zakresu neuronauki i\/lub neuroin\u017cynierii z wykorzystaniem sygna\u0142\u00f3w biomedycznych z wykorzystaniem oprogramowania PsychoPy; umiej\u0119tno\u015b\u0107 programowania w j\u0119zyku PYTHON; umiej\u0119tno\u015b\u0107 tworzenia scen VR z wykorzystaniem silnika gier komputerowych Unity; znajomo\u015b\u0107 metod przetwarzania i analizy sygna\u0142u oddechowego i EKG z wykorzystaniem oprogramowania MATLAB lub AcqKnowledge; wiedza na temat proces\u00f3w poznawczych cz\u0142owieka, neurofizjologii; do\u015bwiadczenie w prezentacji wynik\u00f3w bada\u0144 na konferencjach naukowych i wydarzeniach popularyzuj\u0105cych nauk\u0119; do\u015bwiadczenie w realizacji projekt\u00f3w badawczych.<\/p>\n<p style=\"text-align: center;\"><strong>Temat 3:<\/strong><\/p>\n<p><strong>Promotor:<\/strong> dr hab. Sebastian Stach, prof. U\u015a<\/p>\n<p><strong><span class=\"text-format-content \">Temat projektu badawczego<\/span>: <\/strong><em>Badanie pami\u0119ci epizodycznej twarzy za pomoc\u0105 zaawansowanych technik analizy sygna\u0142\u00f3w biomedycznych i \u015bledzenia mimiki z wykorzystaniem technik uczenia maszynowego (UM)<\/em><\/p>\n<p><span class=\"text-format-content \"><strong>Charakterystyka za\u0142o\u017ce\u0144 i cel\u00f3w badawczych:<\/strong> W ramach pracy doktorskiej doktorant\/ka podejmie temat badania jednego z najwa\u017cniejszych proces\u00f3w poznawczych cz\u0142owieka, jakim jest pami\u0119\u0107, w szczeg\u00f3lno\u015bci pami\u0119\u0107 epizodyczna. Celem pracy b\u0119dzie analiza neurofizjologicznych mechanizm\u00f3w pami\u0119ci epizodycznej w odpowiedzi na bod\u017ace emocjonalne zawieraj\u0105ce twarze o zr\u00f3\u017cnicowanym wyrazie emocji. W pracy zostan\u0105 wykorzystane techniki neuroin\u017cynieryjne umo\u017cliwiaj\u0105ce wielomodalny, obiektywny pomiar aktywno\u015bci neurofizjologicznej: sygna\u0142y biomedyczne (twarzowa elektromiografia, fEMG; aktywno\u015b\u0107 elektrodermalna, EDA; sygna\u0142 oddechowy) oraz \u015bledzenie mimiki. Badania b\u0119d\u0105 wzbogacone o zaawansowane techniki analizy danych z wykorzystaniem metod UM. W tym celu, doktorant\/ka: (1) zaprojektuje protoko\u0142y badawcze do poszczeg\u00f3lnych eksperyment\u00f3w, (2) opracuje i skonfiguruje specyficzny dla swojego projektu doktoranckiego, system eksperymentalny, pozwalaj\u0105cy na integracj\u0119 i synchronizacj\u0119 wielostrumieniowych danych (fEMG, EDA, sygna\u0142 oddechowy, przesy\u0142anie marker\u00f3w, system do projektowania, prezentacji i kontroli bod\u017ac\u00f3w), (3) zrekrutuje i dokona akwizycji danych badawczych na grupie os\u00f3b uczestnicz\u0105cych w badaniu, (4) dokona przetwarzania i analizy zebranych sygna\u0142\u00f3w biomedycznych, (5) dokona dekodowania otrzymanych danych z wykorzystaniem algorytm\u00f3w UM, (6) dokona dekodowania nagra\u0144 wideo mimiki twarzy badanych os\u00f3b za pomoc\u0105 algorytm\u00f3w ML, i (7) zanalizuje i zinterpretuje otrzymane wyniki bada\u0144.\u00a0<\/span><\/p>\n<p><strong><span class=\"text-format-content \">Planowany wk\u0142ad w rozw\u00f3j dyscypliny<\/span>: <\/strong>Projekt wnosi istotny wk\u0142ad w rozw\u00f3j in\u017cynierii biomedycznej poprzez zastosowanie metod uczenia maszynowego do modelowania i predykcji proces\u00f3w pami\u0119ci epizodycznej w odpowiedzi na bod\u017ace emocjonalne, w szczeg\u00f3lno\u015bci podczas rozpoznawania twarzy o zr\u00f3\u017cnicowanym wyrazie emocji, co pozwala na lepsze zrozumienie mechanizm\u00f3w integracji emocji i pami\u0119ci w ludzkim m\u00f3zgu. Projekt ten mo\u017ce znale\u017a\u0107 zastosowanie w rozwoju technologii wspomagaj\u0105cych diagnostyk\u0119 poznawcz\u0105, analiz\u0119 emocji oraz inteligentne systemy interakcji cz\u0142owiek\u2013komputer. Opracowane modele i rozwi\u0105zania technologiczne mog\u0105 znale\u017a\u0107 zastosowanie w rozwoju system\u00f3w biomedycznych wspomagaj\u0105cych diagnostyk\u0119 i terapi\u0119 zaburze\u0144 afektywnych i poznawczych oraz w inteligentnych interfejsach cz\u0142owiek\u2013komputer reaguj\u0105cych na ekspresj\u0119 mimiki i stan emocjonalny u\u017cytkownika. Lepsze metody rozpoznawania mimiki przyczyni\u0105 si\u0119 do rozwoju zaawansowanych system\u00f3w sztucznej inteligencji zdolnych do przewidywania i interpretowania ludzkich zachowa\u0144 na podstawie analizy wideo twarzy.<\/p>\n<p><strong><span class=\"text-format-content \">Opis wymaga\u0144\u00a0\u2013 wiedza, umiej\u0119tno\u015bci i kompetencje spo\u0142eczne kandydata<\/span>:<\/strong> Do\u015bwiadczenie w akwizycji sygna\u0142u fEMG i EDA; do\u015bwiadczenie w prowadzeniu bada\u0144 naukowych z zakresu neuronauki i\/lub neuroin\u017cynierii z wykorzystaniem sygna\u0142u fEMG i EDA; znajomo\u015b\u0107 metod przetwarzania i analizy sygna\u0142u fEMG, EDA z wykorzystaniem oprogramowania MATLAB lub AcqKnowledge; znajomo\u015b\u0107 technik UM; do\u015bwiadczenie w wykorzystaniu UM w analizie sygna\u0142\u00f3w biomedycznych w celu interpretacji; wiedza na temat proces\u00f3w poznawczych cz\u0142owieka, neurofizjologii; do\u015bwiadczenie w prezentacji wynik\u00f3w bada\u0144 na konferencjach naukowych i wydarzeniach popularyzuj\u0105cych nauk\u0119.<\/p>\n<p style=\"text-align: center;\"><strong>Temat 4:<\/strong><\/p>\n<p><strong>Promotor:<\/strong> prof. dr hab. in\u017c. Robert Koprowski<\/p>\n<p><strong><span class=\"text-format-content \">Temat projektu badawczego<\/span>:<\/strong> <em>Auksetyczne tuleje i \u201er\u0119kawy\u201d medyczne o regulowanej \u015brednicy<\/em><\/p>\n<p><span class=\"text-format-content \"><strong>Charakterystyka za\u0142o\u017ce\u0144 i cel\u00f3w badawczych: <\/strong><\/span>Za\u0142o\u017ceniem tematu jest zaprojektowanie i zbadanie wygodnych w u\u017cyciu, cylindrycznych \u201er\u0119kaw\u00f3w\u201d kompresyjnych opartych na strukturach auxetycznych. Dzi\u0119ki ujemnemu wsp\u00f3\u0142czynnikowi Poissona takie tuleje nie tylko zw\u0119\u017caj\u0105 si\u0119 lub rozszerzaj\u0105, ale r\u00f3wnocze\u015bnie zmieniaj\u0105 swoj\u0105 grubo\u015b\u0107, co pozwala uzyska\u0107 bardziej r\u00f3wnomierny i przewidywalny ucisk na tkanki ni\u017c w klasycznych opaskach kompresyjnych. Pomys\u0142 polega na tym, aby z p\u0142askiego metamateria\u0142u auxetycznego (np. zbudowanego z odpowiednio po\u0142\u0105czonych prostok\u0105tnych kom\u00f3rek) \u201ezwin\u0105\u0107\u201d tulej\u0119, kt\u00f3rej zachowanie mo\u017cna \u015bwiadomie kszta\u0142towa\u0107: kontrolowa\u0107, jak zmiana \u015brednicy przek\u0142ada si\u0119 na nacisk i jak du\u017ce odkszta\u0142cenia s\u0105 jeszcze bezpieczne dla konstrukcji i u\u017cytkownika.<\/p>\n<p>G\u0142\u00f3wnym celem badawczym b\u0119dzie opracowanie modeli geometrycznych i numerycznych takich r\u0119kaw\u00f3w \u2013 tak dobranie wielko\u015bci kom\u00f3rek, grubo\u015bci \u015bcianek i materia\u0142u, aby uzyska\u0107 po\u017c\u0105dane przedzia\u0142y ucisku w typowych sytuacjach klinicznych, np. w terapii obrz\u0119k\u00f3w, profilaktyce zakrzepicy czy stabilizacji staw\u00f3w. Wa\u017cn\u0105 cz\u0119\u015bci\u0105 pracy b\u0119dzie te\u017c budowa prototyp\u00f3w (np. z u\u017cyciem druku 3D lub wycinania laserowego) i ich praktyczne testy: pomiar tego, jak zmienia si\u0119 \u015brednica tulei, jakie si\u0142y dzia\u0142aj\u0105 okr\u0119\u017cnie oraz jaki nacisk odczuwa \u201esztuczna tkanka\u201d przy r\u00f3\u017cnych stopniach rozci\u0105gni\u0119cia lub skr\u00f3cenia r\u0119kawa.<\/p>\n<p><strong><span class=\"text-format-content \">Planowany wk\u0142ad w rozw\u00f3j dyscypliny<\/span>: <\/strong>Planowany wk\u0142ad tej pracy w rozw\u00f3j in\u017cynierii biomedycznej polega na pokazaniu, \u017ce o skuteczno\u015bci wyrobu kompresyjnego mo\u017ce decydowa\u0107 przede wszystkim jego geometria, a nie tylko rodzaj zastosowanego materia\u0142u. Projektowane auxetyczne \u201er\u0119kawy\u201d maj\u0105 pozwoli\u0107 tworzy\u0107 bardziej \u015bwiadomie kszta\u0142towane profile nacisku, lepiej dopasowane do leczenia obrz\u0119k\u00f3w, profilaktyki zakrzepicy czy stabilizacji staw\u00f3w.<\/p>\n<p>Praca ma dostarczy\u0107 konkretne modele obliczeniowe i zweryfikowane eksperymentalnie zasady projektowania cylindrycznych struktur auxetycznych z my\u015bl\u0105 o zastosowaniach medycznych. Opracowana metodyka \u2013 od doboru parametr\u00f3w kom\u00f3rki, przez przewidywanie poziomu kompresji, a\u017c po sprawdzenie trwa\u0142o\u015bci prototyp\u00f3w \u2013 mo\u017ce sta\u0107 si\u0119 praktycznym punktem wyj\u015bcia dla kolejnych konstrukcji metamateria\u0142\u00f3w w kompresjoterapii, ortotyce i rehabilitacji.<\/p>\n<p style=\"text-align: center;\"><strong>Temat 5:<\/strong><\/p>\n<p><strong>Promotor:<\/strong> prof. dr hab. in\u017c. Robert Koprowski<\/p>\n<p><strong><span class=\"text-format-content \">Temat projektu badawczego<\/span>:<\/strong> <em>Wp\u0142yw parametr\u00f3w piaskowania (ci\u015bnienia, odleg\u0142o\u015bci, czasu aplikacji i k\u0105ta strumienia) na stan powierzchni szkliwa i uzupe\u0142nie\u0144 dentystycznych\u2013 badanie in vitro<\/em><\/p>\n<p><span class=\"text-format-content \"><strong>Charakterystyka za\u0142o\u017ce\u0144 i cel\u00f3w badawczych:<\/strong> Badanie b\u0119dzie prowadzone w warunkach laboratoryjnych, tak aby w pe\u0142ni kontrolowa\u0107 to, co dzieje si\u0119 na powierzchni z\u0119b\u00f3w i materia\u0142\u00f3w stomatologicznych. Skupia si\u0119 ono na tym, jak zmiana ustawie\u0144 urz\u0105dzenia do piaskowania \u2013 takich jak ci\u015bnienie, odleg\u0142o\u015b\u0107 ko\u0144c\u00f3wki od powierzchni, czas dzia\u0142ania oraz k\u0105t padania strumienia \u2013 wp\u0142ywa na szkliwo i r\u00f3\u017cne uzupe\u0142nienia (np. kompozyty czy ceramik\u0119).<br \/>\nZa\u0142o\u017ceniem projektu jest przygotowanie jednakowych pr\u00f3bek szkliwa i materia\u0142\u00f3w odbudowuj\u0105cych, a nast\u0119pnie poddanie ich piaskowaniu przy r\u00f3\u017cnych kombinacjach parametr\u00f3w pracy urz\u0105dzenia. Po ka\u017cdej ekspozycji oceniana b\u0119dzie chropowato\u015b\u0107 powierzchni oraz ewentualny ubytek materia\u0142u. G\u0142\u00f3wnym celem jest wskazanie takich ustawie\u0144, kt\u00f3re z jednej strony nie niszcz\u0105 nadmiernie szkliwa i uzupe\u0142nie\u0144, a z drugiej pozwalaj\u0105 uzyska\u0107 powierzchni\u0119 odpowiednio oczyszczon\u0105 lub przygotowan\u0105 do dalszych procedur. Dzi\u0119ki temu mo\u017cliwe b\u0119dzie zaproponowanie praktycznych, bezpieczniejszych rekomendacji dla codziennej pracy klinicznej.<\/span><\/p>\n<p><strong><span class=\"text-format-content \">Planowany wk\u0142ad w rozw\u00f3j dyscypliny<\/span>: <\/strong>Planowane badanie ma w prosty, \u201epraktyczny\u201d spos\u00f3b pokaza\u0107, co tak naprawd\u0119 dzieje si\u0119 ze szkliwem i uzupe\u0142nieniami, kiedy piaskujemy je przy r\u00f3\u017cnych ustawieniach urz\u0105dzenia. Chodzi o to, by nie tylko wiedzie\u0107, \u017ce powierzchnia jest czysta, ale te\u017c rozumie\u0107, jak bardzo zmienia si\u0119 jej chropowato\u015b\u0107 i ile materia\u0142u realnie tracimy.<br \/>\nDzi\u0119ki uzyskanym wynikom b\u0119dzie mo\u017cna wskaza\u0107 takie parametry piaskowania, kt\u00f3re s\u0105 bezpieczne dla szkliwa i uzupe\u0142nie\u0144, a jednocze\u015bnie skuteczne w oczyszczaniu. To prze\u0142o\u017cy si\u0119 na konkretne, \u0142atwe do zastosowania zalecenia dla dentyst\u00f3w i higienistek, a w dalszej perspektywie pomo\u017ce lepiej planowa\u0107 badania kliniczne nad jeszcze bardziej \u201e\u0142agodnymi\u201d i efektywnymi protoko\u0142ami.<\/p>\n<p>\n<\/div>\r\n                    <\/div>\r\n                <\/div>[\/vc_column][\/vc_row]<\/p>","protected":false},"excerpt":{"rendered":"<p>[vc_row][vc_column][\/vc_column][\/vc_row] [&#8230;]<\/p>\n<p><a class=\"btn btn-secondary understrap-read-more-link\" href=\"https:\/\/us.edu.pl\/instytut\/iib\/tematy-badawcze-2026-2027\/\">Read More&#8230;<\/a><\/p>\n","protected":false},"author":128,"featured_media":0,"parent":0,"menu_order":0,"comment_status":"closed","ping_status":"closed","template":"","meta":{"_expiration-date-status":"","_expiration-date":0,"_expiration-date-type":"","_expiration-date-categories":[],"_expiration-date-options":[]},"acf":[],"_links":{"self":[{"href":"https:\/\/us.edu.pl\/instytut\/iib\/wp-json\/wp\/v2\/pages\/5804"}],"collection":[{"href":"https:\/\/us.edu.pl\/instytut\/iib\/wp-json\/wp\/v2\/pages"}],"about":[{"href":"https:\/\/us.edu.pl\/instytut\/iib\/wp-json\/wp\/v2\/types\/page"}],"author":[{"embeddable":true,"href":"https:\/\/us.edu.pl\/instytut\/iib\/wp-json\/wp\/v2\/users\/128"}],"replies":[{"embeddable":true,"href":"https:\/\/us.edu.pl\/instytut\/iib\/wp-json\/wp\/v2\/comments?post=5804"}],"version-history":[{"count":1,"href":"https:\/\/us.edu.pl\/instytut\/iib\/wp-json\/wp\/v2\/pages\/5804\/revisions"}],"predecessor-version":[{"id":5805,"href":"https:\/\/us.edu.pl\/instytut\/iib\/wp-json\/wp\/v2\/pages\/5804\/revisions\/5805"}],"wp:attachment":[{"href":"https:\/\/us.edu.pl\/instytut\/iib\/wp-json\/wp\/v2\/media?parent=5804"}],"curies":[{"name":"wp","href":"https:\/\/api.w.org\/{rel}","templated":true}]}}