{"id":993,"date":"2020-07-28T08:28:08","date_gmt":"2020-07-28T06:28:08","guid":{"rendered":"https:\/\/us.edu.pl\/instytut\/iib\/?page_id=993"},"modified":"2020-12-04T13:53:20","modified_gmt":"2020-12-04T12:53:20","slug":"wspolpraca-naukowa","status":"publish","type":"page","link":"https:\/\/us.edu.pl\/instytut\/iib\/wspolpraca\/wspolpraca-naukowa\/","title":{"rendered":"Wsp\u00f3\u0142praca naukowa"},"content":{"rendered":"<p>[vc_row][vc_column]\r\n                <div class=\"text-modules\">\r\n                    <div class=\"container\">\r\n                        <h3 class=\"page-title text__title\">Wsp\u00f3\u0142praca naukowa<\/h3>\r\n                        <div class=\"text-modules__content\"><p>2VisareRIO, Instituto de Olhos Renato Ambr\u00f3sio, Rio de Janeiro, RJ, Brazil<\/p>\n<p>Academy of Technological Sciences of Ukraine, National University of Kiev, Kiev, Ukraine<\/p>\n<p>AGH University of Science and Technology, Faculty of Energy and Fuels, Department of Nuclear Energy, Krak\u00f3w, Poland<\/p>\n<p>AGH University of Science and Technology, Faculty of Physics and Applied Computer Science, Department of Medical Physics and Biophysics, Krak\u00f3w, Poland<\/p>\n<p>Alzahra University, Department of Physics, Tehran, Iran<\/p>\n<p>Arak University of Technology, Department of Mechanical Engineering, Arak, Iran<\/p>\n<p>Beijing Institute of Ophthalmology, Beijing Tongren Eye Center, Beijing Tongren Hospital, Capital Medical University, Beijing, China<\/p>\n<p>Beijing Ophthalmology &amp; Visual Sciences Key Laboratory, Beijing, China<\/p>\n<p>Brazilian Study Group of Artificial Intelligence and Corneal Analysis-BRAIN, Rio de Janeiro, RJ, Brazil<\/p>\n<p>Brno University of Technology, Faculty of Electrical Engineering and Communication, Physics Department, Brno, Czech Republic<\/p>\n<p>Center of Research and Technological Development in Electrochemistry (CIDETEQ), Parque Tecnol\u00f3gico Sanfandila, Pedro Escobedo, Santiago de Quer\u00e9taro, Mexico<\/p>\n<p>Centro de Inform\u00e1tica (CIn) &#8211; Universidade Federal de Pernambuco (UFPE) &#8211; v. Jornalista An\u00edbal Fernandes, Cidade Universit\u00e1ria, Recife, PE, Brazil<\/p>\n<p>Centro Polispecialistico Mediterraneo Via Chiubica SNC, Sellia Marina, Italy<\/p>\n<p>Chair and Department of Ophthalmology, School of Medicine with the Division of Dentistry in Zabrze, Medical University of Silesia, Katowice, Poland<\/p>\n<p>Ciudad Universitaria Puebla, Benem\u00e9rita Universidad Aut\u00f3noma de Puebla, Chemistry Center ICUAP , Puebla, Mexico<\/p>\n<p>Clinical Department of Ophthalmology, School of Medicine with the Division of Dentistry in Zabrze, Medical University of Silesia, Katowice, Poland<\/p>\n<p>ComfortDent, Katowice, Poland<\/p>\n<p>Dagestan State University, Faculty of Physics, Makhachkala, Dagestan Republic, Russia<\/p>\n<p>Dental Polyclinic, Zagreb, Croatia<\/p>\n<p>Department and Clinic of Laryngology, School of Medicine in Katowice Medical University of Silesia in Katowice, Poland<\/p>\n<p>Department of Basic Biomedical Science, School of Pharmacy with the Division of Laboratory Medicine in Sosnowiec, Medical University of Silesia, Sosnowiec, Poland<\/p>\n<p>Department of Biochemistry and Medical Chemistry, Pomeranian Medical University, Szczecin, Poland<\/p>\n<p>Department of Biochemistry, Molecular Medicine and Nutrigenomics, The Faculty of Pharmacy, Medical University of Varna, Bulgaria<\/p>\n<p>Department of Bioengineering, University of Pennsylvania, Philadelphia, USA<\/p>\n<p>Department of Biomedical Computer Systems, Faculty of Computer Science and Materials Science, Institute of Instituto Oftalmol\u00f3gico Fern\u00e1ndez-Vega, Oviedo, Spain<\/p>\n<p>Department of Biomedical Computer Systems, University of Silesia, Faculty of Computer Science and Materials Science, Institute of Computer Science, Sosnowiec, Poland<\/p>\n<p>Department of Biosensors and Biomedical Signals Processing Silesian University of Technology, Zabrze, Poland<\/p>\n<p>Department of Biotechnology and Genetic Engineering, School of Pharmacy with the Division of Laboratory Medicine in Sosnowiec Medical University of Silesia, Sosnowiec, Poland<\/p>\n<p>Department of Clinical Chemistry and Laboratory Diagnostics, School of Pharmacy with the Division of Laboratory Medicine in Sosnowiec, Medical University of Silesia, Sosnowiec, Poland<\/p>\n<p>Department of Community Pharmacy, School of Pharmacy with the Division of Laboratory Medicine in Sosnowiec, Medical University of Silesia in Katowice, Katowice, Poland<\/p>\n<p>Department of Cosmetology, School of Pharmacy with the Division of Laboratory Medicine in Sosnowiec, Medical University of Silesia in Katowice, Sosnowiec, Poland<\/p>\n<p>Department of Medicine, Katowice School of Economics, Katowice, Poland<\/p>\n<p>Department of Molecular Biology, School of Pharmacy with the Division of Laboratory Medicine in Sosnowiec, Medical University of Silesia in Katowice, Poland<\/p>\n<p>Department of Ophthalmology &amp; Visual Science and Department of Biomedical Engineering, The Ohio State University, Columbus, OH, USA<\/p>\n<p>Department of Ophthalmology of Federal University of S\u00e3o Paulo, S\u00e3o Paulo, Brazil<\/p>\n<p>Department of Ophthalmology with Paediatric Unit, St. Barbara Hospital, Trauma Center, Sosnowiec, Poland<\/p>\n<p>Department of Ophthalmology, University of Debrecen, Budapest, Hungary<\/p>\n<p>Department of Ophthalmology\/DECIGE, Federal University of the State of Rio de Janeiro, Rio de Janeiro, RJ, Brazil<\/p>\n<p>Department of Skin Structural Studies, School of Pharmacy with the Division of Laboratory Medicine in Sosnowiec, Medical University of Silesia in Katowice, Poland<\/p>\n<p>Department of Surgical Sciences, Division of Ophthalmology, University of Insubria, Varese, Italy<\/p>\n<p>Division of Orthodontics, Pomeranian Medical University, Szczecin, Poland<\/p>\n<p>Division of Orthodontics, Technical University Dresden, Dresden, Germany<\/p>\n<p>Eye Center, Humanitas Clinical and Research Center, Rozzano, Italy<\/p>\n<p>Faculty of Christian Philosophy, Institute of Psychology, Cardinal Stefan Wyszynski University in Warsaw, Warszawa, Poland<\/p>\n<p>Federal University of the State of Rio de Janeiro, Brazil<\/p>\n<p>First Department of Ophthalmology, Pomeranian Medical University, Szczecin, Poland<\/p>\n<p>Guru Nanak Dev University, Department of Physics, Material Science Research Laboratory, Amritsar, Punjab, India<\/p>\n<p>HELIMED Diagnostic Imaging, Katowice, Poland<\/p>\n<p>Humanitas University, Rozzano, Italy<\/p>\n<p>Institut &#8222;Rudjer Boskovic&#8221;, Zagreb, Croatia<\/p>\n<p>Institut National de la Recherche Scientifique (INRS), Varennes, Canada<\/p>\n<p>Institute for Engineering of Polymer Materials and Dyes, Paint and Plastics Department, Gliwice, Poland<\/p>\n<p>Institute of Chemistry, University of Silesia, Katowice, Poland<\/p>\n<p>Institute of Engineering of Polymer Materials and Dyes, Gliwice, Poland<\/p>\n<p>Institute of Materials Science, University of Silesia, Chorz\u00f3w, Poland<\/p>\n<p>Institute of Physics, Wroclaw University of Technology, Wroc\u0142aw, Poland<\/p>\n<p>Institute of Technology and Mechatronics, University of Silesia, Sosnowiec, Poland<\/p>\n<p>Institute of Technology Pedagogical University, Krak\u00f3w, Poland<\/p>\n<p>Instituto de Computa\u00e7\u00e3o (IC) &#8211; Universidade Federal de Alagoas (UFAL), Brazil<\/p>\n<p>Islamic Azad University, Arak Branch, Young Researchers and Elite Club, Arak, Iran<\/p>\n<p>Islamic Azad University, Kermanshah Branch, Department of Physics, Kermanshah, Iran<\/p>\n<p>Islamic Azad University, Kermanshah Branch, Young Researchers and Elite Club, Kermanshah, Iran<\/p>\n<p>Islamic Azad University, Science and Research Branch, Department of Physics, Tehran, Iran<\/p>\n<p>Islamic Azad University, Science and Research Branch, Plasma Physics Research Center , Tehran, Iran<\/p>\n<p>Islamic Azad University, West Tehran Branch, Department of Physics, Tehran, Iran<\/p>\n<p>Islamic Azad University, West Tehran Branch, Young Researchers and Elite Club, Tehran, Iran<\/p>\n<p>Istituto Clinico Humanitas IRCCS, Italy<\/p>\n<p>Istituto Italiano di Tecnologia, Nanophysics Department, Scanning Probe Microscopy Lab, Genova, Italy<\/p>\n<p>Iuliu Ha\u0163ieganu University of Medicine and Pharmacy, Faculty of Dentistry, Department of Periodontology, Cluj-Napoca, Romania<\/p>\n<p>Iuliu Ha\u0163ieganu University of Medicine and Pharmacy, Faculty of Medicine, Department of Surgical Specialties and Medical Imaging, Discipline of Ophthalmology, Cluj-Napoca, Romania<\/p>\n<p>Jagiellonian University, Collegium Medicum, Department of Internal Medicine and Gerontology, Krakow, Poland<\/p>\n<p>Katowice Oncology Center, Katowice, Poland<\/p>\n<p>LEON Witas, B\u0119dzin, Poland<\/p>\n<p>Malayer University, Faculty of Science, Department of Physics, Malayer, Iran<\/p>\n<p>Maria Sk\u0142odowska-Curie National Oncology Institute, National Research Institute, Gliwice, Poland<\/p>\n<p>Masaryk University, Brno, Czech Republic<\/p>\n<p>Medical University of Silesia, Chair and Department of Medical Radiology and Radiodiagnostics \u2013Faculty of Medical Sciences, Zabrze, Department of Radiology and Nuclear Medicine &#8211; Faculty of Medical Sciences, Katowice, Poland<\/p>\n<p>Medical University, Faculty of Pharmacy, Department of Organic Chemistry, Sofia, Bulgaria<\/p>\n<p>Multidisciplinary Department of Medical, Surgical and Dental Sciences, Universit\u00e0 della Campania Luigi Vanvitelli, Napoli, Italy<\/p>\n<p>Nano Mabna Iranian Inc., Tehran, Iran<\/p>\n<p>National Institute for Health Research (NIHR) Biomedical Research Centre for Ophthalmology, Moorfields Eye Hospital NHS Foundation Trust and UCL Institute of Ophthalmology, London, UK<\/p>\n<p>Nuclear Sciences and Technology Research Institute, Physics and Accelerators Research School, Tehran, Iran<\/p>\n<p>OCULUS Optikger\u00e4te GmbH, Wetzlar, Germany<\/p>\n<p>Payame Noor University (PNU), Department of Physics, Tehran, Iran<\/p>\n<p>Razi University, Faculty of Science, Department of Physics, Kermanshah, Iran<\/p>\n<p>Razi University, Nano Science and Technology Research Center, Kermanshah, Iran<\/p>\n<p>Rio de Janeiro Corneal Tomography and Biomechanics Study Group, Rio de Janeiro, RJ, Brazil<\/p>\n<p>Royal Liverpool and Broadgreen University Hospitals NHS Trust, UK<\/p>\n<p>School of Biological Science and Biomedical Engineering, Beihang University, Beijing, China<\/p>\n<p>School of Engineering, University of Liverpool, Liverpool, UK<\/p>\n<p>School of Pharmacy with the Division of Laboratory Medicine in Sosnowiec, Department of Skin Structural Studies, Medical University of Silesia in Katowice, Sosnowiec, Poland<\/p>\n<p>School of Pharmacy with the Division of Laboratory Medicine in Sosnowiec, Department of Basic Biomedical Science, Medical University of Silesia in Katowice, Sosnowiec, Poland<\/p>\n<p>SICLAB Limited Liability Company, Makhachkala, Dagestan Republic, Russia<\/p>\n<p>Silesian University of Technology, Faculty of Materials Engineering and Metallurgy, Department of Materials Science, Katowice, Poland<\/p>\n<p>Sports Diagnostics Center Diagnostix, Wis\u0142a, Poland<\/p>\n<p>Technical University of Cluj-Napoca, Faculty of Mechanical Engineering, Department of Automotive Engineering and Transportation, Discipline of Descriptive Geometry and Engineering Graphics, Cluj-Napoca, Romania<\/p>\n<p>Technical University of Cluj-Napoca, The Directorate of Research, Development and Innovation Management (DMCDI), Cluj-Napoca, Romania<\/p>\n<p>The Jerzy Kukuczka Academy of Physical Education in Katowice, Poland<\/p>\n<p>Univeristy of Silesia, Faculty of Computer Science and Materials Science, Department of Materials Science, Sosnowiec, Poland<\/p>\n<p>Univeristy of Silesia, Faculty of Computer Science and Materials Science, Institute of Informatics, Department of Biomedical Computer Systems, Sosnowiec, Poland<\/p>\n<p>Universidad Aut\u00b4onoma de Nuevo Le\u00b4on (UANL), Facultad de Ciencias F\u00b4\u0131sico Matem\u00b4aticas (FCFM), Av. Universidad s\/n, San Nicol\u00b4as de los Garza, Nuevo Le\u00b4on, Mexico<\/p>\n<p>Universidad Polit\u00e9cnica de Madrid, Instituto Nacional De Educaci\u00f3n F\u00edsica, Madrid, Spain<\/p>\n<p>Universidade Estadual de Ci\u00eancias da Sa\u00fade de Alagoas (UNCISAL), Brazil<\/p>\n<p>Universiti Sains Malaysia, School of Physics, Nano-Optoelectronics Research and Technology Laboratory, Penang, Malaysia<\/p>\n<p>University Hospital in Ostrava, Czech Republic<\/p>\n<p>University of Belgrade, Vin\u010da Institute of Nuclear Sciences, Belgrade, Serbia<\/p>\n<p>University of Bu Ali Sina, Department of Physics, Hamedan, Iran<\/p>\n<p>University of Craiova, Faculty of Mechanical Engineering, Department of Applied Mechanics, Craiova, Dolj, Romania<\/p>\n<p>University of Hradec Kralove, Department of Physics, Hradec Kralove, Czech Republic<\/p>\n<p>University of Miami, College of Engineering, Biomedical Atomic Force Microscopy Laboratory, Coral Gables, USA<\/p>\n<p>University of Milano Bicocca, Department of Materials Science and COMiB Research Center, Milano, Italy<\/p>\n<p>University of Milano Bicocca, Department of Materials Science, Piazza dell\u2019Ateneo Nuovo, Milano, Italy<\/p>\n<p>University of Namur, Research Centre in Physics of Matter and Radiation (PMR), LISE Laboratory, Namur, Belgium<\/p>\n<p>University of Novi Sad, Faculty of Medicine, Department of Restorative Dentistry and Endodontics, Clinic of Dentistry of Vojvodina, Novi Sad, Serbia<\/p>\n<p>University of Novi Sad, Faculty of Medicine, School of Dentistry, Novi Sad, Serbia<\/p>\n<p>University of Novi Sad, Faculty of Technical Sciences, Department for Production Engineering, Novi Sad, Serbia<\/p>\n<p>University of Pardubice, Faculty of Chemical Technology and Centre for Material Science, Department of General and Inorganic Chemistry, Pardubice II, Czech Republic<\/p>\n<p>University of Raparin, Department of Physics, College of Science, Iraq<\/p>\n<p>University of Silesia in Katowice, Faculty of Science and Technology, Institute of Materials Engineering, Chorz\u00f3w, Poland<\/p>\n<p>University of Silesia in Katowice, Faculty of Science and Technology, August Che\u0142kowski Institute of Physics, Chorz\u00f3w, Poland<\/p>\n<p>University of Silesia, Faculty of Computer Science and Materials Science, Institute of Materials Science, Chorz\u00f3w, Poland<\/p>\n<p>University of Sofia, Faculty of Chemistry and Pharmacy, Department of Inorganic Chemistry, Sofia, Bulgaria<\/p>\n<p>University of Sofia, Faculty of Chemistry, Department of Inorganic Chemistry, Sofia, Bulgaria<\/p>\n<p>University of Thi-Qar, Physics Department, Science College, Nassiriya Nanotechnology Research Laboratory (NNRL), Nassiriya, Iraq<\/p>\n<p>University of Zagreb, Faculty of Metallurgy, Sisak, Croatia<\/p>\n<p>University of Zagreb, School of Dental Medicine, Zagreb, Croatia<\/p>\n<p>Vacuum Technology Group, ACECR &#8211; Sharif Branch, Tehran, Iran<\/p>\n<p>Vincieye Clinic, Milan, Italy<\/p>\n<p>Wroclaw University of Technology, Faculty of Civil Engineering, Wroc\u0142aw, Poland<\/p>\n<p>Wroclaw University of Technology, Faculty of Mechanical Engineering, Wroc\u0142aw, Poland<\/p>\n<\/div>\r\n                    <\/div>\r\n                <\/div>[\/vc_column][\/vc_row]<\/p>","protected":false},"excerpt":{"rendered":"<p>[vc_row][vc_column][\/vc_column][\/vc_row] [&#8230;]<\/p>\n<p><a class=\"btn btn-secondary understrap-read-more-link\" href=\"https:\/\/us.edu.pl\/instytut\/iib\/wspolpraca\/wspolpraca-naukowa\/\">Read More&#8230;<\/a><\/p>\n","protected":false},"author":128,"featured_media":0,"parent":991,"menu_order":1,"comment_status":"closed","ping_status":"closed","template":"page-templates\/inner-page.php","meta":{"_expiration-date-status":"saved","_expiration-date":0,"_expiration-date-type":"","_expiration-date-categories":[],"_expiration-date-options":[]},"acf":[],"_links":{"self":[{"href":"https:\/\/us.edu.pl\/instytut\/iib\/wp-json\/wp\/v2\/pages\/993"}],"collection":[{"href":"https:\/\/us.edu.pl\/instytut\/iib\/wp-json\/wp\/v2\/pages"}],"about":[{"href":"https:\/\/us.edu.pl\/instytut\/iib\/wp-json\/wp\/v2\/types\/page"}],"author":[{"embeddable":true,"href":"https:\/\/us.edu.pl\/instytut\/iib\/wp-json\/wp\/v2\/users\/128"}],"replies":[{"embeddable":true,"href":"https:\/\/us.edu.pl\/instytut\/iib\/wp-json\/wp\/v2\/comments?post=993"}],"version-history":[{"count":5,"href":"https:\/\/us.edu.pl\/instytut\/iib\/wp-json\/wp\/v2\/pages\/993\/revisions"}],"predecessor-version":[{"id":1181,"href":"https:\/\/us.edu.pl\/instytut\/iib\/wp-json\/wp\/v2\/pages\/993\/revisions\/1181"}],"up":[{"embeddable":true,"href":"https:\/\/us.edu.pl\/instytut\/iib\/wp-json\/wp\/v2\/pages\/991"}],"wp:attachment":[{"href":"https:\/\/us.edu.pl\/instytut\/iib\/wp-json\/wp\/v2\/media?parent=993"}],"curies":[{"name":"wp","href":"https:\/\/api.w.org\/{rel}","templated":true}]}}