{"id":2403,"date":"2024-06-02T11:43:22","date_gmt":"2024-06-02T09:43:22","guid":{"rendered":"https:\/\/us.edu.pl\/instytut\/iim\/?post_type=event&#038;p=2403"},"modified":"2024-06-02T11:55:08","modified_gmt":"2024-06-02T09:55:08","slug":"seminarium-instytutu-inzynierii-materialowej-mgr-inz-mateusz-plawecki","status":"publish","type":"event","link":"https:\/\/us.edu.pl\/instytut\/iim\/event\/seminarium-instytutu-inzynierii-materialowej-mgr-inz-mateusz-plawecki\/","title":{"rendered":"Seminarium Instytutu In\u017cynierii Materia\u0142owej \u2013 mgr in\u017c. Mateusz P\u0142awecki"},"content":{"rendered":"<p>[vc_row][vc_column width=&#8221;2\/3&#8243;]\r\n                <div class=\"text-modules\">\r\n                    <div class=\"container\">\r\n                        \r\n                        <div class=\"text-modules__content\"><\/p>\n<p style=\"text-align: left;\">Szanowni Pa\u0144stwo,<\/p>\n<p style=\"text-align: center;\">zapraszamy na seminarium naukowe<\/p>\n<p style=\"text-align: center;\">Instytutu In\u017cynierii Materia\u0142owej Uniwersytetu \u015al\u0105skiego w Katowicach<\/p>\n<p style=\"text-align: center;\">kt\u00f3re odb\u0119dzie si\u0119<\/p>\n<h4 style=\"text-align: center;\">we wtorek, 4 czerwca 2024 o godz. 13<sup>00<\/sup><\/h4>\n<h4 style=\"text-align: center;\">w auli P\/0\/05<br \/>\n<strong>(Kampus Chorz\u00f3w, 75 Pu\u0142ku Piechoty 1a)<\/strong><\/h4>\n<p style=\"text-align: left;\">Wyk\u0142ad nt.<\/p>\n<h4 style=\"text-align: center;\">\u201eOpracowanie warunk\u00f3w wytwarzania oraz charakterystyka funkcyjnych struktur p\u00f3\u0142przewodnikowych na bazie tlenku miedzi (I) do zastosowa\u0144 fotowoltaicznych\u201d<\/h4>\n<p>&nbsp;<\/p>\n<p style=\"text-align: left;\">wyg\u0142osi<\/p>\n<h4 style=\"text-align: center;\">mgr in\u017c. Mateusz P\u0142awecki<\/h4>\n<pre style=\"padding-left: 40px;\"><\/pre>\n<hr \/>\n<p>Seminarium dotyczy\u0142o b\u0119dzie tematyki rozprawy doktorskiej<\/p>\n<hr \/>\n<p><strong>Opiekun naukowy:<\/strong> dr hab. Ma\u0142gorzata Karolus, prof. U\u015a<\/p>\n<hr \/>\n<p>&nbsp;<\/p>\n<p style=\"text-align: left;\">Streszczenie:<\/p>\n<p>&nbsp;<\/p>\n<p>Celem pracy by\u0142o opracowanie warunk\u00f3w wytwarzania oraz charakterystyka wielofunkcyjnych struktur z\u0142o\u017conych z warstw tlenku miedzi (I) typu p w po\u0142\u0105czeniu z innymi p\u00f3\u0142przewodnikami typu n, m.in. TiO<sub>2<\/sub>, CeO<sub>2<\/sub>, ZnO, w celu utworzenia funkcjonalnego ogniwa fotowoltaicznego.<br \/>\nW celu ustalenia optymalnych parametr\u00f3w osadzania i ich wp\u0142ywu na sprawno\u015b\u0107 ogniw fotowoltaicznych, tj.: grubo\u015b\u0107, chropowato\u015b\u0107 oraz absorpcj\u0119, wytworzono warstwy p\u00f3\u0142przewodnikowe (Cu<sub>2<\/sub>O, ZnO, TiO<sub>2<\/sub>, CeO<sub>2<\/sub>, perowskit CH<sub>3<\/sub>NH<sub>3<\/sub>PbI<sub>3<\/sub>) r\u00f3\u017cnymi metodami (elektroosadzanie, elektroforeza, pasywacja, powlekanie wirowe) na r\u00f3\u017cnych pod\u0142o\u017cach (monokrystaliczna mied\u017a Cu(100) i Cu(011), polikrystaliczna mied\u017a, NiTi, FTO).<br \/>\nW efekcie otrzymano i scharakteryzowano funkcjonalne ogniwa s\u0142oneczne Cu<sub>2<\/sub>O\/ZnO, Cu<sub>2<\/sub>O \/ TiO<sub>2<\/sub> na pod\u0142o\u017cu NiTi oraz ogniwo III generacji na bazie perowskitu CH<sub>3<\/sub>NH<sub>3<\/sub>PbI<sub>3<\/sub>, otrzymanego metod\u0105 powlekania wirowego. W pracy prowadzono r\u00f3wnie\u017c badania teoretyczne i zaproponowano model dwudiodowy do pomiaru sprawno\u015bci cienkowarstwowych ogniw II generacji.<\/p>\n<\/div>\r\n                    <\/div>\r\n                <\/div>[\/vc_column][vc_column width=&#8221;1\/3&#8243;][\/vc_column][\/vc_row]<\/p>","protected":false},"excerpt":{"rendered":"<p>[vc_row][vc_column width=&#8221;2\/3&#8243;][\/vc_column][vc_column width=&#8221;1\/3&#8243;][\/vc_column][\/vc_row] [&#8230;]<\/p>\n<p><a class=\"btn btn-secondary understrap-read-more-link\" href=\"https:\/\/us.edu.pl\/instytut\/iim\/event\/seminarium-instytutu-inzynierii-materialowej-mgr-inz-mateusz-plawecki\/\">Read More&#8230;<\/a><\/p>\n","protected":false},"author":825,"featured_media":1735,"template":"","meta":{"_expiration-date-status":"","_expiration-date":0,"_expiration-date-type":"","_expiration-date-categories":[],"_expiration-date-options":[]},"acf":[],"_links":{"self":[{"href":"https:\/\/us.edu.pl\/instytut\/iim\/wp-json\/wp\/v2\/event\/2403"}],"collection":[{"href":"https:\/\/us.edu.pl\/instytut\/iim\/wp-json\/wp\/v2\/event"}],"about":[{"href":"https:\/\/us.edu.pl\/instytut\/iim\/wp-json\/wp\/v2\/types\/event"}],"author":[{"embeddable":true,"href":"https:\/\/us.edu.pl\/instytut\/iim\/wp-json\/wp\/v2\/users\/825"}],"version-history":[{"count":3,"href":"https:\/\/us.edu.pl\/instytut\/iim\/wp-json\/wp\/v2\/event\/2403\/revisions"}],"predecessor-version":[{"id":2407,"href":"https:\/\/us.edu.pl\/instytut\/iim\/wp-json\/wp\/v2\/event\/2403\/revisions\/2407"}],"wp:featuredmedia":[{"embeddable":true,"href":"https:\/\/us.edu.pl\/instytut\/iim\/wp-json\/wp\/v2\/media\/1735"}],"wp:attachment":[{"href":"https:\/\/us.edu.pl\/instytut\/iim\/wp-json\/wp\/v2\/media?parent=2403"}],"curies":[{"name":"wp","href":"https:\/\/api.w.org\/{rel}","templated":true}]}}

Seminarium Instytutu Inżynierii Materiałowej – mgr inż. Mateusz Pławecki

<p>[vc_row][vc_column width=&#8221;2/3&#8243;]
                <div class="text-modules">
                    <div class="container">
                        
                        <div class="text-modules__content"></p>
<p style="text-align: left;">Szanowni Państwo,</p>
<p style="text-align: center;">zapraszamy na seminarium naukowe</p>
<p style="text-align: center;">Instytutu Inżynierii Materiałowej Uniwersytetu Śląskiego w Katowicach</p>
<p style="text-align: center;">które odbędzie się</p>
<h4 style="text-align: center;">we wtorek, 4 czerwca 2024 o godz. 13<sup>00</sup></h4>
<h4 style="text-align: center;">w auli P/0/05<br />
<strong>(Kampus Chorzów, 75 Pułku Piechoty 1a)</strong></h4>
<p style="text-align: left;">Wykład nt.</p>
<h4 style="text-align: center;">„Opracowanie warunków wytwarzania oraz charakterystyka funkcyjnych struktur półprzewodnikowych na bazie tlenku miedzi (I) do zastosowań fotowoltaicznych”</h4>
<p>&nbsp;</p>
<p style="text-align: left;">wygłosi</p>
<h4 style="text-align: center;">mgr inż. Mateusz Pławecki</h4>
<pre style="padding-left: 40px;"></pre>
<hr />
<p>Seminarium dotyczyło będzie tematyki rozprawy doktorskiej</p>
<hr />
<p><strong>Opiekun naukowy:</strong> dr hab. Małgorzata Karolus, prof. UŚ</p>
<hr />
<p>&nbsp;</p>
<p style="text-align: left;">Streszczenie:</p>
<p>&nbsp;</p>
<p>Celem pracy było opracowanie warunków wytwarzania oraz charakterystyka wielofunkcyjnych struktur złożonych z warstw tlenku miedzi (I) typu p w połączeniu z innymi półprzewodnikami typu n, m.in. TiO<sub>2</sub>, CeO<sub>2</sub>, ZnO, w celu utworzenia funkcjonalnego ogniwa fotowoltaicznego.<br />
W celu ustalenia optymalnych parametrów osadzania i ich wpływu na sprawność ogniw fotowoltaicznych, tj.: grubość, chropowatość oraz absorpcję, wytworzono warstwy półprzewodnikowe (Cu<sub>2</sub>O, ZnO, TiO<sub>2</sub>, CeO<sub>2</sub>, perowskit CH<sub>3</sub>NH<sub>3</sub>PbI<sub>3</sub>) różnymi metodami (elektroosadzanie, elektroforeza, pasywacja, powlekanie wirowe) na różnych podłożach (monokrystaliczna miedź Cu(100) i Cu(011), polikrystaliczna miedź, NiTi, FTO).<br />
W efekcie otrzymano i scharakteryzowano funkcjonalne ogniwa słoneczne Cu<sub>2</sub>O/ZnO, Cu<sub>2</sub>O / TiO<sub>2</sub> na podłożu NiTi oraz ogniwo III generacji na bazie perowskitu CH<sub>3</sub>NH<sub>3</sub>PbI<sub>3</sub>, otrzymanego metodą powlekania wirowego. W pracy prowadzono również badania teoretyczne i zaproponowano model dwudiodowy do pomiaru sprawności cienkowarstwowych ogniw II generacji.</p>
</div>
                    </div>
                </div>[/vc_column][vc_column width=&#8221;1/3&#8243;][/vc_column][/vc_row]</p>
