{"id":1015,"date":"2021-05-07T18:34:07","date_gmt":"2021-05-07T16:34:07","guid":{"rendered":"https:\/\/us.edu.pl\/instytut\/iim\/?page_id=1015"},"modified":"2021-05-07T18:34:07","modified_gmt":"2021-05-07T16:34:07","slug":"wtorki-z-inzynieria-materialowa","status":"publish","type":"page","link":"https:\/\/us.edu.pl\/instytut\/iim\/wtorki-z-inzynieria-materialowa\/","title":{"rendered":"Wtorki z In\u017cynieri\u0105 Materia\u0142ow\u0105"},"content":{"rendered":"<p>[vc_row][vc_column]\n\t\t\t\t<input type=\"hidden\" name=\"promoted_only\" value=\"\">\n\t\t\t\t<input type=\"hidden\" name=\"order\" value=\"ASC\">\n\t\t\t\t<input type=\"hidden\" name=\"order_by\" value=\"post_date\">\n\n\t\t\t\t<div class=\"article-loop loop-section  color-blue\" style=\"background: \">\n\t\t\t\t\t <div class=\"container \">\n\t\t\t\t\t \t<div class=\"col-12 article-loop-gutter-left\">\n\t\t\t\t\t\t  <div class=\"article-loop-top loop-section-top\">\n\t\t\t\t\t\t\t\t<h2 class=\"section-title\"><\/h2><div class=\"article-loop-top_right loop-section-top__right\" >\n\t\t\t\t\t\t\t\t\t <select name=\"sort\" title = \"filter by category\"\n\t\t\t\t\t\t\t\t\t\t  class=\"article-loop-sort\" >\n\t\t\t\t\t\t\t\t\t\t  <option value = \"\" selected disabled > filtrowanie wed\u0142ug kategorii<\/option>\n\t\t\t\t\t\t\t\t\t\t  <option value = \"42-22\" > Wszystko<\/option> <option data-link='https:\/\/us.edu.pl\/instytut\/iim\/category\/tematy-badawcze\/' value='42-22'>Tematy badawcze<\/option><\/select>    <a href = \"https:\/\/us.edu.pl\/instytut\/iim\/wszystko?title=&order=ASC&order_by=post_date&categories%5B0%5D=42-22\" class=\"link-button \" > Wszystko<\/a><\/div>  \n\t\t\t\t\t\t  <\/div>\n\t\t\t\t\t\t  <div class=\"article-loop-main carousel\" data-home-url=\"https:\/\/us.edu.pl\/instytut\/iim\" >\n\t\t\t\t\t\t\t\t<a href = \"#\" data-slide = \"prev\" title=\"przesu\u0144 pasek w lewo\" class=\"arrow\" >\n\t\t\t\t\t\t\t\t\t <em class=\"ci ci-arrow-left\" ><\/em >\n\t\t\t\t\t\t\t\t\t <span class=\"d-none\" > arrow<\/span >\n\t\t\t\t\t\t\t\t<\/a>\n\t \n\t\t\t\t\t\t\t\t<a href = \"#\" data-slide = \"next\" title=\"przesu\u0144 pasek  w prawo\" class=\"arrow\" >\n\t\t\t\t\t\t\t\t\t <em class=\"ci ci-arrow-right\" ><\/em >\n\t\t\t\t\t\t\t\t\t <span class=\"d-none\" > arrow<\/span >\n\t\t\t\t\t\t\t\t<\/a>\n\t\t\t\t\t\t\t\t<div class=\"row items\" >\n\t\t\t\t\t\t\t\t\t \r\n            <article class=\"article-loop-post carousel-slide\">\r\n                <a href=\"https:\/\/us.edu.pl\/instytut\/iim\/2022\/wlasciwosci-funkcjonalnych-materialow-cieklokrystalicznych-i-ceramicznych-perowskitowych-i-perowskitopodobnych\/\" class=\"article-loop-post__thumbnail thumbnail\"\r\n                    style=\"background-image: url(https:\/\/us.edu.pl\/instytut\/iim\/wp-content\/themes\/uniwersytet-slaski\/img\/post\/default.jpg)\">\r\n                    <span>wi\u0119cej<\/span>\r\n                <\/a>\r\n\r\n                <div class=\"article-loop-post__content\">\r\n                    <h3 class=\"article-loop-post__title\">\r\n                        <a href=\"https:\/\/us.edu.pl\/instytut\/iim\/2022\/wlasciwosci-funkcjonalnych-materialow-cieklokrystalicznych-i-ceramicznych-perowskitowych-i-perowskitopodobnych\/\">W\u0142a\u015bciwo\u015bci funkcjonalnych materia\u0142\u00f3w ciek\u0142okrystalicznych i ceramicznych perowskitowych i perowskitopodobnych<\/a>\r\n                    <\/h3>\r\n            \r\n                    <div class=\"article-loop-post__categories\">\r\n                        <a href=\"https:\/\/us.edu.pl\/instytut\/iim\/category\/tematy-badawcze\/\">Tematy badawcze<\/a>\r\n                    <\/div>    \r\n                <\/div>\r\n            <\/article>\r\n        \r\n            <article class=\"article-loop-post carousel-slide\">\r\n                <a href=\"https:\/\/us.edu.pl\/instytut\/iim\/2022\/technologia-i-badania-wlasciwosci-materialow-ceramicznych\/\" class=\"article-loop-post__thumbnail thumbnail\"\r\n                    style=\"background-image: url(https:\/\/us.edu.pl\/instytut\/iim\/wp-content\/themes\/uniwersytet-slaski\/img\/post\/default.jpg)\">\r\n                    <span>wi\u0119cej<\/span>\r\n                <\/a>\r\n\r\n                <div class=\"article-loop-post__content\">\r\n                    <h3 class=\"article-loop-post__title\">\r\n                        <a href=\"https:\/\/us.edu.pl\/instytut\/iim\/2022\/technologia-i-badania-wlasciwosci-materialow-ceramicznych\/\">Technologia i badania w\u0142a\u015bciwo\u015bci materia\u0142\u00f3w ceramicznych<\/a>\r\n                    <\/h3>\r\n            \r\n                    <div class=\"article-loop-post__categories\">\r\n                        <a href=\"https:\/\/us.edu.pl\/instytut\/iim\/category\/tematy-badawcze\/\">Tematy badawcze<\/a>\r\n                    <\/div>    \r\n                <\/div>\r\n            <\/article>\r\n        \r\n            <article class=\"article-loop-post carousel-slide\">\r\n                <a href=\"https:\/\/us.edu.pl\/instytut\/iim\/2022\/defekty-i-wzrost-dendrytow-w-monokrystalicznych-lopatkach-turbin-otrzymanych-w-formach-odlewniczych-technika-bridgmana\/\" class=\"article-loop-post__thumbnail thumbnail\"\r\n                    style=\"background-image: url(https:\/\/us.edu.pl\/instytut\/iim\/wp-content\/themes\/uniwersytet-slaski\/img\/post\/default.jpg)\">\r\n                    <span>wi\u0119cej<\/span>\r\n                <\/a>\r\n\r\n                <div class=\"article-loop-post__content\">\r\n                    <h3 class=\"article-loop-post__title\">\r\n                        <a href=\"https:\/\/us.edu.pl\/instytut\/iim\/2022\/defekty-i-wzrost-dendrytow-w-monokrystalicznych-lopatkach-turbin-otrzymanych-w-formach-odlewniczych-technika-bridgmana\/\">Defekty i wzrost  dendryt\u00f3w w monokrystalicznych \u0142opatkach  turbin otrzymanych w formach odlewniczych technik\u0105 Bridgmana<\/a>\r\n                    <\/h3>\r\n            \r\n                    <div class=\"article-loop-post__categories\">\r\n                        <a href=\"https:\/\/us.edu.pl\/instytut\/iim\/category\/tematy-badawcze\/\">Tematy badawcze<\/a>\r\n                    <\/div>    \r\n                <\/div>\r\n            <\/article>\r\n        \r\n            <article class=\"article-loop-post carousel-slide\">\r\n                <a href=\"https:\/\/us.edu.pl\/instytut\/iim\/2022\/zastosowanie-metod-dynamiki-molekularnej-monte-carlo-oraz-ab-initio-w-badaniach-wlasnosci-fizycznych-i-zjawisk-zachodzacych-w-materialach-polprzewodnikowych-i-magnetycznych\/\" class=\"article-loop-post__thumbnail thumbnail\"\r\n                    style=\"background-image: url(https:\/\/us.edu.pl\/instytut\/iim\/wp-content\/themes\/uniwersytet-slaski\/img\/post\/default.jpg)\">\r\n                    <span>wi\u0119cej<\/span>\r\n                <\/a>\r\n\r\n                <div class=\"article-loop-post__content\">\r\n                    <h3 class=\"article-loop-post__title\">\r\n                        <a href=\"https:\/\/us.edu.pl\/instytut\/iim\/2022\/zastosowanie-metod-dynamiki-molekularnej-monte-carlo-oraz-ab-initio-w-badaniach-wlasnosci-fizycznych-i-zjawisk-zachodzacych-w-materialach-polprzewodnikowych-i-magnetycznych\/\">Zastosowanie metod dynamiki molekularnej, Monte Carlo oraz ab-initio w badaniach w\u0142asno\u015bci fizycznych i zjawisk zachodz\u0105cych w materia\u0142ach p\u00f3\u0142przewodnikowych i magnetycznych<\/a>\r\n                    <\/h3>\r\n            \r\n                    <div class=\"article-loop-post__categories\">\r\n                        <a href=\"https:\/\/us.edu.pl\/instytut\/iim\/category\/tematy-badawcze\/\">Tematy badawcze<\/a>\r\n                    <\/div>    \r\n                <\/div>\r\n            <\/article>\r\n        \r\n            <article class=\"article-loop-post carousel-slide\">\r\n                <a href=\"https:\/\/us.edu.pl\/instytut\/iim\/2022\/ferroiczne-materialy-funkcyjne-z-czesciowym-nieuporzadkowaniem-w-podukladzie-elektrycznym\/\" class=\"article-loop-post__thumbnail thumbnail\"\r\n                    style=\"background-image: url(https:\/\/us.edu.pl\/instytut\/iim\/wp-content\/themes\/uniwersytet-slaski\/img\/post\/default.jpg)\">\r\n                    <span>wi\u0119cej<\/span>\r\n                <\/a>\r\n\r\n                <div class=\"article-loop-post__content\">\r\n                    <h3 class=\"article-loop-post__title\">\r\n                        <a href=\"https:\/\/us.edu.pl\/instytut\/iim\/2022\/ferroiczne-materialy-funkcyjne-z-czesciowym-nieuporzadkowaniem-w-podukladzie-elektrycznym\/\">Ferroiczne materia\u0142y funkcyjne z cz\u0119\u015bciowym nieuporz\u0105dkowaniem w poduk\u0142adzie elektrycznym<\/a>\r\n                    <\/h3>\r\n            \r\n                    <div class=\"article-loop-post__categories\">\r\n                        <a href=\"https:\/\/us.edu.pl\/instytut\/iim\/category\/tematy-badawcze\/\">Tematy badawcze<\/a>\r\n                    <\/div>    \r\n                <\/div>\r\n            <\/article>\r\n        \r\n            <article class=\"article-loop-post carousel-slide\">\r\n                <a href=\"https:\/\/us.edu.pl\/instytut\/iim\/2022\/otrzymywanie-i-charakterystyka-nowych-materialow-oraz-modyfikacja-ich-powierzchni-do-zaawansowanych-zastosowan-inzynierskich\/\" class=\"article-loop-post__thumbnail thumbnail\"\r\n                    style=\"background-image: url(https:\/\/us.edu.pl\/instytut\/iim\/wp-content\/themes\/uniwersytet-slaski\/img\/post\/default.jpg)\">\r\n                    <span>wi\u0119cej<\/span>\r\n                <\/a>\r\n\r\n                <div class=\"article-loop-post__content\">\r\n                    <h3 class=\"article-loop-post__title\">\r\n                        <a href=\"https:\/\/us.edu.pl\/instytut\/iim\/2022\/otrzymywanie-i-charakterystyka-nowych-materialow-oraz-modyfikacja-ich-powierzchni-do-zaawansowanych-zastosowan-inzynierskich\/\">Otrzymywanie i charakterystyka nowych materia\u0142\u00f3w oraz modyfikacja ich powierzchni do zaawansowanych zastosowa\u0144 in\u017cynierskich<\/a>\r\n                    <\/h3>\r\n            \r\n                    <div class=\"article-loop-post__categories\">\r\n                        <a href=\"https:\/\/us.edu.pl\/instytut\/iim\/category\/tematy-badawcze\/\">Tematy badawcze<\/a>\r\n                    <\/div>    \r\n                <\/div>\r\n            <\/article>\r\n        \r\n            <article class=\"article-loop-post carousel-slide\">\r\n                <a href=\"https:\/\/us.edu.pl\/instytut\/iim\/2022\/polimery-do-zastosowan-biomedycznych-synteza-i-charakterystyka\/\" class=\"article-loop-post__thumbnail thumbnail\"\r\n                    style=\"background-image: url(https:\/\/us.edu.pl\/instytut\/iim\/wp-content\/themes\/uniwersytet-slaski\/img\/post\/default.jpg)\">\r\n                    <span>wi\u0119cej<\/span>\r\n                <\/a>\r\n\r\n                <div class=\"article-loop-post__content\">\r\n                    <h3 class=\"article-loop-post__title\">\r\n                        <a href=\"https:\/\/us.edu.pl\/instytut\/iim\/2022\/polimery-do-zastosowan-biomedycznych-synteza-i-charakterystyka\/\">Polimery do zastosowa\u0144 biomedycznych \u2013 synteza i charakterystyka<\/a>\r\n                    <\/h3>\r\n            \r\n                    <div class=\"article-loop-post__categories\">\r\n                        <a href=\"https:\/\/us.edu.pl\/instytut\/iim\/category\/tematy-badawcze\/\">Tematy badawcze<\/a>\r\n                    <\/div>    \r\n                <\/div>\r\n            <\/article>\r\n        \r\n            <article class=\"article-loop-post carousel-slide\">\r\n                <a href=\"https:\/\/us.edu.pl\/instytut\/iim\/2022\/kompozyty-wykazujace-pamiec-ksztaltu-z-osnowa-stopu-niti\/\" class=\"article-loop-post__thumbnail thumbnail\"\r\n                    style=\"background-image: url(https:\/\/us.edu.pl\/instytut\/iim\/wp-content\/themes\/uniwersytet-slaski\/img\/post\/default.jpg)\">\r\n                    <span>wi\u0119cej<\/span>\r\n                <\/a>\r\n\r\n                <div class=\"article-loop-post__content\">\r\n                    <h3 class=\"article-loop-post__title\">\r\n                        <a href=\"https:\/\/us.edu.pl\/instytut\/iim\/2022\/kompozyty-wykazujace-pamiec-ksztaltu-z-osnowa-stopu-niti\/\">Kompozyty wykazuj\u0105ce pami\u0119\u0107 kszta\u0142tu z osnow\u0105 stopu NiTi<\/a>\r\n                    <\/h3>\r\n            \r\n                    <div class=\"article-loop-post__categories\">\r\n                        <a href=\"https:\/\/us.edu.pl\/instytut\/iim\/category\/tematy-badawcze\/\">Tematy badawcze<\/a>\r\n                    <\/div>    \r\n                <\/div>\r\n            <\/article>\r\n        \r\n            <article class=\"article-loop-post carousel-slide\">\r\n                <a href=\"https:\/\/us.edu.pl\/instytut\/iim\/2022\/ksztaltowanie-struktury-i-wlasciwosci-materialow-na-bazie-tytanu-i-magnezu-dla-potrzeb-inzynierii-technicznej-i-medycyny\/\" class=\"article-loop-post__thumbnail thumbnail\"\r\n                    style=\"background-image: url(https:\/\/us.edu.pl\/instytut\/iim\/wp-content\/themes\/uniwersytet-slaski\/img\/post\/default.jpg)\">\r\n                    <span>wi\u0119cej<\/span>\r\n                <\/a>\r\n\r\n                <div class=\"article-loop-post__content\">\r\n                    <h3 class=\"article-loop-post__title\">\r\n                        <a href=\"https:\/\/us.edu.pl\/instytut\/iim\/2022\/ksztaltowanie-struktury-i-wlasciwosci-materialow-na-bazie-tytanu-i-magnezu-dla-potrzeb-inzynierii-technicznej-i-medycyny\/\">Kszta\u0142towanie struktury i w\u0142a\u015bciwo\u015bci materia\u0142\u00f3w na bazie tytanu i magnezu dla potrzeb in\u017cynierii technicznej i medycyny<\/a>\r\n                    <\/h3>\r\n            \r\n                    <div class=\"article-loop-post__categories\">\r\n                        <a href=\"https:\/\/us.edu.pl\/instytut\/iim\/category\/tematy-badawcze\/\">Tematy badawcze<\/a>\r\n                    <\/div>    \r\n                <\/div>\r\n            <\/article>\r\n        \r\n            <article class=\"article-loop-post carousel-slide\">\r\n                <a href=\"https:\/\/us.edu.pl\/instytut\/iim\/2022\/materialy-funkcjonalne\/\" class=\"article-loop-post__thumbnail thumbnail\"\r\n                    style=\"background-image: url(https:\/\/us.edu.pl\/instytut\/iim\/wp-content\/themes\/uniwersytet-slaski\/img\/post\/default.jpg)\">\r\n                    <span>wi\u0119cej<\/span>\r\n                <\/a>\r\n\r\n                <div class=\"article-loop-post__content\">\r\n                    <h3 class=\"article-loop-post__title\">\r\n                        <a href=\"https:\/\/us.edu.pl\/instytut\/iim\/2022\/materialy-funkcjonalne\/\">Materia\u0142y Funkcjonalne<\/a>\r\n                    <\/h3>\r\n            \r\n                    <div class=\"article-loop-post__categories\">\r\n                        <a href=\"https:\/\/us.edu.pl\/instytut\/iim\/category\/tematy-badawcze\/\">Tematy badawcze<\/a>\r\n                    <\/div>    \r\n                <\/div>\r\n            <\/article>\r\n        \n\t\t\t\t\t\t\t\t<\/div>\n\t\t\t\t\t\t  <\/div>\n\t\t\t\t\t <\/div>\n\t\t\t\t\t <\/div>\n\t\t\t\t<\/div>[\/vc_column][\/vc_row]<\/p>","protected":false},"excerpt":{"rendered":"<p>[vc_row][vc_column][\/vc_column][\/vc_row] [&#8230;]<\/p>\n<p><a class=\"btn btn-secondary understrap-read-more-link\" href=\"https:\/\/us.edu.pl\/instytut\/iim\/2022\/materialy-funkcjonalne\/\">Read More&#8230;<\/a><\/p>\n","protected":false},"author":825,"featured_media":0,"parent":0,"menu_order":1,"comment_status":"closed","ping_status":"closed","template":"","meta":{"_expiration-date-status":"saved","_expiration-date":0,"_expiration-date-type":"","_expiration-date-categories":[],"_expiration-date-options":[]},"acf":[],"_links":{"self":[{"href":"https:\/\/us.edu.pl\/instytut\/iim\/wp-json\/wp\/v2\/pages\/1015"}],"collection":[{"href":"https:\/\/us.edu.pl\/instytut\/iim\/wp-json\/wp\/v2\/pages"}],"about":[{"href":"https:\/\/us.edu.pl\/instytut\/iim\/wp-json\/wp\/v2\/types\/page"}],"author":[{"embeddable":true,"href":"https:\/\/us.edu.pl\/instytut\/iim\/wp-json\/wp\/v2\/users\/825"}],"replies":[{"embeddable":true,"href":"https:\/\/us.edu.pl\/instytut\/iim\/wp-json\/wp\/v2\/comments?post=1015"}],"version-history":[{"count":6,"href":"https:\/\/us.edu.pl\/instytut\/iim\/wp-json\/wp\/v2\/pages\/1015\/revisions"}],"predecessor-version":[{"id":2768,"href":"https:\/\/us.edu.pl\/instytut\/iim\/wp-json\/wp\/v2\/pages\/1015\/revisions\/2768"}],"wp:attachment":[{"href":"https:\/\/us.edu.pl\/instytut\/iim\/wp-json\/wp\/v2\/media?parent=1015"}],"curies":[{"name":"wp","href":"https:\/\/api.w.org\/{rel}","templated":true}]}}