{"id":175,"date":"2020-01-21T11:18:14","date_gmt":"2020-01-21T10:18:14","guid":{"rendered":"http:\/\/us.edu.pl\/instytut\/iim\/?page_id=175"},"modified":"2020-01-28T13:16:53","modified_gmt":"2020-01-28T12:16:53","slug":"pliki","status":"publish","type":"page","link":"https:\/\/us.edu.pl\/instytut\/iim\/pliki\/","title":{"rendered":"Pliki do pobrania"},"content":{"rendered":"<p>[vc_row el_class=&#8221;container&#8221;][vc_column]\r\n                <div class=\"text-modules\">\r\n                    <div class=\"container\">\r\n                        <h3 class=\"page-title text__title\">Pliki do pobrania dla Student\u00f3w<\/h3>\r\n                        <div class=\"text-modules__content\"><p>Poni\u017cej znajduj\u0105 si\u0119 pliki szablon\u00f3w potrzebnych w toku studi\u00f3w:<\/p>\n<ul style=\"list-style-type: circle\">\n<li>szablon sprawozdania z zaj\u0119\u0107 laboratoryjnych: plik <a href=\"http:\/\/us.edu.pl\/instytut\/iim\/wp-content\/uploads\/sites\/42\/dokumenty\/sprawozdanie_cw_lab_szablon.odt\">.ODT<\/a> , plik <a href=\"http:\/\/us.edu.pl\/instytut\/iim\/wp-content\/uploads\/sites\/42\/dokumenty\/sprawozdanie_cw_lab_szablon.docx\" class=\"mtli_attachment mtli_docx\" data-mtli=\"mtli_filesize36,26kB\" class=\"mtli_attachment mtli_docx\" data-mtli=\"mtli_filesize36,26kB\">.DOCX<\/a><\/li>\n<li>szablon Dziennika Studenckiej Praktyki Zawodowej: plik <a href=\"http:\/\/us.edu.pl\/instytut\/iim\/wp-content\/uploads\/sites\/42\/dokumenty\/dziennik_praktyki.odt\">.ODT<\/a>, plik <a href=\"http:\/\/us.edu.pl\/instytut\/iim\/wp-content\/uploads\/sites\/42\/dokumenty\/dziennik_praktyki.doc\" class=\"mtli_attachment mtli_doc\" data-mtli=\"mtli_filesize70,00kB\" class=\"mtli_attachment mtli_doc\" data-mtli=\"mtli_filesize70,00kB\">.DOC<\/a><\/li>\n<\/ul>\n<p>\n<style type=\"text\/css\">a[data-mtli~=\"mtli_filesize36,26kB\"]:after {content:\" (36,26 kB)\"}a[data-mtli~=\"mtli_filesize70,00kB\"]:after {content:\" (70,00 kB)\"}<\/style><\/div>\r\n                    <\/div>\r\n                <\/div>[\/vc_column][\/vc_row]<\/p>\n<style type=\"text\/css\">a[data-mtli~=\"mtli_filesize36,26kB\"]:after {content:\" (36,26 kB)\"}a[data-mtli~=\"mtli_filesize70,00kB\"]:after {content:\" (70,00 kB)\"}<\/style>","protected":false},"excerpt":{"rendered":"<p>[vc_row el_class=&#8221;container&#8221;][vc_column][\/vc_column][\/vc_row] [&#8230;]<\/p>\n<p><a class=\"btn btn-secondary understrap-read-more-link\" href=\"https:\/\/us.edu.pl\/instytut\/iim\/pliki\/\">Read More&#8230;<\/a><\/p>\n","protected":false},"author":825,"featured_media":0,"parent":0,"menu_order":26,"comment_status":"closed","ping_status":"closed","template":"","meta":{"_expiration-date-status":"saved","_expiration-date":0,"_expiration-date-type":"","_expiration-date-categories":[],"_expiration-date-options":[]},"acf":[],"_links":{"self":[{"href":"https:\/\/us.edu.pl\/instytut\/iim\/wp-json\/wp\/v2\/pages\/175"}],"collection":[{"href":"https:\/\/us.edu.pl\/instytut\/iim\/wp-json\/wp\/v2\/pages"}],"about":[{"href":"https:\/\/us.edu.pl\/instytut\/iim\/wp-json\/wp\/v2\/types\/page"}],"author":[{"embeddable":true,"href":"https:\/\/us.edu.pl\/instytut\/iim\/wp-json\/wp\/v2\/users\/825"}],"replies":[{"embeddable":true,"href":"https:\/\/us.edu.pl\/instytut\/iim\/wp-json\/wp\/v2\/comments?post=175"}],"version-history":[{"count":7,"href":"https:\/\/us.edu.pl\/instytut\/iim\/wp-json\/wp\/v2\/pages\/175\/revisions"}],"predecessor-version":[{"id":434,"href":"https:\/\/us.edu.pl\/instytut\/iim\/wp-json\/wp\/v2\/pages\/175\/revisions\/434"}],"wp:attachment":[{"href":"https:\/\/us.edu.pl\/instytut\/iim\/wp-json\/wp\/v2\/media?parent=175"}],"curies":[{"name":"wp","href":"https:\/\/api.w.org\/{rel}","templated":true}]}}