{"id":297,"date":"2020-01-22T17:38:15","date_gmt":"2020-01-22T16:38:15","guid":{"rendered":"http:\/\/us.edu.pl\/instytut\/iim\/?page_id=297"},"modified":"2025-10-23T15:44:11","modified_gmt":"2025-10-23T13:44:11","slug":"rada-naukowa-instytutu","status":"publish","type":"page","link":"https:\/\/us.edu.pl\/instytut\/iim\/instytut\/rada-naukowa-instytutu\/","title":{"rendered":"Rada Naukowa Instytutu"},"content":{"rendered":"<p>[vc_row][vc_column]\r\n                <div class=\"text-modules\">\r\n                    <div class=\"container\">\r\n                        \r\n                        <div class=\"text-modules__content\"><\/p>\n<h2>Cz\u0142onkowie Rady Naukowej Instytutu In\u017cynierii Materia\u0142owej<\/h2>\n<ol>\n<li style=\"font-weight: 400;\">dr hab. Grzegorz Dercz, prof. U\u015a &#8211; Dyrektor Instytutu<\/li>\n<li style=\"font-weight: 400;\">dr Maciej Zubko, prof. U\u015a &#8211; Zast\u0119pca Dyrektora Instytutu<\/li>\n<li style=\"font-weight: 400;\">prof. dr hab. Dariusz Bochenek<\/li>\n<li style=\"font-weight: 400;\">prof. dr hab. in\u017c. Artur Chrobak<\/li>\n<li>prof. dr hab. Tomasz Goryczka<\/li>\n<li>dr hab. Ma\u0142gorzata Adamczyk Habrajska, prof. U\u015a<\/li>\n<li style=\"font-weight: 400;\">dr hab. in\u017c. Krzysztof Anio\u0142ek<\/li>\n<li style=\"font-weight: 400;\">dr hab. Dariusz Chrobak, prof. U\u015a<\/li>\n<li style=\"font-weight: 400;\">dr hab. Mateusz Dulski, prof. U\u015a<\/li>\n<li style=\"font-weight: 400;\">dr hab. Ma\u0142gorzata Karolus, prof. U\u015a<\/li>\n<li style=\"font-weight: 400;\">dr hab. Lucjan Kozielski, prof. U\u015a<\/li>\n<li style=\"font-weight: 400;\">dr hab. Bo\u017cena \u0141osiewicz, prof. U\u015a<\/li>\n<li>dr hab. Magdalena Popczyk, prof. U\u015a<\/li>\n<li>dr Marek Bara<\/li>\n<li>dr in\u017c. Sylwia Golba, prof. U\u015a<\/li>\n<li>dr in\u017c. Julian Kubisztal<\/li>\n<li style=\"font-weight: 400;\">dr in\u017c. Izabela Matu\u0142a, prof. U\u015a<\/li>\n<\/ol>\n<p>\n<\/div>\r\n                    <\/div>\r\n                <\/div>[\/vc_column][\/vc_row]<\/p>","protected":false},"excerpt":{"rendered":"<p>[vc_row][vc_column][\/vc_column][\/vc_row] [&#8230;]<\/p>\n<p><a class=\"btn btn-secondary understrap-read-more-link\" href=\"https:\/\/us.edu.pl\/instytut\/iim\/instytut\/rada-naukowa-instytutu\/\">Read More&#8230;<\/a><\/p>\n","protected":false},"author":825,"featured_media":0,"parent":549,"menu_order":23,"comment_status":"closed","ping_status":"closed","template":"page-templates\/inner-page.php","meta":{"_expiration-date-status":"","_expiration-date":0,"_expiration-date-type":"","_expiration-date-categories":[],"_expiration-date-options":[]},"acf":[],"_links":{"self":[{"href":"https:\/\/us.edu.pl\/instytut\/iim\/wp-json\/wp\/v2\/pages\/297"}],"collection":[{"href":"https:\/\/us.edu.pl\/instytut\/iim\/wp-json\/wp\/v2\/pages"}],"about":[{"href":"https:\/\/us.edu.pl\/instytut\/iim\/wp-json\/wp\/v2\/types\/page"}],"author":[{"embeddable":true,"href":"https:\/\/us.edu.pl\/instytut\/iim\/wp-json\/wp\/v2\/users\/825"}],"replies":[{"embeddable":true,"href":"https:\/\/us.edu.pl\/instytut\/iim\/wp-json\/wp\/v2\/comments?post=297"}],"version-history":[{"count":10,"href":"https:\/\/us.edu.pl\/instytut\/iim\/wp-json\/wp\/v2\/pages\/297\/revisions"}],"predecessor-version":[{"id":4247,"href":"https:\/\/us.edu.pl\/instytut\/iim\/wp-json\/wp\/v2\/pages\/297\/revisions\/4247"}],"up":[{"embeddable":true,"href":"https:\/\/us.edu.pl\/instytut\/iim\/wp-json\/wp\/v2\/pages\/549"}],"wp:attachment":[{"href":"https:\/\/us.edu.pl\/instytut\/iim\/wp-json\/wp\/v2\/media?parent=297"}],"curies":[{"name":"wp","href":"https:\/\/api.w.org\/{rel}","templated":true}]}}

<p>[vc_row][vc_column]
                <div class="text-modules">
                    <div class="container">
                        
                        <div class="text-modules__content"></p>
<h2>Członkowie Rady Naukowej Instytutu Inżynierii Materiałowej</h2>
<ol>
<li style="font-weight: 400;">dr hab. Grzegorz Dercz, prof. UŚ &#8211; Dyrektor Instytutu</li>
<li style="font-weight: 400;">dr Maciej Zubko, prof. UŚ &#8211; Zastępca Dyrektora Instytutu</li>
<li style="font-weight: 400;">prof. dr hab. Dariusz Bochenek</li>
<li style="font-weight: 400;">prof. dr hab. inż. Artur Chrobak</li>
<li>prof. dr hab. Tomasz Goryczka</li>
<li>dr hab. Małgorzata Adamczyk Habrajska, prof. UŚ</li>
<li style="font-weight: 400;">dr hab. inż. Krzysztof Aniołek</li>
<li style="font-weight: 400;">dr hab. Dariusz Chrobak, prof. UŚ</li>
<li style="font-weight: 400;">dr hab. Mateusz Dulski, prof. UŚ</li>
<li style="font-weight: 400;">dr hab. Małgorzata Karolus, prof. UŚ</li>
<li style="font-weight: 400;">dr hab. Lucjan Kozielski, prof. UŚ</li>
<li style="font-weight: 400;">dr hab. Bożena Łosiewicz, prof. UŚ</li>
<li>dr hab. Magdalena Popczyk, prof. UŚ</li>
<li>dr Marek Bara</li>
<li>dr inż. Sylwia Golba, prof. UŚ</li>
<li>dr inż. Julian Kubisztal</li>
<li style="font-weight: 400;">dr inż. Izabela Matuła, prof. UŚ</li>
</ol>
<p>
</div>
                    </div>
                </div>[/vc_column][/vc_row]</p>
