{"id":310,"date":"2020-01-22T18:39:43","date_gmt":"2020-01-22T17:39:43","guid":{"rendered":"http:\/\/us.edu.pl\/instytut\/iim\/?page_id=310"},"modified":"2020-06-07T22:58:29","modified_gmt":"2020-06-07T20:58:29","slug":"historia-instytutu","status":"publish","type":"page","link":"https:\/\/us.edu.pl\/instytut\/iim\/instytut\/historia-instytutu\/","title":{"rendered":"Historia Instytutu"},"content":{"rendered":"<p>[vc_row el_class=&#8221;container&#8221;][vc_column][vc_column_text]Instytut In\u017cynierii Materia\u0142owej powsta\u0142 przez po\u0142\u0105czenie <strong>Instytutu Nauki o Materia\u0142ach<\/strong> i <strong>Instytutu Technologii i Mechatroniki<\/strong> w wyniku reorganizacji struktury organizacyjnej Uniwersytetu \u015al\u0105skiego w 2019 roku.<\/p>\n<p>&nbsp;<\/p>\n<p><strong>Instytut Nauki o Materia\u0142ach<\/strong> powsta\u0142 z Instytutu Fizyki i Chemii Metali, kt\u00f3ry zosta\u0142 utworzony w 1974 roku decyzj\u0105 Ministra Nauki, Szkolnictwa Wy\u017cszego i Techniki na Wydziale Matematyki, Fizyki i Chemii Uniwersytetu \u015al\u0105skiego. Dzi\u0119ki decyzji Ministerstwa uj\u0119to w ramy organizacyjne lu\u017ane formy wsp\u00f3\u0142pracy naukowo-dydaktycznej fizyk\u00f3w, chemik\u00f3w i metaloznawc\u00f3w, kt\u00f3rych przedmiotem zainteresowa\u0144 by\u0142a budowa oraz w\u0142a\u015bciwo\u015bci metali i ich stop\u00f3w. Inicjatorem i pierwszym Dyrektorem Instytutu zosta\u0142 Prof. dr hab. in\u017c. Zbigniew Bojarski, dzi\u0119ki kt\u00f3remu w stosunkowo kr\u00f3tkim czasie rozpocz\u0119to wsp\u00f3\u0142prac\u0119 z jednostkami przemys\u0142owymi i instytutami bran\u017cowymi \u015al\u0105ska, podejmuj\u0105c r\u00f3\u017cne prace badawcze, ekspertyzy na ich zlecenia oraz wzbogacaj\u0105c sw\u00f3j potencja\u0142 aparaturowy i metodyczny.<\/p>\n<p>W roku 1982 Instytut Fizyki i Chemii Metali wszed\u0142 w sk\u0142ad Wydzia\u0142u Techniki Uniwersytetu \u015al\u0105skiego. Kontynuuj\u0105c badania naukowe z zakresu metali i stop\u00f3w oraz rozszerzaj\u0105c je na inne materia\u0142y, takie jak: polimery, ceramiki, biomateria\u0142y, kompozyty oraz podejmuj\u0105c si\u0119 realizacji plan\u00f3w badawczych resortowych, centralnych i um\u00f3w na prowadzenie bada\u0144 zleconych Instytut wzbogaci\u0142 swoj\u0105 aparatur\u0119 badawcz\u0105 i wykszta\u0142ci\u0142 kadr\u0119 w\u0142asnych pracownik\u00f3w. Dzi\u0119ki temu mo\u017cliwym by\u0142o w roku 2003 dokonanie zmiany nazwy Instytutu na obecn\u0105 &#8211; Instytut Nauki o Materia\u0142ach i wszed\u0142 w sk\u0142ad Wydzia\u0142u Informatyki i Nauki o Materia\u0142ach. Dzisiaj Instytut utrwali\u0142 swoj\u0105 pozycj\u0119 naukow\u0105 i dydaktyczn\u0105 w\u015br\u00f3d jednostek zajmuj\u0105cych si\u0119 in\u017cynieri\u0105 materia\u0142ow\u0105 i nauk\u0105 o materia\u0142ach jako pierwsz\u0105 w kraju jednostk\u0105 uniwersyteck\u0105 o tym profilu badawczym. Od roku akademickiego 2007\/2008 prowadzi w\u0142asny kierunek kszta\u0142cenia w zakresie in\u017cynierii materia\u0142owej, specjalno\u015b\u0107 nauka o materia\u0142ach na I, II i III stopniu kszta\u0142cenia.<\/p>\n<p class=\"histp\">Historia <strong>Instytutu Technologii i Mechatroniki<\/strong> jest nieroz\u0142\u0105cznie zwi\u0105zana z powstaniem i histori\u0105 obecnego Wydzia\u0142u Informatyki i Nauki o Materia\u0142ach. W 1959 roku z inicjatywy \u00f3wczesnego Rektora Wy\u017cszej Szko\u0142y Pedagogicznej w Katowicach <span class=\"hists\">Prof. dr. hab. J\u00f3zefa Pietera<\/span>\u00a0na Wydziale Matematyki, Fizyki i Chemii utworzono Sekcj\u0119, w sk\u0142ad, kt\u00f3rej wchodzi\u0142y dwie katedry: Katedra Wychowania Technicznego (pod kierownictwem\u00a0<span class=\"hists\">Prof. Adama Zawadzkiego<\/span>) oraz Katedra Technologii Og\u00f3lnej (pod kierownictwem\u00a0<span class=\"hists\">Prof. dr. in\u017c. Mariana Janusza<\/span>). W roku 1964 zgodnie z Zarz\u0105dzeniem Ministra O\u015bwiaty z dn. 28.10.21964r. Sekcja zosta\u0142a przekszta\u0142cona w samodzielny\u00a0<span class=\"histsb\">Wydzia\u0142 Wychowania Technicznego<\/span>, kt\u00f3ry z chwil\u0105 powstania\u00a0<span class=\"histsb\">Uniwersytetu \u015al\u0105skiego<\/span>\u00a0w 1968 roku wszed\u0142 w now\u0105 struktur\u0119 organizacyjn\u0105 Uczelni, zmieniaj\u0105c w 1971 roku nazw\u0119 na\u00a0<span class=\"histsb\">Wydzia\u0142 Techniki<\/span>.<\/p>\n<p class=\"histp\">W 1977 roku na Wydziale Techniki nast\u0119puje reorganizacja Jednostki. W miejsce Instytutu Wychowania Technicznego zostaje utworzony\u00a0<span class=\"histsb\">Instytut Problem\u00f3w Techniki<\/span>, kt\u00f3rego dyrektorem zosta\u0142\u00a0<span class=\"hists\">Prof. dr hab. in\u017c. Mieczys\u0142aw Wo\u0142ek<\/span>. W sk\u0142ad Instytutu wchodzi\u0142y trzy zak\u0142ady: Zak\u0142ad Proces\u00f3w Wytwarzania (kierownik\u00a0<span class=\"hists\">Prof. dr hab. in\u017c. Mieczys\u0142aw Wo\u0142ek<\/span>), Zak\u0142ad Elektroniki i Elektrotechniki Stosowanej (kierownik\u00a0<span class=\"hists\">Prof. dr hab. in\u017c. Jan Piecha<\/span>) oraz Zak\u0142ad Dydaktyki Przedmiot\u00f3w Technicznych (kierownik\u00a0<span class=\"hists\">dr J\u00f3zef W\u0119grzynek<\/span>).<\/p>\n<p class=\"histp\">W 1984 nast\u0119puje zmiana struktury organizacyjnej Instytutu Problem\u00f3w Techniki. Zostaj\u0105 utworzone zak\u0142ady: Zak\u0142ad Mechaniki (kierownik\u00a0<span class=\"hists\">Prof. dr hab. in\u017c. Mieczys\u0142aw Wo\u0142ek<\/span>), Zak\u0142ad Elektroniki i Informatyki (kierownik\u00a0<span class=\"hists\">Prof. dr hab. in\u017c. Jan Piecha<\/span>), Zak\u0142ad Elektrotechniki i Automatyki (kierownik\u00a0<span class=\"hists\">Prof. dr hab. J\u00f3zef Czajkowski<\/span>), Zak\u0142ad Fizyki Materia\u0142\u00f3w Niemetalicznych (kierownik\u00a0<span class=\"hists\">Prof. dr hab. Zygmunt Surowiak<\/span>) oraz Zak\u0142ad Fizyki Polimer\u00f3w (kierownik\u00a0<span class=\"hists\">doc. dr hab. in\u017c. Zbigniew Grzywna<\/span>).<\/p>\n<p class=\"histp\">W 1986 roku funkcj\u0119 dyrektora Instytutu Problem\u00f3w Techniki obejmuje\u00a0<span class=\"hists\">Prof. dr hab. Zygmunt Surowiak<\/span>. W 1992 roku odbywa si\u0119 kolejna zmiana struktury organizacyjnej Instytutu. Zak\u0142ad Fizyki Polimer\u00f3w zostaje w\u0142\u0105czony do Zak\u0142adu Fizyki Materia\u0142\u00f3w Niemetalicznych, Zak\u0142ad Elektrotechniki i Automatyki zmienia nazw\u0119 na Zak\u0142ad Metrologii (kierownik\u00a0<span class=\"hists\">Prof. dr hab. J\u00f3zef Czajkowski<\/span>) oraz Zak\u0142ad Mechaniki zmienia nazw\u0119 na Zak\u0142ad Tribologii (kierownik\u00a0<span class=\"hists\">Prof. dr hab. in\u017c. Mieczys\u0142aw Wo\u0142ek<\/span>). W sk\u0142ad Instytutu zostaje w\u0142\u0105czony tak\u017ce istniej\u0105cy samodzielnie w strukturze Wydzia\u0142u Techniki Zak\u0142ad Dydaktyki Przedmiot\u00f3w Technicznych (kierownik\u00a0<span class=\"hists\">dr Jerzy Olszewski<\/span>).<\/p>\n<p class=\"histp\">W 1994 roku na Wydziale Techniki zachodz\u0105 kolejne zmiany organizacyjne maj\u0105ce na celu uzyskanie bardziej zwartej i jednolitej struktury. Zmiany te dotyczy\u0142y tak\u017ce Instytutu Problem\u00f3w Techniki (dyrektor\u00a0<span class=\"hists\">Prof. dr hab. Zygmunt Surowiak<\/span>) w sk\u0142ad, kt\u00f3rego wesz\u0142y nast\u0119puj\u0105ce zak\u0142ady: Zak\u0142ad Metrologii (kierownik\u00a0<span class=\"hists\">Prof. U\u015a dr hab. in\u017c. Lech Tomawski<\/span>), Zak\u0142ad Tribologii (kierownik\u00a0<span class=\"hists\">Prof. dr hab. Gieorgij Szpienkow<\/span>), Zak\u0142ad Fizyki Materia\u0142\u00f3w Niemetalicznych (kierownik\u00a0<span class=\"hists\">Prof. dr hab. Zygmunt Surowiak<\/span>) i Zak\u0142ad Dydaktyki Przedmiot\u00f3w Technicznych (kierownik\u00a0<span class=\"hists\">dr Jerzy Olszewski<\/span>).<\/p>\n<p class=\"histp\">W 1996 roku nast\u0105pi\u0142y zmiany na stanowiskach kierownik\u00f3w zak\u0142ad\u00f3w Jednostki: kierownikiem Zak\u0142adu Tribologii zosta\u0142\u00a0<span class=\"hists\">Prof. dr hab. Jerzy Cybo<\/span>, kierownikiem Zak\u0142adu Metrologii zosta\u0142\u00a0<span class=\"hists\">Prof. U\u015a dr hab. in\u017c. Zygmunt Wr\u00f3bel<\/span>\u00a0natomiast kierownikiem Zak\u0142adu Dydaktyki Przedmiot\u00f3w Technicznych zosta\u0142\u00a0<span class=\"hists\">Prof. U\u015a dr hab. Jan Ilczuk<\/span>.<\/p>\n<p class=\"histp\">W 1997 roku na Wydziale Techniki zachodz\u0105 dalsze zmiany organizacyjne w wyniku, kt\u00f3rych Instytut Problem\u00f3w Techniki zostaje przekszta\u0142cony w\u00a0<span class=\"histsb\">Katedr\u0119 Materia\u0142\u00f3w Ceramicznych i Tribologii<\/span>, kt\u00f3rej kierownikiem zostaje\u00a0<span class=\"hists\">Prof. dr hab. Zygmunt Surowiak<\/span>. W sk\u0142ad katedry wesz\u0142y trzy zak\u0142ady: Zak\u0142ad Fizyki Materia\u0142\u00f3w Niemetalicznych (kierownik\u00a0<span class=\"hists\">Prof. dr hab. Zygmunt Surowiak<\/span>), Zak\u0142ad Tribologii (kierownik\u00a0<span class=\"hists\">Prof. dr hab. Jerzy Cybo<\/span>) oraz Zak\u0142ad Dydaktyki Przedmiot\u00f3w Technicznych (kierownik\u00a0<span class=\"hists\">Prof. U\u015a dr hab. Jan Ilczuk<\/span>).<\/p>\n<p class=\"histp\">W 1998 roku zmieniono nazw\u0119 Katedry Materia\u0142\u00f3w Ceramicznych i Tribologii na\u00a0<span class=\"histsb\">Katedr\u0119 Materia\u0142oznawstwa<\/span>\u00a0(kierownik\u00a0<span class=\"hists\">Prof. dr hab. Zygmunt Surowiak<\/span>) oraz zmieniono nazw\u0119 zak\u0142adu Tribologii na Zak\u0142ad Bada\u0144 Warstwy Wierzchniej (kierownik\u00a0<span class=\"hists\">Prof. dr hab. Jerzy Cybo<\/span>).<\/p>\n<p class=\"histp\">W 2003 roku Uchwa\u0142\u0105 Senatu Uczelni z dn. 4.03.2003 roku\u00a0<span class=\"histsb\">Wydzia\u0142 Techniki<\/span>\u00a0zmieni\u0142 nazw\u0119 na obecn\u0105:\u00a0<span class=\"histsb\">Wydzia\u0142 Informatyki i Nauki o Materia\u0142ach<\/span>. W tym te\u017c roku kierownikiem Katedry Materia\u0142oznawstwa zosta\u0142\u00a0<span class=\"hists\">Prof. dr hab. Jan Ilczuk<\/span>, natomiast\u00a0<span class=\"hists\">Prof. dr hab. in\u017c. Dionizy Czekaj<\/span>\u00a0zosta\u0142 kierownikiem Zak\u0142adu Fizyki Materia\u0142\u00f3w Niemetalicznych.<\/p>\n<p class=\"histp\">W 2005 roku w Katedrze Materia\u0142oznawstwa powstaje czwarty zak\u0142ad Zak\u0142ad Technologii Warstw Powierzchniowych, kt\u00f3rego kierownikiem zostaje\u00a0<span class=\"hists\">dr hab. W\u0142adys\u0142aw Skoneczny<\/span>\u00a0oraz ulega zmianie nazwa Zak\u0142adu Fizyki Materia\u0142\u00f3w Niemetalicznych na Zak\u0142ad Elektroceramiki Funkcjonalnej (kierownik\u00a0<span class=\"hists\">Prof. dr hab. in\u017c. Dionizy Czekaj<\/span>). W 2012 roku zgodnie z wymogami Statutu Uniwersytetu \u015al\u0105skiego zak\u0142ady istniej\u0105ce w Katedrze Materia\u0142oznawstwa ulega\u0142y likwidacji.<\/p>\n<p class=\"histp\">W dniu 27.05.2014 roku Senat Uniwersytetu \u015al\u0105skiego podj\u0105\u0142 Uchwa\u0142\u0119 o przekszta\u0142cenie Katedry Materia\u0142oznawstwa w\u00a0<span class=\"histsb\">Instytut Technologii i Mechatroniki<\/span>\u00a0z moc\u0105 obowi\u0105zuj\u0105c\u0105 od dnia 01 wrze\u015bnia 2014r. Dyrektorem Instytutu Technologii i Mechatroniki zosta\u0142\u00a0<span class=\"hists\">dr hab. Dariusz Bochenek<\/span>, a jego zast\u0119pc\u0105 ds. dydaktycznych zosta\u0142a\u00a0<span class=\"hists\">dr hab. Ma\u0142gorzata Adamczyk-Habrajska<\/span>. W sk\u0142ad instytutu Technologii i Mechatroniki wesz\u0142y dwa zak\u0142ady: Zak\u0142ad Elektroceramiki i Mikromechatroniki (kierownik\u00a0<span class=\"hists\">Prof. dr hab. Jan Ilczuk<\/span>) oraz Zak\u0142ad Technologii Warstw Powierzchniowych (kierownik\u00a0<span class=\"hists\">dr hab. W\u0142adys\u0142aw Skoneczny<\/span>).<\/p>\n<p>[\/vc_column_text][\/vc_column][\/vc_row]<\/p>","protected":false},"excerpt":{"rendered":"<p>[vc_row el_class=&#8221;container&#8221;][vc_column][vc_column_text]Instytut In\u017cynierii Materia\u0142owej powsta\u0142 przez po\u0142\u0105czenie Instytutu Nauki o Materia\u0142ach i Instytutu Technologii i Mechatroniki w wyniku reorganizacji struktury organizacyjnej Uniwersytetu \u015al\u0105skiego w 2019 roku. &nbsp; Instytut Nauki o Materia\u0142ach powsta\u0142 z Instytutu Fizyki i Chemii Metali, kt\u00f3ry zosta\u0142 utworzony w 1974 roku decyzj\u0105 Ministra Nauki, Szkolnictwa Wy\u017cszego i Techniki na Wydziale Matematyki, Fizyki [&#8230;]<\/p>\n<p><a class=\"btn btn-secondary understrap-read-more-link\" href=\"https:\/\/us.edu.pl\/instytut\/iim\/instytut\/historia-instytutu\/\">Read More&#8230;<\/a><\/p>\n","protected":false},"author":825,"featured_media":0,"parent":549,"menu_order":24,"comment_status":"closed","ping_status":"closed","template":"page-templates\/inner-page.php","meta":{"_expiration-date-status":"saved","_expiration-date":0,"_expiration-date-type":"","_expiration-date-categories":[],"_expiration-date-options":[]},"acf":[],"_links":{"self":[{"href":"https:\/\/us.edu.pl\/instytut\/iim\/wp-json\/wp\/v2\/pages\/310"}],"collection":[{"href":"https:\/\/us.edu.pl\/instytut\/iim\/wp-json\/wp\/v2\/pages"}],"about":[{"href":"https:\/\/us.edu.pl\/instytut\/iim\/wp-json\/wp\/v2\/types\/page"}],"author":[{"embeddable":true,"href":"https:\/\/us.edu.pl\/instytut\/iim\/wp-json\/wp\/v2\/users\/825"}],"replies":[{"embeddable":true,"href":"https:\/\/us.edu.pl\/instytut\/iim\/wp-json\/wp\/v2\/comments?post=310"}],"version-history":[{"count":6,"href":"https:\/\/us.edu.pl\/instytut\/iim\/wp-json\/wp\/v2\/pages\/310\/revisions"}],"predecessor-version":[{"id":591,"href":"https:\/\/us.edu.pl\/instytut\/iim\/wp-json\/wp\/v2\/pages\/310\/revisions\/591"}],"up":[{"embeddable":true,"href":"https:\/\/us.edu.pl\/instytut\/iim\/wp-json\/wp\/v2\/pages\/549"}],"wp:attachment":[{"href":"https:\/\/us.edu.pl\/instytut\/iim\/wp-json\/wp\/v2\/media?parent=310"}],"curies":[{"name":"wp","href":"https:\/\/api.w.org\/{rel}","templated":true}]}}