{"id":4356,"date":"2026-01-06T18:31:25","date_gmt":"2026-01-06T17:31:25","guid":{"rendered":"https:\/\/us.edu.pl\/instytut\/iim\/?page_id=4356"},"modified":"2026-01-12T15:55:11","modified_gmt":"2026-01-12T14:55:11","slug":"laboratorium-dyfrakcji-rentgenowskiej","status":"publish","type":"page","link":"https:\/\/us.edu.pl\/instytut\/iim\/nauka-badania\/laboratoria-pracownie\/laboratorium-dyfrakcji-rentgenowskiej\/","title":{"rendered":"Laboratorium Dyfrakcji Rentgenowskiej"},"content":{"rendered":"<p>[vc_row el_class=&#8221;container&#8221;][vc_column][vc_tta_tour][vc_tta_section title=&#8221;O laboratorium&#8221; tab_id=&#8221;1645113822652-dbfa6435-85b9&#8243;]\r\n                <div class=\"text-modules\">\r\n                    <div class=\"container\">\r\n                        \r\n                        <div class=\"text-modules__content\"><p>Badania prowadzone w laboratorium koncentruj\u0105 si\u0119 na kompleksowej analizie struktury krystalicznej materia\u0142\u00f3w z wykorzystaniem metod dyfrakcji promieniowania rentgenowskiego (XRD). Laboratorium umo\u017cliwia pe\u0142en zakres bada\u0144 \u2013 od pomiar\u00f3w, a\u017c po zaawansowan\u0105 analiz\u0119 i interpretacj\u0119 uzyskanych wynik\u00f3w. G\u0142\u00f3wnym celem przeprowadzanych dzia\u0142a\u0144 jest <strong>identyfikacja faz krystalicznych<\/strong>, okre\u015blenie ich <strong>udzia\u0142u ilo\u015bciowego<\/strong> oraz szczeg\u00f3\u0142owa <strong>charakterystyka struktury krystalicznej<\/strong> materia\u0142\u00f3w w postaci proszk\u00f3w, materia\u0142\u00f3w litych, a tak\u017ce cienkich warstw.<\/p>\n<p>Laboratorium wyposa\u017cone jest w dyfraktometr rentgenowski oraz stanowiska komputerowe z oprogramowaniem HighScore i dost\u0119pem do bazy danych ICDD PDF-5+, kt\u00f3re umo\u017cliwiaj\u0105 precyzyjn\u0105 analiz\u0119 refleks\u00f3w dyfrakcyjnych, por\u00f3wnanie wynik\u00f3w z szerokim zestawem referencyjnych wzorc\u00f3w oraz prowadzenie oblicze\u0144. Laboratorium stanowi zintegrowane \u015brodowisko badawcze, umo\u017cliwiaj\u0105ce kompleksow\u0105 charakterystyk\u0119 fazow\u0105 i strukturaln\u0105 materia\u0142\u00f3w stosowanych w r\u00f3\u017cnorodnych dziedzinach nauki i przemys\u0142u.<\/p>\n<\/div>\r\n                    <\/div>\r\n                <\/div>[\/vc_tta_section][vc_tta_section title=&#8221;Wyposa\u017cenie&#8221; tab_id=&#8221;1645113822678-51a69647-60ce&#8221;]\r\n                <div class=\"text-modules\">\r\n                    <div class=\"container\">\r\n                        \r\n                        <div class=\"text-modules__content\"><p>Laboratorium wyposa\u017cone jest w:<\/p>\n<ul>\n<li><strong>Dyfraktometr rentgenowski Philips X\u2019Pert Pro<\/strong> \u2013 dyfraktometr wyposa\u017cony w lamp\u0119 rentgenowsk\u0105 z miedzian\u0105 anod\u0105 (\u03bb CuK<sub>\u03b1<\/sub> = 1,54178 \u00c5) umo\u017cliwiaj\u0105cy kompleksow\u0105 analiz\u0119 proszk\u00f3w, materia\u0142\u00f3w litych, ceramik, metali i stop\u00f3w, polimer\u00f3w oraz kompozyt\u00f3w. Dzi\u0119ki wysokiej precyzji pomiar\u00f3w mo\u017cliwe jest wyznaczanie wielko\u015bci krystalit\u00f3w, stopnia krystaliczno\u015bci oraz makro- i mikronapr\u0119\u017ce\u0144, w tym napr\u0119\u017ce\u0144 szcz\u0105tkowych. Aparatura pozwala tak\u017ce na prowadzenie bada\u0144 w trybie sta\u0142ego k\u0105ta padania (GIXRD), co umo\u017cliwia szczeg\u00f3\u0142ow\u0105 analiz\u0119 cienkich warstw i powierzchni materia\u0142\u00f3w.<\/li>\n<\/ul>\n<p>\n<\/div>\r\n                    <\/div>\r\n                <\/div>[\/vc_tta_section][vc_tta_section title=&#8221;Kontakt&#8221; tab_id=&#8221;1645114857460-4a308e45-b163&#8243;]<div class='container'><div class=\"people-section\"><div class=\"section-title\">Kierownik laboratorium: <\/div><div class=\"people-loop people-loop_2\">\r\n            <div  class=\"people-loop-post\">\r\n               \r\n               <div class=\"people-loop-post__content\" >\r\n                     <div class=\"people-loop-post__prof\" >   <\/div >\r\n                     <div class=\"people-loop-post__title\" > Dercz Grzegorz<\/div >\r\n                     <div class=\"people-loop-post__position\" > <\/div >\r\n                     <a class=\"link-button\"  href=\"https:\/\/us.edu.pl\/instytut\/iim\/osoby\/dercz-grzegorz\/\">Biogram<\/a>\r\n               <\/div>\r\n            <\/div> <\/div><\/div><\/div>[\/vc_tta_section][\/vc_tta_tour]            \r\n                    <div class=\"container\">\r\n                        <div class=\"gallery gallery_2\" data-images-in-row=\"2\">\r\n                            <div class=\"section-title section-title_border-bottom\">Galeria<\/div>\r\n                            <div class=\"row m-0\">\r\n                                <a data-fancybox-group=\"button\" title=\"Dyfraktometr rentgenowski Philips X\u2019Pert Pro\" data-fancybox=\"4398\" href=\"https:\/\/us.edu.pl\/instytut\/iim\/wp-content\/uploads\/sites\/42\/obrazy-strony\/laboratoria\/lxrd\/lxrd-01.jpg\" class=\"gallery__item thumbnail\"\r\n                                    style=\"background-image: url(https:\/\/us.edu.pl\/instytut\/iim\/wp-content\/uploads\/sites\/42\/obrazy-strony\/laboratoria\/lxrd\/lxrd-01-768x1024.jpg)\"> <span class=\"d-none\">https:\/\/us.edu.pl\/instytut\/iim\/wp-content\/uploads\/sites\/42\/obrazy-strony\/laboratoria\/lxrd\/lxrd-01.jpg<\/span> <\/a>\r\n                            <\/div>\r\n                    <\/div>\r\n                <\/div>[\/vc_column][\/vc_row]<\/p>","protected":false},"excerpt":{"rendered":"<p>[vc_row el_class=&#8221;container&#8221;][vc_column][vc_tta_tour][vc_tta_section title=&#8221;O laboratorium&#8221; tab_id=&#8221;1645113822652-dbfa6435-85b9&#8243;][\/vc_tta_section][vc_tta_section title=&#8221;Wyposa\u017cenie&#8221; tab_id=&#8221;1645113822678-51a69647-60ce&#8221;][\/vc_tta_section][vc_tta_section title=&#8221;Kontakt&#8221; tab_id=&#8221;1645114857460-4a308e45-b163&#8243;][\/vc_tta_section][\/vc_tta_tour][\/vc_column][\/vc_row] [&#8230;]<\/p>\n<p><a class=\"btn btn-secondary understrap-read-more-link\" href=\"https:\/\/us.edu.pl\/instytut\/iim\/osoby\/wygoda-roksana\/\">Read More&#8230;<\/a><\/p>\n","protected":false},"author":825,"featured_media":4355,"parent":691,"menu_order":20,"comment_status":"closed","ping_status":"closed","template":"","meta":{"_expiration-date-status":"","_expiration-date":0,"_expiration-date-type":"","_expiration-date-categories":[],"_expiration-date-options":[]},"acf":[],"_links":{"self":[{"href":"https:\/\/us.edu.pl\/instytut\/iim\/wp-json\/wp\/v2\/pages\/4356"}],"collection":[{"href":"https:\/\/us.edu.pl\/instytut\/iim\/wp-json\/wp\/v2\/pages"}],"about":[{"href":"https:\/\/us.edu.pl\/instytut\/iim\/wp-json\/wp\/v2\/types\/page"}],"author":[{"embeddable":true,"href":"https:\/\/us.edu.pl\/instytut\/iim\/wp-json\/wp\/v2\/users\/825"}],"replies":[{"embeddable":true,"href":"https:\/\/us.edu.pl\/instytut\/iim\/wp-json\/wp\/v2\/comments?post=4356"}],"version-history":[{"count":5,"href":"https:\/\/us.edu.pl\/instytut\/iim\/wp-json\/wp\/v2\/pages\/4356\/revisions"}],"predecessor-version":[{"id":4530,"href":"https:\/\/us.edu.pl\/instytut\/iim\/wp-json\/wp\/v2\/pages\/4356\/revisions\/4530"}],"up":[{"embeddable":true,"href":"https:\/\/us.edu.pl\/instytut\/iim\/wp-json\/wp\/v2\/pages\/691"}],"wp:featuredmedia":[{"embeddable":true,"href":"https:\/\/us.edu.pl\/instytut\/iim\/wp-json\/wp\/v2\/media\/4355"}],"wp:attachment":[{"href":"https:\/\/us.edu.pl\/instytut\/iim\/wp-json\/wp\/v2\/media?parent=4356"}],"curies":[{"name":"wp","href":"https:\/\/api.w.org\/{rel}","templated":true}]}}