{"id":437,"date":"2020-01-31T13:20:56","date_gmt":"2020-01-31T12:20:56","guid":{"rendered":"http:\/\/us.edu.pl\/instytut\/iim\/?page_id=437"},"modified":"2025-02-10T09:01:38","modified_gmt":"2025-02-10T08:01:38","slug":"oferta-badawcza","status":"publish","type":"page","link":"https:\/\/us.edu.pl\/instytut\/iim\/nauka-badania\/oferta-badawcza\/","title":{"rendered":"Oferta badawcza"},"content":{"rendered":"<p>[vc_row el_class=&#8221;container&#8221;][vc_column][vc_column_text]Instytut In\u017cynierii Materia\u0142owej oferuje:<\/p>\n<ul>\n<li>kompleksowe badanie struktury i w\u0142a\u015bciwo\u015bci materia\u0142\u00f3w metalicznych, ceramicznych, polimerowych i kompozytowych<\/li>\n<li>ekspertyzy dotycz\u0105ce jako\u015bci materia\u0142\u00f3w i wyrob\u00f3w z nich wykonanych<\/li>\n<li>doradztwo techniczne w zakresie doboru materia\u0142\u00f3w<\/li>\n<li>szkolenie w zakresie stosowania nowoczesnych metod badawczych<\/li>\n<\/ul>\n<p>Szczeg\u00f3\u0142owy zakres oferty Instytutu In\u017cynierii Materia\u0142owej znajduje si\u0119 poni\u017cej.<\/p>\n<ul>\n<li>Okre\u015blanie struktury krystalicznej z wykorzystaniem metod LeBaila i Ritvelda.<\/li>\n<li>Jako\u015bciowa i ilo\u015bciowa rentgenowska analiza fazowa (w tym r\u00f3wnie\u017c badania wysokotemperaturowe).<\/li>\n<li>Charakterystyka struktury materia\u0142\u00f3w cienkowarstwowych przy pomocy reflektometrii, SKP i mikroskopii elektronowej.<\/li>\n<li>Wyznaczanie temperatury i ciep\u0142a przemian fazowych.<\/li>\n<li>Badania struktury krystalicznej materia\u0142\u00f3w i warstw powierzchniowych z wykorzystaniem transmisyjnej i skaningowej mikroskopii elektronowej, w tym: techniki wykorzytsuj\u0105ce precesj\u0119 wi\u0105zki elektron\u00f3w (TEM), \u00a0wysokorozdzielczej mikroskopii elektronowej z mo\u017cliwo\u015bci\u0105 okre\u015blania sk\u0142adu chemicznego w nanoobszarach (EDS) oraz metody EBSD.<\/li>\n<li>Badania topografii powierzchni przy pomocy skaningowego mikroskopu elektronowego.<\/li>\n<li>Badania &#8222;in situ&#8221; w skaningowym mikroskopie elektronowym &#8211; badania wysokotemperaturowe, badania krystalografii powierzchni metod\u0105 EBSD w zale\u017cno\u015bci od temperatury.<\/li>\n<li>Wyznaczanie tekstury metod\u0105 rentgenograficzn\u0105 i metod\u0105 EBSD.<\/li>\n<li>Badania sk\u0142adu chemicznego powierzchni metod\u0105 spektroskopii Augera, EDS, metod\u0105 fluorescencyjn\u0105.<\/li>\n<li>Badanie w\u0142a\u015bciwo\u015bci fizycznych warstw wierzchnich metod\u0105 nanoindentacji.<\/li>\n<li>Badanie struktury powierzchni metod\u0105 AFM.<\/li>\n<li>Ekspertyzy dotycz\u0105ce jako\u015bci i wad w materia\u0142ach i wyrobach oraz doradztwo techniczne w zakresie doboru materia\u0142\u00f3w na okre\u015blone wyroby.<\/li>\n<li>Szkolenie w zakresie stosowania nowoczesnych metod badawczych.<\/li>\n<\/ul>\n<p>&nbsp;<\/p>\n<ul>\n<li>Badania korozyjne w komorze solnej.<\/li>\n<li>Charakterystyka materia\u0142\u00f3w skaningowymi metodami elektrochemicznymi.<\/li>\n<li>Elektrochemiczna charakterystyka mechanizmu i kinetyki adsorpcji, absorpcji i wydzielania wodoru oraz proces\u00f3w zwi\u0105zanych z korozj\u0105 elektrochemiczn\u0105, transportem i dyfuzj\u0105 wodoru przez membrany metaliczne w oparciu o konwencjonalne metody elektrochemiczne w po\u0142\u0105czeniu z technikami elektrochemicznej spektroskopii impedancji.<\/li>\n<li>Nak\u0142adanie pow\u0142ok metalicznych, stopowych i kompozytowych metodami elektrochemicznymi.<\/li>\n<li>Szkolenia w zakresie stosowania skaningowych metod elektrochemicznych oraz elektrochemicznej spektroskopii impedancyjnej do badania proces\u00f3w elektrochemicznych.<\/li>\n<li>Doradztwo naukowo-techniczne (konsultacje specjalistyczne w zakresie metod badawczych oceny i jako\u015bci materia\u0142\u00f3w, interpretacja i analiza wynik\u00f3w bada\u0144 materia\u0142\u00f3w polimerowych)<\/li>\n<\/ul>\n<p>&nbsp;<\/p>\n<ul>\n<li>Otrzymywanie monokryszta\u0142\u00f3w i monokwazikryszta\u0142\u00f3w metali i ich stop\u00f3w.<\/li>\n<li>Otrzymywanie kompozyt\u00f3w monokrystalicznych, w tym kompozyt\u00f3w z frakcj\u0105 faz kwazikrystalicznych.<\/li>\n<li>Badania struktury materia\u0142\u00f3w monokrystalicznych (w tym monokrystalicznych nadstop\u00f3w niklu) metodami dyfrakcyjnej topografii rentgenowskiej.<\/li>\n<li>Badania orientacji krystalicznej metod\u0105 Laue.<\/li>\n<li>Precyzyjne pomiary parametr\u00f3w sieciowych monokryszta\u0142\u00f3w metod\u0105 Bonda.<\/li>\n<\/ul>\n<p>&nbsp;<\/p>\n<ul>\n<li>Pe\u0142n\u0105 charakterystyk\u0119 materia\u0142\u00f3w magnetycznie mi\u0119kkich (ta\u015bmy amorficzne typu melt spinning, proszki (nanoproszki)\u00a0 magnetyczne, kompozyty (nanokompozyty) magnetyczne)\u00a0 &#8211; pomiar statycznych i dynamicznych krzywych magnesowania, p\u0119tli histerezy, remanencji, namagnesowana nasycenia, temperatury Curie, zespolonej przenikalno\u015bci magnetycznej, wsp\u00f3\u0142czynnika magnetostrykcji, obserwacja struktury domenowej, rozk\u0142ad strat magnetycznych, pomiar magnetoimpedancji, efekt magnetokaloryczny itp.<\/li>\n<li>Badanie stabilno\u015bci czasowo-temperaturowej magnetycznych materia\u0142\u00f3w amorficznych (relaksacja strukturalna, nanokrystalizacja, krystalizacja).<\/li>\n<li>Badanie dynamiki proces\u00f3w polaryzacyjnych, pomiar liniowej i nieliniowej podatno\u015bci elektrycznej niemetalicznych materia\u0142\u00f3w wielofunkcyjnych o r\u00f3\u017cnorodnym uporz\u0105dkowaniu elektrycznym &#8211; ferroelektryki, szk\u0142a dipolowe, ferroelektryczne relaksory itp.<\/li>\n<li>Pomiar modu\u0142u Younga i wsp\u00f3\u0142czynnika adhezji cienkich pow\u0142ok na pod\u0142o\u017cu metalicznym.<\/li>\n<\/ul>\n<p>&nbsp;<\/p>\n<ul>\n<li>Charakterystyk\u0119 struktury defektowej w cia\u0142ach sta\u0142ych metodami: anihilacji pozyton\u00f3w oraz spektroskopii efektu M\u00f6ssbauera.<\/li>\n<li>Pomiary obj\u0119to\u015bci swobodnej i temperatury zeszklenia w polimerach metod\u0105 anihilacji pozyton\u00f3w.<\/li>\n<li>Charakterystyk\u0119 oddzia\u0142ywa\u0144 nadsubtelnych w zwi\u0105zkach zawieraj\u0105cych \u017celazo oraz cyn\u0119, wyznaczanie sk\u0142adu fazowego badanych materia\u0142\u00f3w.<\/li>\n<li>Badania powierzchni masywnych pr\u00f3bek metalicznych, wyznaczanie parametr\u00f3w oddzia\u0142ywa\u0144 nadsubtelnych metod\u0105 CEMS.<\/li>\n<li>Badania teoretyczne metodami z pierwszych zasad kwantowych struktury elektronowej, oddzia\u0142ywa\u0144 nadsubtelnych, w\u0142a\u015bciwo\u015bci magnetycznych, strukturalnych i mechanicznych zwi\u0105zk\u00f3w i roztwor\u00f3w sta\u0142ych z uwzgl\u0119dnieniem obecno\u015bci defekt\u00f3w punktowych.<\/li>\n<li>Prowadzenie specjalistycznych szkole\u0144 w zakresie zastosowania spektroskopii mossbauerowskiej do bada\u0144 realnej struktury cia\u0142 sta\u0142ych w tym: zwi\u0105zk\u00f3w metalicznych, amorficznych oraz powierzchni masywnych materia\u0142\u00f3w znajduj\u0105cych zastosowanie aplikacyjne.<\/li>\n<li>Prowadzenie specjalistycznych szkole\u0144 zwi\u0105zanych z wykorzystaniem metody anihilacji pozyton\u00f3w w badaniach struktury defektowej cia\u0142a sta\u0142ego.<\/li>\n<li>Prowadzenie og\u00f3lnych szkole\u0144 w zakresie wykorzystania metod j\u0105drowych w badaniach cia\u0142a sta\u0142ego.<\/li>\n<li>Us\u0142ugi szkoleniowe w zakresie stosowania kwantowych metod ab initio oblicze\u0144 struktury elektronowej.<\/li>\n<li>Szkolenia w zakresie bezpiecze\u0144stwa j\u0105drowego i ochrony radiologicznej, zgodnie z zaleceniami Pa\u0144stwowej Agencji Atomistyki.<\/li>\n<\/ul>\n<p>&nbsp;<\/p>\n<ul>\n<li>Badanie w\u0142a\u015bciwo\u015bci wytrzyma\u0142o\u015bciowych materia\u0142\u00f3w, element\u00f3w oraz z\u0142\u0105czy konstrukcyjnych.<\/li>\n<li>Pomiary twardo\u015bci i mikrotwardo\u015bci materia\u0142\u00f3w.<\/li>\n<li>Badanie udarno\u015bci metod\u0105 Charpy\u2019ego.<\/li>\n<li>Badanie odporno\u015bci materia\u0142\u00f3w na zu\u017cycie \u015bcierne.Badanie makro i mikrostruktury materia\u0142\u00f3w.<\/li>\n<li>Ekspertyzy dla przemys\u0142u, dotycz\u0105ce wytrzyma\u0142o\u015bci materia\u0142\u00f3w i konstrukcji, jako\u015bci materia\u0142\u00f3w i wyrob\u00f3w oraz okre\u015blenia przyczyn awarii.<\/li>\n<\/ul>\n<p>[\/vc_column_text][\/vc_column][\/vc_row]<\/p>","protected":false},"excerpt":{"rendered":"<p>[vc_row el_class=&#8221;container&#8221;][vc_column][vc_column_text]Instytut In\u017cynierii Materia\u0142owej oferuje: kompleksowe badanie struktury i w\u0142a\u015bciwo\u015bci materia\u0142\u00f3w metalicznych, ceramicznych, polimerowych i kompozytowych ekspertyzy dotycz\u0105ce jako\u015bci materia\u0142\u00f3w i wyrob\u00f3w z nich wykonanych doradztwo techniczne w zakresie doboru materia\u0142\u00f3w szkolenie w zakresie stosowania nowoczesnych metod badawczych Szczeg\u00f3\u0142owy zakres oferty Instytutu In\u017cynierii Materia\u0142owej znajduje si\u0119 poni\u017cej. Okre\u015blanie struktury krystalicznej z wykorzystaniem metod LeBaila i [&#8230;]<\/p>\n<p><a class=\"btn btn-secondary understrap-read-more-link\" href=\"https:\/\/us.edu.pl\/instytut\/iim\/nauka-badania\/oferta-badawcza\/\">Read More&#8230;<\/a><\/p>\n","protected":false},"author":825,"featured_media":0,"parent":600,"menu_order":3,"comment_status":"closed","ping_status":"closed","template":"page-templates\/inner-page.php","meta":{"_expiration-date-status":"","_expiration-date":0,"_expiration-date-type":"","_expiration-date-categories":[],"_expiration-date-options":[]},"acf":[],"_links":{"self":[{"href":"https:\/\/us.edu.pl\/instytut\/iim\/wp-json\/wp\/v2\/pages\/437"}],"collection":[{"href":"https:\/\/us.edu.pl\/instytut\/iim\/wp-json\/wp\/v2\/pages"}],"about":[{"href":"https:\/\/us.edu.pl\/instytut\/iim\/wp-json\/wp\/v2\/types\/page"}],"author":[{"embeddable":true,"href":"https:\/\/us.edu.pl\/instytut\/iim\/wp-json\/wp\/v2\/users\/825"}],"replies":[{"embeddable":true,"href":"https:\/\/us.edu.pl\/instytut\/iim\/wp-json\/wp\/v2\/comments?post=437"}],"version-history":[{"count":3,"href":"https:\/\/us.edu.pl\/instytut\/iim\/wp-json\/wp\/v2\/pages\/437\/revisions"}],"predecessor-version":[{"id":440,"href":"https:\/\/us.edu.pl\/instytut\/iim\/wp-json\/wp\/v2\/pages\/437\/revisions\/440"}],"up":[{"embeddable":true,"href":"https:\/\/us.edu.pl\/instytut\/iim\/wp-json\/wp\/v2\/pages\/600"}],"wp:attachment":[{"href":"https:\/\/us.edu.pl\/instytut\/iim\/wp-json\/wp\/v2\/media?parent=437"}],"curies":[{"name":"wp","href":"https:\/\/api.w.org\/{rel}","templated":true}]}}