{"id":442,"date":"2020-01-31T13:34:23","date_gmt":"2020-01-31T12:34:23","guid":{"rendered":"http:\/\/us.edu.pl\/instytut\/iim\/?page_id=442"},"modified":"2020-06-23T14:27:25","modified_gmt":"2020-06-23T12:27:25","slug":"wspolpraca-z-osrodkami-naukowymi","status":"publish","type":"page","link":"https:\/\/us.edu.pl\/instytut\/iim\/wspolpraca\/wspolpraca-z-osrodkami-naukowymi\/","title":{"rendered":"Wsp\u00f3\u0142praca z o\u015brodkami naukowymi"},"content":{"rendered":"<p>[vc_row][vc_column][vc_column_text el_class=&#8221;container&#8221;]<\/p>\n<h3>Instytut In\u017cynierii Materia\u0142owej wsp\u00f3\u0142pracuje z takimi jednostkami jak:<\/h3>\n<p>&nbsp;<\/p>\n<h4>O\u015brodki krajowe:<\/h4>\n<ul>\n<li><a href=\"https:\/\/lukasiewicz.gov.pl\" target=\"_blank\" rel=\"noopener noreferrer\">Sie\u0107 Badawcza \u0141ukasiewicz &#8211; Krakowski Instytut Technologiczny (dawniej Instytut Zaawansowanych Technologii Wytwarzania)<\/a><\/li>\n<li><a href=\"https:\/\/www.up.krakow.pl\" target=\"_blank\" rel=\"noopener noreferrer\">Uniwersytet Pedagogiczny im. Komisji Edukacji Narodowej w Krakowie<\/a><\/li>\n<li>Politechnika \u015al\u0105ska<\/li>\n<li>\u015al\u0105ski Uniwersytet Medyczny w Katowicach (Klinika Chirurgii Czaszkowo-Szcz\u0119kowo-Twarzowej, Klinika Chirurgii Przewodu Pokarmowego)<\/li>\n<li>Akademia Medyczna we Wroc\u0142awiu<\/li>\n<li>Akademia G\u00f3rniczo-Hutnicza, Wydzia\u0142 In\u017cynierii Materia\u0142owej i Ceramiki, Wydzia\u0142 In\u017cynierii Mechanicznej i Robotyki, Wydzia\u0142 In\u017cynierii Metali i Informatyki Przemys\u0142owej, Wydzia\u0142 Fizyki i Informatyki Stosowanej, Katedra Technologii Ceramiki i Materia\u0142\u00f3w Ogniotrwa\u0142ych, Katedra Ceramiki Specjalnej, Krak\u00f3w<\/li>\n<li>Akademia Leona Ko\u017ami\u0144skiego<\/li>\n<li>Centrum Bada\u0144 Ewaluacyjnych i Prognostycznych, Warszawa<\/li>\n<li>Centrum Bada\u0144 Molekularnych i Makromolekularnych PAN \u0141\u00f3d\u017a<\/li>\n<li>Instytut Chemii Fizycznej PAN Warszawa<\/li>\n<li>Instytut Fizyki Molekularnej PAN Pozna\u0144<\/li>\n<li>Instytut Metalurgii i In\u017cynierii Materia\u0142owej PAN Krak\u00f3w<\/li>\n<li>Instytut Podstawowych Problem\u00f3w Techniki PAN Warszawa<\/li>\n<li>Instytut Technologii Elektronowej, Zak\u0142ad Mikroelektroniki, Laboratorium Technologii Wielowarstwowych i Ceramicznych, Pracownia In\u017cynierii Materia\u0142owej oraz Laboratorium Bada\u0144 Elektrycznych i Technoklimatycznych, Krak\u00f3w<\/li>\n<li>Instytut Tele- i Radiotechniczny, Warszawa<\/li>\n<li>Mi\u0119dzynarodowe Laboratorium Silnych P\u00f3l Magnetycznych i Niskich Temperatur Wroc\u0142aw<\/li>\n<li>Politechnika Cz\u0119stochowska, Cz\u0119stochowa<\/li>\n<li>Politechnika Gda\u0144ska, Wydzia\u0142 Fizyki Technicznej i Matematyki Stosowanej<\/li>\n<li>Politechnika Krakowska, Katedra Chemii i Technologii Tworzyw Sztucznych<\/li>\n<li>Politechnika Warszawska, Wydzia\u0142 In\u017cynierii Materia\u0142owej, Wydzia\u0142 Chemiczny<\/li>\n<li>Politechnika Wroc\u0142awska, Instytut Technologii Maszyn i Automatyzacji<\/li>\n<li>Polska Akademia Nauk, Instytut Fizyki J\u0105drowej, Krak\u00f3w<\/li>\n<li>Uniwersytet Jagiello\u0144ski, Instytut Nauk Geologicznych, Laboratorium Mikroskopii Skaningowej i Mikroanalizy, Krak\u00f3w<\/li>\n<li>Uniwersytet Opolski, Instytut Chemii, Opole<\/li>\n<\/ul>\n<h4>O\u015brodki zagraniczne:<\/h4>\n<ul>\n<li>Katolicki Uniwersytet w Leuven (Belgia)<\/li>\n<li>Uniwersytet Paryski (Francja)<\/li>\n<li>Uniwersytet Arystotelesa (Grecja)<\/li>\n<li>Uniwersytet Wysp Balearskich (Hiszpania)<\/li>\n<li>Uniwersytet Sherbrooke (Kanada)<\/li>\n<li>Kaunaski Uniwersytet Technologiczny (Litwa)<\/li>\n<li>Uniwersytet w Siegen (Niemcy)<\/li>\n<li>Instytut Fizyki Metali UAN (Ukraina)<\/li>\n<li>Uniwersytet Lwowski (Ukraina)<\/li>\n<li>Nordic Hysitron Laboratory, Faculty of Chemistry and Materials Sciences, Helsinki University of Technology (Finlandia)<\/li>\n<li>Swiss Federal Laboratories for Materials Science and Technology EMPA Duebendorf, Szwajcaria<\/li>\n<li>Uniwersytet Charlesa<\/li>\n<li>Instytut Fizyki Cia\u0142a Sta\u0142ego (Czechy, Praga)<\/li>\n<li>Wydzia\u0142 Mechatroniki i Nauk Interdyscyplinarnych (Liberec, Czechy)<\/li>\n<li>Fachhochschule M\u00fcnster (M\u00fcnster, Niemcy)<\/li>\n<li>Technische Universit\u00e4t Dresden (Niemcy)<\/li>\n<li>Wy\u017csza Szko\u0142a Pedagogiczna (aktualnie Universit\u00e4t Erfurt) Erfurt, Niemcy<\/li>\n<li>Helsinki University of Technology, Finlandia<\/li>\n<li>Nordic Hysitron Laboratory, Helsinki, Finlandia<\/li>\n<li>Institute of Science Israel<\/li>\n<li>Korea Institute of Materials Science Changwon<\/li>\n<li>Uniwersytet w Rydze, \u0141otwa<\/li>\n<\/ul>\n<p>[\/vc_column_text][\/vc_column][\/vc_row]<\/p>","protected":false},"excerpt":{"rendered":"<p>[vc_row][vc_column][vc_column_text el_class=&#8221;container&#8221;] Instytut In\u017cynierii Materia\u0142owej wsp\u00f3\u0142pracuje z takimi jednostkami jak: &nbsp; O\u015brodki krajowe: Sie\u0107 Badawcza \u0141ukasiewicz &#8211; Krakowski Instytut Technologiczny (dawniej Instytut Zaawansowanych Technologii Wytwarzania) Uniwersytet Pedagogiczny im. Komisji Edukacji Narodowej w Krakowie Politechnika \u015al\u0105ska \u015al\u0105ski Uniwersytet Medyczny w Katowicach (Klinika Chirurgii Czaszkowo-Szcz\u0119kowo-Twarzowej, Klinika Chirurgii Przewodu Pokarmowego) Akademia Medyczna we Wroc\u0142awiu Akademia G\u00f3rniczo-Hutnicza, Wydzia\u0142 In\u017cynierii [&#8230;]<\/p>\n<p><a class=\"btn btn-secondary understrap-read-more-link\" href=\"https:\/\/us.edu.pl\/instytut\/iim\/wspolpraca\/wspolpraca-z-osrodkami-naukowymi\/\">Read More&#8230;<\/a><\/p>\n","protected":false},"author":825,"featured_media":0,"parent":628,"menu_order":5,"comment_status":"closed","ping_status":"closed","template":"page-templates\/inner-page.php","meta":{"_expiration-date-status":"saved","_expiration-date":0,"_expiration-date-type":"","_expiration-date-categories":[],"_expiration-date-options":[]},"acf":[],"_links":{"self":[{"href":"https:\/\/us.edu.pl\/instytut\/iim\/wp-json\/wp\/v2\/pages\/442"}],"collection":[{"href":"https:\/\/us.edu.pl\/instytut\/iim\/wp-json\/wp\/v2\/pages"}],"about":[{"href":"https:\/\/us.edu.pl\/instytut\/iim\/wp-json\/wp\/v2\/types\/page"}],"author":[{"embeddable":true,"href":"https:\/\/us.edu.pl\/instytut\/iim\/wp-json\/wp\/v2\/users\/825"}],"replies":[{"embeddable":true,"href":"https:\/\/us.edu.pl\/instytut\/iim\/wp-json\/wp\/v2\/comments?post=442"}],"version-history":[{"count":7,"href":"https:\/\/us.edu.pl\/instytut\/iim\/wp-json\/wp\/v2\/pages\/442\/revisions"}],"predecessor-version":[{"id":677,"href":"https:\/\/us.edu.pl\/instytut\/iim\/wp-json\/wp\/v2\/pages\/442\/revisions\/677"}],"up":[{"embeddable":true,"href":"https:\/\/us.edu.pl\/instytut\/iim\/wp-json\/wp\/v2\/pages\/628"}],"wp:attachment":[{"href":"https:\/\/us.edu.pl\/instytut\/iim\/wp-json\/wp\/v2\/media?parent=442"}],"curies":[{"name":"wp","href":"https:\/\/api.w.org\/{rel}","templated":true}]}}