{"id":680,"date":"2020-06-24T11:33:50","date_gmt":"2020-06-24T09:33:50","guid":{"rendered":"https:\/\/us.edu.pl\/instytut\/iim\/?page_id=680"},"modified":"2025-12-02T11:46:51","modified_gmt":"2025-12-02T10:46:51","slug":"laboratoria-akredytowane","status":"publish","type":"page","link":"https:\/\/us.edu.pl\/instytut\/iim\/nauka-badania\/laboratoria-pracownie\/laboratoria-akredytowane\/","title":{"rendered":"Laboratoria akredytowane"},"content":{"rendered":"<p>[vc_row][vc_column]\r\n                <div class=\"text-modules \">\r\n                    <div class=\"container\">\r\n                        <h3 class=\"section-title section-title_border-bottom\">Akredytowany Zesp\u00f3\u0142 Laboratori\u00f3w Badawczych<\/h3> \r\n                        <div class=\"row m-0\">\r\n                            <div class=\"text-modules__content\">\r\n                                <\/p>\n<table style=\"border-collapse: collapse; width: 100%;\">\n<tbody>\n<tr>\n<td style=\"width: 24.6647%; text-align: justify;\"><img class=\"size-full wp-image-683 aligncenter\" src=\"https:\/\/us.edu.pl\/instytut\/iim\/wp-content\/uploads\/sites\/42\/obrazy-strony\/ilac_logo.png\" alt=\"\" width=\"150\" height=\"155\" \/><\/td>\n<td style=\"width: 75.3353%; text-align: justify;\">Zesp\u00f3\u0142 Laboratori\u00f3w Badawczych (ZLB) posiada akredytacj\u0119 nr AB 1332 Polskiego Centrum Akredytacji i wykonuje badania korozyjne metodami znormalizowanymi opisanymi w normach mi\u0119dzynarodowych, procedurach og\u00f3lnych i instrukcjach laboratoryjnych oraz badania struktury przy wykorzystaniu transmisyjnej mikroskopii elektronowej i rentgenowskiej analizy strukturalnej, metodami nieznormalizowanymi opracowanymi przez pracownik\u00f3w Laboratorium wed\u0142ug za\u0142\u0105czonego zakresu akredytacji.<\/td>\n<\/tr>\n<\/tbody>\n<\/table>\n<hr \/>\n<h3><!--more--><\/h3>\n<table style=\"border-collapse: collapse; width: 100%;\">\n<tbody>\n<tr>\n<td style=\"width: 64.8885%;\">\n<h4>Kierownik Zespo\u0142u Laboratori\u00f3w Badawczych<\/h4>\n<p><a href=\"https:\/\/us.edu.pl\/instytut\/iim\/osoby\/zubko-maciej\/\">dr Maciej Zubko, prof. U\u015a<\/a><br \/>\nul. 75 Pu\u0142ku Piechoty 1A, 41-500 Chorz\u00f3w, pok\u00f3j F\/-1\/09<br \/>\ntel. (+48) 32 3497-509,<\/p>\n<p>e-mail:\u00a0<a href=\"mailto:maciej.zubko@us.edu.pl\">maciej.zubko@us.edu.pl<\/a><\/p>\n<p>&nbsp;<\/td>\n<td style=\"width: 35.1115%;\"><a href=\"https:\/\/us.edu.pl\/instytut\/iim\/wp-content\/uploads\/sites\/42\/obrazy-strony\/laboratoria\/certyfikatAB1332.png\"><img class=\"wp-image-702 alignnone\" style=\"font-size: 14px;\" src=\"https:\/\/us.edu.pl\/instytut\/iim\/wp-content\/uploads\/sites\/42\/obrazy-strony\/laboratoria\/certyfikatAB1332.png\" alt=\"\" width=\"287\" height=\"382\" srcset=\"https:\/\/us.edu.pl\/instytut\/iim\/wp-content\/uploads\/sites\/42\/obrazy-strony\/laboratoria\/certyfikatAB1332.png 901w, https:\/\/us.edu.pl\/instytut\/iim\/wp-content\/uploads\/sites\/42\/obrazy-strony\/laboratoria\/certyfikatAB1332-225x300.png 225w, https:\/\/us.edu.pl\/instytut\/iim\/wp-content\/uploads\/sites\/42\/obrazy-strony\/laboratoria\/certyfikatAB1332-768x1023.png 768w, https:\/\/us.edu.pl\/instytut\/iim\/wp-content\/uploads\/sites\/42\/obrazy-strony\/laboratoria\/certyfikatAB1332-769x1024.png 769w, https:\/\/us.edu.pl\/instytut\/iim\/wp-content\/uploads\/sites\/42\/obrazy-strony\/laboratoria\/certyfikatAB1332-432x575.png 432w\" sizes=\"(max-width: 287px) 100vw, 287px\" \/><\/a><\/td>\n<\/tr>\n<\/tbody>\n<\/table>\n<h5><\/h5>\n<div class=\"mt-3\"><a href=\"https:\/\/us.edu.pl\/instytut\/iim\/wp-content\/uploads\/sites\/42\/dokumenty\/zakres_akredytacji_2024.pdf\" class=\"mtli_attachment mtli_pdf\" data-mtli=\"mtli_filesize6,35MB\" class=\"link-button mr-3 \">Zakres akredytacji<\/a><\/div>\r\n                            <\/div>\r\n                            \r\n                            <div class=\"text-modules__img\"><img src=\"https:\/\/us.edu.pl\/instytut\/iim\/wp-content\/uploads\/sites\/42\/obrazy-strony\/pca_logo-e1592991661337.png\" alt=\"img\"><\/div>\r\n                        <\/div>\r\n                    <\/div>\r\n                <\/div>[\/vc_column][\/vc_row][vc_row content_placement=&#8221;top&#8221;][vc_column width=&#8221;1\/3&#8243;][vc_column_text]<\/p>\n<h3>Laboratorium Transmisyjnej Mikroskopii Elektronowej<\/h3>\n<h5>Kierownik Laboratorium<\/h5>\n<p><a href=\"https:\/\/us.edu.pl\/instytut\/iim\/osoby\/prusik-krystian\/\">dr Krystian Prusik, prof. U\u015a<\/a><br \/>\nul. 75 Pu\u0142ku Piechoty 1A, 41-500 Chorz\u00f3w,<br \/>\npok\u00f3j F\/-1\/9<br \/>\ntel. (+48) 32 3497-509,<br \/>\ne-mail:\u00a0<a href=\"mailto:krystian.prusik@us.edu.pl\">krystian.prusik@us.edu.pl<\/a>[\/vc_column_text][\/vc_column][vc_column width=&#8221;1\/3&#8243;][vc_column_text]<\/p>\n<h3>Laboratorium Dyfrakcji Rentgenowskiej<\/h3>\n<h5>Kierownik Laboratorium<\/h5>\n<p><a href=\"https:\/\/us.edu.pl\/instytut\/iim\/osoby\/matula-izabela\/\">dr in\u017c. Izabela Matu\u0142a, prof. U\u015a<\/a><br \/>\nul. 75 Pu\u0142ku Piechoty 1A, 41-500 Chorz\u00f3w,<br \/>\npok\u00f3j C\/2\/09<br \/>\ntel. (+48) 32 3497 694,<br \/>\ne-mail:\u00a0<a href=\"mailto:izabela.matula@us.edu.pl\">izabela.matula@us.edu.pl<\/a>[\/vc_column_text][\/vc_column][vc_column width=&#8221;1\/3&#8243;][vc_column_text]<\/p>\n<h3>Laboratorium Bada\u0144 Korozyjnych<\/h3>\n<h5>Kierownik Laboratorium<\/h5>\n<p><a href=\"https:\/\/us.edu.pl\/instytut\/iim\/osoby\/losiewicz-bozena-dr-hab-prof-us\/\">dr hab. Bo\u017cena \u0141osiewicz, prof U\u015a<\/a><br \/>\nul. 75 Pu\u0142ku Piechoty 1A, 41-500 Chorz\u00f3w,<br \/>\npok\u00f3j E\/2\/20<br \/>\ntel. (+48) 32 3497-527,<br \/>\ne-mail:\u00a0<a href=\"mailto:bozena.losiewicz@us.edu.pl\">bozena.losiewicz@us.edu.pl<\/a>[\/vc_column_text][\/vc_column][\/vc_row]<\/p>\n<style type=\"text\/css\">a[data-mtli~=\"mtli_filesize6,35MB\"]:after {content:\" (6,35 MB)\"}<\/style>","protected":false},"excerpt":{"rendered":"<p>[vc_row][vc_column] Zesp\u00f3\u0142 Laboratori\u00f3w Badawczych (ZLB) posiada akredytacj\u0119 nr AB 1332 Polskiego Centrum Akredytacji i wykonuje badania korozyjne metodami znormalizowanymi opisanymi w normach mi\u0119dzynarodowych, procedurach og\u00f3lnych i instrukcjach laboratoryjnych oraz badania struktury przy wykorzystaniu transmisyjnej mikroskopii elektronowej i rentgenowskiej analizy strukturalnej, metodami nieznormalizowanymi opracowanymi przez pracownik\u00f3w Laboratorium wed\u0142ug za\u0142\u0105czonego zakresu akredytacji. [&#8230;]<\/p>\n<p><a class=\"btn btn-secondary understrap-read-more-link\" href=\"https:\/\/us.edu.pl\/instytut\/iim\/nauka-badania\/laboratoria-pracownie\/laboratoria-akredytowane\/\">Read More&#8230;<\/a><\/p>\n","protected":false},"author":825,"featured_media":0,"parent":691,"menu_order":12,"comment_status":"closed","ping_status":"closed","template":"page-templates\/inner-page.php","meta":{"_expiration-date-status":"","_expiration-date":0,"_expiration-date-type":"","_expiration-date-categories":[],"_expiration-date-options":[]},"acf":[],"_links":{"self":[{"href":"https:\/\/us.edu.pl\/instytut\/iim\/wp-json\/wp\/v2\/pages\/680"}],"collection":[{"href":"https:\/\/us.edu.pl\/instytut\/iim\/wp-json\/wp\/v2\/pages"}],"about":[{"href":"https:\/\/us.edu.pl\/instytut\/iim\/wp-json\/wp\/v2\/types\/page"}],"author":[{"embeddable":true,"href":"https:\/\/us.edu.pl\/instytut\/iim\/wp-json\/wp\/v2\/users\/825"}],"replies":[{"embeddable":true,"href":"https:\/\/us.edu.pl\/instytut\/iim\/wp-json\/wp\/v2\/comments?post=680"}],"version-history":[{"count":10,"href":"https:\/\/us.edu.pl\/instytut\/iim\/wp-json\/wp\/v2\/pages\/680\/revisions"}],"predecessor-version":[{"id":4271,"href":"https:\/\/us.edu.pl\/instytut\/iim\/wp-json\/wp\/v2\/pages\/680\/revisions\/4271"}],"up":[{"embeddable":true,"href":"https:\/\/us.edu.pl\/instytut\/iim\/wp-json\/wp\/v2\/pages\/691"}],"wp:attachment":[{"href":"https:\/\/us.edu.pl\/instytut\/iim\/wp-json\/wp\/v2\/media?parent=680"}],"curies":[{"name":"wp","href":"https:\/\/api.w.org\/{rel}","templated":true}]}}