{"id":691,"date":"2020-06-24T13:14:56","date_gmt":"2020-06-24T11:14:56","guid":{"rendered":"https:\/\/us.edu.pl\/instytut\/iim\/?page_id=691"},"modified":"2026-01-30T15:44:18","modified_gmt":"2026-01-30T14:44:18","slug":"laboratoria-pracownie","status":"publish","type":"page","link":"https:\/\/us.edu.pl\/instytut\/iim\/nauka-badania\/laboratoria-pracownie\/","title":{"rendered":"Laboratoria i pracownie"},"content":{"rendered":"<p>[vc_row css_animation=&#8221;none&#8221;][vc_column el_class=&#8221;container&#8221;][vc_message color=&#8221;info&#8221; css_animation=&#8221;none&#8221;]<a href=\"https:\/\/us.edu.pl\/instytut\/iim\/nauka-badania\/laboratoria-pracownie\/informacja-ws-promieniowania-jonizujacego\/\" target=\"_blank\" rel=\"noopener\">Informacja w sprawie promieniowania jonizujacego<\/a>[\/vc_message][vc_hoverbox image=&#8221;1208&#8243; primary_title=&#8221;Akredytowany Zesp\u00f3\u0142 Laboratori\u00f3w Badawczych&#8221; primary_align=&#8221;right&#8221; hover_title=&#8221;Akredytowany Zesp\u00f3\u0142 Laboratori\u00f3w Badawczych&#8221; hover_align=&#8221;left&#8221; hover_background_color=&#8221;white&#8221; hover_btn_title=&#8221;Wi\u0119cej &#8230;&#8221; hover_btn_style=&#8221;outline&#8221; hover_btn_color=&#8221;primary&#8221; hover_add_button=&#8221;true&#8221; hover_btn_link=&#8221;url:https%3A%2F%2Fus.edu.pl%2Finstytut%2Fiim%2Fnauka-badania%2Flaboratoria-pracownie%2Flaboratoria-akredytowane%2F|title:%5B%3Apl%5DLaboratoria%20akredytowane%5B%3A%5D&#8221; css=&#8221;.vc_custom_1767881966368{border-top-width: 1px !important;border-right-width: 1px !important;border-bottom-width: 1px !important;border-left-width: 1px !important;border-left-color: #e5e5e5 !important;border-left-style: solid !important;border-right-color: #e5e5e5 !important;border-right-style: solid !important;border-top-color: #e5e5e5 !important;border-top-style: solid !important;border-bottom-color: #e5e5e5 !important;border-bottom-style: solid !important;border-radius: 5px !important;}&#8221;]<\/p>\n<table style=\"border-collapse: collapse; width: 100%;\">\n<tbody>\n<tr>\n<td style=\"width: 25.0639%; text-align: left;\"><img class=\"alignnone size-full wp-image-670\" src=\"https:\/\/us.edu.pl\/instytut\/iim\/wp-content\/uploads\/sites\/42\/obrazy-strony\/pca_logo-e1592991661337.png\" alt=\"\" width=\"140\" height=\"237\" \/><\/td>\n<td style=\"width: 74.9361%;\">\n<h4 style=\"text-align: left;\"><a href=\"https:\/\/us.edu.pl\/instytut\/iim\/nauka-badania\/laboratoria-pracownie\/laboratoria-akredytowane\/\">Laboratorium Transmisyjnej Mikroskopii Elektronowej<\/a><\/h4>\n<h4 style=\"text-align: left;\"><a href=\"https:\/\/us.edu.pl\/instytut\/iim\/nauka-badania\/laboratoria-pracownie\/laboratoria-akredytowane\/\">Laboratorium Dyfrakcji Rentgenowskiej<\/a><\/h4>\n<h4 style=\"text-align: left;\"><a href=\"https:\/\/us.edu.pl\/instytut\/iim\/nauka-badania\/laboratoria-pracownie\/laboratoria-akredytowane\/\">Laboratorium Bada\u0144 Korozyjnych<\/a><\/h4>\n<\/td>\n<\/tr>\n<\/tbody>\n<\/table>\n<p>[\/vc_hoverbox][vc_tta_tabs active_section=&#8221;1&#8243;][vc_tta_section title=&#8221;Laboratoria&#8221; tab_id=&#8221;1630566962369-3b349eea-cae5&#8243;]\r\n\r\n            <div class=\"blocks\" style=\"text-align: \">\r\n               <div class=\"container\">\r\n                  \r\n                  <div class=\"row m-0 blocks_3\">\r\n                  \r\n                     <a href=\"\/instytut\/iim\/nauka-badania\/laboratoria-pracownie\/laboratorium-badan-mechanicznych-tribologicznych-i-adhezyjnych\" class=\"thumbnail blocks__item\" style=\"background-image: url(https:\/\/us.edu.pl\/instytut\/iim\/wp-content\/uploads\/sites\/42\/obrazy-strony\/laboratoria\/lbmta\/lbmta-03-576x1024.jpg)\">\r\n                        <span>wi\u0119cej<\/span>\r\n                        <div class=\"blocks__bottom\">\r\n                        <div class=\"blocks__title\">Laboratorium Bada\u0144 Mechanicznych, Tribologicznych i Adhezyjnych<\/div>\r\n                        <div class=\"blocks__subtitle\">Pracownie: bada\u0144 mikromechanicznych i tribologicznych, bada\u0144 w\u0142a\u015bciwo\u015bci mechanicznych<\/div>\r\n                        <\/div>\r\n                     <\/a>\r\n                  \r\n                     <a href=\"\/instytut\/iim\/nauka-badania\/laboratoria-pracownie\/laboratorium-badan-materialow-monokrystalicznych\/\" class=\"thumbnail blocks__item\" style=\"background-image: url()\">\r\n                        <span>wi\u0119cej<\/span>\r\n                        <div class=\"blocks__bottom\">\r\n                        <div class=\"blocks__title\">Laboratorium Bada\u0144 Materia\u0142\u00f3w Monokrystalicznych<\/div>\r\n                        <div class=\"blocks__subtitle\">Pracownie: topografii rentgenowskiej; precyzyjnego pomiaru parametr\u00f3w sieciowych; bada\u0144 defekt\u00f3w strukturalnych monokryszta\u0142\u00f3w<\/div>\r\n                        <\/div>\r\n                     <\/a>\r\n                  \r\n                     <a href=\"\/instytut\/iim\/nauka-badania\/laboratoria-pracownie\/laboratorium-dyfrakcji-rentgenowskiej\" class=\"thumbnail blocks__item\" style=\"background-image: url(https:\/\/us.edu.pl\/instytut\/iim\/wp-content\/uploads\/sites\/42\/obrazy-strony\/laboratoria\/lxrd\/lxrd-01-768x1024.jpg)\">\r\n                        <span>wi\u0119cej<\/span>\r\n                        <div class=\"blocks__bottom\">\r\n                        <div class=\"blocks__title\">Laboratorium Dyfrakcji Rentgenowskiej<\/div>\r\n                        \r\n                        <\/div>\r\n                     <\/a>\r\n                  \r\n                     <a href=\"\/instytut\/iim\/nauka-badania\/laboratoria-pracownie\/laboratorium-materialow-magnetycznych\/\" class=\"thumbnail blocks__item\" style=\"background-image: url(https:\/\/us.edu.pl\/instytut\/iim\/wp-content\/uploads\/sites\/42\/obrazy-strony\/laboratoria\/lmm\/lmm-02-1024x768.jpg)\">\r\n                        <span>wi\u0119cej<\/span>\r\n                        <div class=\"blocks__bottom\">\r\n                        <div class=\"blocks__title\">Laboratorium Materia\u0142\u00f3w Magnetycznych<\/div>\r\n                        \r\n                        <\/div>\r\n                     <\/a>\r\n                  \r\n                     <a href=\"\/instytut\/iim\/nauka-badania\/laboratoria-pracownie\/laboratorium-pomiaru-chropowatosci-i-struktury-geometrycznej-powierzchni-2d-3d\" class=\"thumbnail blocks__item\" style=\"background-image: url(https:\/\/us.edu.pl\/instytut\/iim\/wp-content\/uploads\/sites\/42\/obrazy-strony\/laboratoria\/lpchs\/lpchs-01-1024x768.jpg)\">\r\n                        <span>wi\u0119cej<\/span>\r\n                        <div class=\"blocks__bottom\">\r\n                        <div class=\"blocks__title\">Laboratorium Pomiaru Chropowato\u015bci i Struktury Geometrycznej Powierzchni 2D\/3D<\/div>\r\n                        \r\n                        <\/div>\r\n                     <\/a>\r\n                  \r\n                     <a href=\"\/instytut\/iim\/nauka-badania\/laboratoria-pracownie\/laboratorium-spektroskopii-absorpcji-atomowej\/\" class=\"thumbnail blocks__item\" style=\"background-image: url(https:\/\/us.edu.pl\/instytut\/iim\/wp-content\/uploads\/sites\/42\/obrazy-strony\/laboratoria\/lsaa\/lsaa-02-768x1024.jpg)\">\r\n                        <span>wi\u0119cej<\/span>\r\n                        <div class=\"blocks__bottom\">\r\n                        <div class=\"blocks__title\">Laboratorium Spektroskopii Absorpcji Atomowej<\/div>\r\n                        \r\n                        <\/div>\r\n                     <\/a>\r\n                  \r\n                     <a href=\"\/instytut\/iim\/nauka-badania\/laboratoria-pracownie\/laboratorium-transmisyjnej-mikroskopii-elektronowej-l-tme\/\" class=\"thumbnail blocks__item\" style=\"background-image: url(https:\/\/us.edu.pl\/instytut\/iim\/wp-content\/uploads\/sites\/42\/2020\/09\/IIM_logo_box.png)\">\r\n                        <span>wi\u0119cej<\/span>\r\n                        <div class=\"blocks__bottom\">\r\n                        <div class=\"blocks__title\">Laboratorium Transmisyjnej Mikroskopii Elektronowej L-TME<\/div>\r\n                        \r\n                        <\/div>\r\n                     <\/a>\r\n                  \r\n                     <a href=\"\/instytut\/iim\/nauka-badania\/laboratoria-pracownie\/laboratorium-tribologii-i-badan-eksploatacyjnych\/\" class=\"thumbnail blocks__item\" style=\"background-image: url(https:\/\/us.edu.pl\/instytut\/iim\/wp-content\/uploads\/sites\/42\/obrazy-strony\/laboratoria\/ltbe\/ltbe-01-768x1024.jpg)\">\r\n                        <span>wi\u0119cej<\/span>\r\n                        <div class=\"blocks__bottom\">\r\n                        <div class=\"blocks__title\">Laboratorium Tribologii i Bada\u0144 Eksploatacyjnych<\/div>\r\n                        \r\n                        <\/div>\r\n                     <\/a>\r\n                  \r\n                     <a href=\"\/instytut\/iim\/nauka-badania\/laboratoria-pracownie\/laboratorium-zaawansowanych-metod-elektrochemicznych\/\" class=\"thumbnail blocks__item\" style=\"background-image: url(https:\/\/us.edu.pl\/instytut\/iim\/wp-content\/uploads\/sites\/42\/obrazy-strony\/laboratoria\/lzme\/lzme-01-615x1024.jpg)\">\r\n                        <span>wi\u0119cej<\/span>\r\n                        <div class=\"blocks__bottom\">\r\n                        <div class=\"blocks__title\">Laboratorium Zaawansowanych Metod Elektrochemicznych<\/div>\r\n                        \r\n                        <\/div>\r\n                     <\/a>\r\n                  \r\n                     <a href=\"\/instytut\/iim\/nauka-badania\/laboratoria-pracownie\/zespol-laboratoriow-analityki-molekularnej\/\" class=\"thumbnail blocks__item\" style=\"background-image: url(https:\/\/us.edu.pl\/instytut\/iim\/wp-content\/uploads\/sites\/42\/obrazy-strony\/laboratoria\/lzam\/lzam-03.jpg)\">\r\n                        <span>wi\u0119cej<\/span>\r\n                        <div class=\"blocks__bottom\">\r\n                        <div class=\"blocks__title\">Zesp\u00f3\u0142 Laboratori\u00f3w Analityki Molekularnej<\/div>\r\n                        \r\n                        <\/div>\r\n                     <\/a><\/div>     \r\n               <\/div>\r\n            <\/div>[\/vc_tta_section][vc_tta_section title=&#8221;Pracownie&#8221; tab_id=&#8221;1630566962391-358d48df-490b&#8221;]\r\n\r\n            <div class=\"blocks\" style=\"text-align: \">\r\n               <div class=\"container\">\r\n                  \r\n                  <div class=\"row m-0 blocks_3\">\r\n                  \r\n                     <a href=\"\/instytut\/iim\/nauka-badania\/laboratoria-pracownie\/park-technologiczny\/\" class=\"thumbnail blocks__item\" style=\"background-image: url(https:\/\/us.edu.pl\/instytut\/iim\/wp-content\/uploads\/sites\/42\/obrazy-strony\/laboratoria\/ptech\/ptech-02-577x1024.jpg)\">\r\n                        <span>wi\u0119cej<\/span>\r\n                        <div class=\"blocks__bottom\">\r\n                        <div class=\"blocks__title\">Park Technologiczny<\/div>\r\n                        \r\n                        <\/div>\r\n                     <\/a>\r\n                  \r\n                     <a href=\"\/instytut\/iim\/nauka-badania\/laboratoria-pracownie\/pracownia-anihilacji-pozytonow\/\" class=\"thumbnail blocks__item\" style=\"background-image: url()\">\r\n                        <span>wi\u0119cej<\/span>\r\n                        <div class=\"blocks__bottom\">\r\n                        <div class=\"blocks__title\">Pracownia Anihilacji Pozyton\u00f3w<\/div>\r\n                        \r\n                        <\/div>\r\n                     <\/a>\r\n                  \r\n                     <a href=\"\/instytut\/iim\/nauka-badania\/laboratoria-pracownie\/pracownia-badan-dielektrycznych-i-piezoelektrycznych\/\" class=\"thumbnail blocks__item\" style=\"background-image: url(https:\/\/us.edu.pl\/instytut\/iim\/wp-content\/uploads\/sites\/42\/obrazy-strony\/laboratoria\/pbdp\/pbdp-01-1024x346.png)\">\r\n                        <span>wi\u0119cej<\/span>\r\n                        <div class=\"blocks__bottom\">\r\n                        <div class=\"blocks__title\">Pracownia Bada\u0144 Dielektrycznych i Piezoelektrycznych<\/div>\r\n                        \r\n                        <\/div>\r\n                     <\/a>\r\n                  \r\n                     <a href=\"\/instytut\/iim\/nauka-badania\/laboratoria-pracownie\/pracownia-badan-elektrochemicznych\/\" class=\"thumbnail blocks__item\" style=\"background-image: url(https:\/\/us.edu.pl\/instytut\/iim\/wp-content\/uploads\/sites\/42\/obrazy-strony\/laboratoria\/pbel\/pbel-01-1024x448.jpg)\">\r\n                        <span>wi\u0119cej<\/span>\r\n                        <div class=\"blocks__bottom\">\r\n                        <div class=\"blocks__title\">Pracownia Bada\u0144 Elektrochemicznych<\/div>\r\n                        \r\n                        <\/div>\r\n                     <\/a>\r\n                  \r\n                     <a href=\"\/instytut\/iim\/nauka-badania\/laboratoria-pracownie\/pracownia-badan-i-technologii-metalurgii-proszkow\/\" class=\"thumbnail blocks__item\" style=\"background-image: url(https:\/\/us.edu.pl\/instytut\/iim\/wp-content\/uploads\/sites\/42\/obrazy-strony\/laboratoria\/pbtmp\/pbtmp-07-1024x768.png)\">\r\n                        <span>wi\u0119cej<\/span>\r\n                        <div class=\"blocks__bottom\">\r\n                        <div class=\"blocks__title\">Pracownia Bada\u0144 i Technologii Metalurgii Proszk\u00f3w<\/div>\r\n                        \r\n                        <\/div>\r\n                     <\/a>\r\n                  \r\n                     <a href=\"\/instytut\/iim\/nauka-badania\/laboratoria-pracownie\/pracownia-badan-termicznych\/\" class=\"thumbnail blocks__item\" style=\"background-image: url(https:\/\/us.edu.pl\/instytut\/iim\/wp-content\/uploads\/sites\/42\/obrazy-strony\/laboratoria\/pbterm\/pbterm-01-1014x1024.jpg)\">\r\n                        <span>wi\u0119cej<\/span>\r\n                        <div class=\"blocks__bottom\">\r\n                        <div class=\"blocks__title\">Pracownia Bada\u0144 Termicznych<\/div>\r\n                        \r\n                        <\/div>\r\n                     <\/a>\r\n                  \r\n                     <a href=\"\/instytut\/iim\/nauka-badania\/laboratoria-pracownie\/pracownia-materialow-inteligentnych\/\" class=\"thumbnail blocks__item\" style=\"background-image: url(https:\/\/us.edu.pl\/instytut\/iim\/wp-content\/uploads\/sites\/42\/2020\/09\/IIM_logo_box.png)\">\r\n                        <span>wi\u0119cej<\/span>\r\n                        <div class=\"blocks__bottom\">\r\n                        <div class=\"blocks__title\">Pracownia Materia\u0142\u00f3w Inteligentnych<\/div>\r\n                        \r\n                        <\/div>\r\n                     <\/a>\r\n                  \r\n                     <a href=\"\/instytut\/iim\/nauka-badania\/laboratoria-pracownie\/pracownia-materialow-skoniugowanych\/\" class=\"thumbnail blocks__item\" style=\"background-image: url(https:\/\/us.edu.pl\/instytut\/iim\/wp-content\/uploads\/sites\/42\/obrazy-strony\/laboratoria\/pmskon\/pmskon-03.png)\">\r\n                        <span>wi\u0119cej<\/span>\r\n                        <div class=\"blocks__bottom\">\r\n                        <div class=\"blocks__title\">Pracownia Materia\u0142\u00f3w Skoniugowanych<\/div>\r\n                        \r\n                        <\/div>\r\n                     <\/a>\r\n                  \r\n                     <a href=\"\/instytut\/iim\/nauka-badania\/laboratoria-pracownie\/pracownia-metalograficzna\" class=\"thumbnail blocks__item\" style=\"background-image: url(https:\/\/us.edu.pl\/instytut\/iim\/wp-content\/uploads\/sites\/42\/obrazy-strony\/laboratoria\/pmetgr\/pmetgr-01-1024x575.png)\">\r\n                        <span>wi\u0119cej<\/span>\r\n                        <div class=\"blocks__bottom\">\r\n                        <div class=\"blocks__title\">Pracownia Metalograficzna<\/div>\r\n                        \r\n                        <\/div>\r\n                     <\/a>\r\n                  \r\n                     <a href=\"\/instytut\/iim\/nauka-badania\/laboratoria-pracownie\/pracownia-preparatyki-mikroskopowej\/\" class=\"thumbnail blocks__item\" style=\"background-image: url(https:\/\/us.edu.pl\/instytut\/iim\/wp-content\/uploads\/sites\/42\/2020\/09\/IIM_logo_box.png)\">\r\n                        <span>wi\u0119cej<\/span>\r\n                        <div class=\"blocks__bottom\">\r\n                        <div class=\"blocks__title\">Pracownia Preparatyki Mikroskopowej<\/div>\r\n                        \r\n                        <\/div>\r\n                     <\/a>\r\n                  \r\n                     <a href=\"\/instytut\/iim\/nauka-badania\/laboratoria-pracownie\/pracownia-skaningowej-mikroskopii-elektronowej\/\" class=\"thumbnail blocks__item\" style=\"background-image: url(https:\/\/us.edu.pl\/instytut\/iim\/wp-content\/uploads\/sites\/42\/obrazy-strony\/laboratoria\/psem\/psem-01-1024x768.jpg)\">\r\n                        <span>wi\u0119cej<\/span>\r\n                        <div class=\"blocks__bottom\">\r\n                        <div class=\"blocks__title\">Pracownia Skaningowej Mikroskopii Elektronowej<\/div>\r\n                        \r\n                        <\/div>\r\n                     <\/a>\r\n                  \r\n                     <a href=\"\/instytut\/iim\/nauka-badania\/laboratoria-pracownie\/pracownia-technologii-ceramiki\/\" class=\"thumbnail blocks__item\" style=\"background-image: url(https:\/\/us.edu.pl\/instytut\/iim\/wp-content\/uploads\/sites\/42\/obrazy-strony\/laboratoria\/ptcer\/ptcer-01-699x1024.jpg)\">\r\n                        <span>wi\u0119cej<\/span>\r\n                        <div class=\"blocks__bottom\">\r\n                        <div class=\"blocks__title\">Pracownia Technologii Ceramiki<\/div>\r\n                        \r\n                        <\/div>\r\n                     <\/a>\r\n                  \r\n                     <a href=\"\/instytut\/iim\/nauka-badania\/laboratoria-pracownie\/pracownia-termoanalizy\/\" class=\"thumbnail blocks__item\" style=\"background-image: url(https:\/\/us.edu.pl\/instytut\/iim\/wp-content\/uploads\/sites\/42\/obrazy-strony\/laboratoria\/pterma\/pterma-02-1024x768.jpg)\">\r\n                        <span>wi\u0119cej<\/span>\r\n                        <div class=\"blocks__bottom\">\r\n                        <div class=\"blocks__title\">Pracownia Termoanalizy<\/div>\r\n                        \r\n                        <\/div>\r\n                     <\/a><\/div>     \r\n               <\/div>\r\n            <\/div>[\/vc_tta_section][\/vc_tta_tabs][\/vc_column][\/vc_row]<\/p>","protected":false},"excerpt":{"rendered":"<p>[vc_row css_animation=&#8221;none&#8221;][vc_column el_class=&#8221;container&#8221;][vc_message color=&#8221;info&#8221; css_animation=&#8221;none&#8221;]Informacja w sprawie promieniowania jonizujacego[\/vc_message][vc_hoverbox image=&#8221;1208&#8243; primary_title=&#8221;Akredytowany Zesp\u00f3\u0142 Laboratori\u00f3w Badawczych&#8221; primary_align=&#8221;right&#8221; hover_title=&#8221;Akredytowany Zesp\u00f3\u0142 Laboratori\u00f3w Badawczych&#8221; hover_align=&#8221;left&#8221; hover_background_color=&#8221;white&#8221; hover_btn_title=&#8221;Wi\u0119cej &#8230;&#8221; hover_btn_style=&#8221;outline&#8221; hover_btn_color=&#8221;primary&#8221; hover_add_button=&#8221;true&#8221; hover_btn_link=&#8221;url:https%3A%2F%2Fus.edu.pl%2Finstytut%2Fiim%2Fnauka-badania%2Flaboratoria-pracownie%2Flaboratoria-akredytowane%2F|title:%5B%3Apl%5DLaboratoria%20akredytowane%5B%3A%5D&#8221; css=&#8221;.vc_custom_1767881966368{border-top-width: 1px !important;border-right-width: 1px !important;border-bottom-width: 1px !important;border-left-width: 1px !important;border-left-color: #e5e5e5 !important;border-left-style: solid !important;border-right-color: #e5e5e5 !important;border-right-style: solid !important;border-top-color: #e5e5e5 !important;border-top-style: solid !important;border-bottom-color: #e5e5e5 !important;border-bottom-style: solid !important;border-radius: 5px !important;}&#8221;] Laboratorium [&#8230;]<\/p>\n<p><a class=\"btn btn-secondary understrap-read-more-link\" href=\"https:\/\/us.edu.pl\/instytut\/iim\/nauka-badania\/laboratoria-pracownie\/\">Read More&#8230;<\/a><\/p>\n","protected":false},"author":825,"featured_media":0,"parent":600,"menu_order":4,"comment_status":"closed","ping_status":"closed","template":"page-templates\/inner-page.php","meta":{"_expiration-date-status":"","_expiration-date":0,"_expiration-date-type":"","_expiration-date-categories":[],"_expiration-date-options":[]},"acf":[],"_links":{"self":[{"href":"https:\/\/us.edu.pl\/instytut\/iim\/wp-json\/wp\/v2\/pages\/691"}],"collection":[{"href":"https:\/\/us.edu.pl\/instytut\/iim\/wp-json\/wp\/v2\/pages"}],"about":[{"href":"https:\/\/us.edu.pl\/instytut\/iim\/wp-json\/wp\/v2\/types\/page"}],"author":[{"embeddable":true,"href":"https:\/\/us.edu.pl\/instytut\/iim\/wp-json\/wp\/v2\/users\/825"}],"replies":[{"embeddable":true,"href":"https:\/\/us.edu.pl\/instytut\/iim\/wp-json\/wp\/v2\/comments?post=691"}],"version-history":[{"count":10,"href":"https:\/\/us.edu.pl\/instytut\/iim\/wp-json\/wp\/v2\/pages\/691\/revisions"}],"predecessor-version":[{"id":4539,"href":"https:\/\/us.edu.pl\/instytut\/iim\/wp-json\/wp\/v2\/pages\/691\/revisions\/4539"}],"up":[{"embeddable":true,"href":"https:\/\/us.edu.pl\/instytut\/iim\/wp-json\/wp\/v2\/pages\/600"}],"wp:attachment":[{"href":"https:\/\/us.edu.pl\/instytut\/iim\/wp-json\/wp\/v2\/media?parent=691"}],"curies":[{"name":"wp","href":"https:\/\/api.w.org\/{rel}","templated":true}]}}